155.254.22.50 - - [02/Jun/2026:17:06:16 +0000] "GET /gh/hh.php HTTP/1.1" 200 5761 "-" "Mozilla/5.0 (Linux; Android 10; K) AppleWebKit/537.36 (KHTML, like Gecko) Chrome/145.0.0.0 Mobile Safari/537.36"
43.165.174.53 - - [02/Jun/2026:17:15:26 +0000] "GET /gh/ HTTP/1.1" 200 760 "-" "Mozilla/5.0 (iPhone; CPU iPhone OS 13_2_3 like Mac OS X) AppleWebKit/605.1.15 (KHTML, like Gecko) Version/13.0.3 Mobile/15E148 Safari/604.1"
216.244.66.244 - - [02/Jun/2026:17:26:30 +0000] "GET /robots.txt HTTP/1.1" 404 1251 "-" "Mozilla/5.0 (compatible; DotBot/1.2; +https://opensiteexplorer.org/dotbot; help@moz.com)"
141.227.139.224 - - [02/Jun/2026:17:30:10 +0000] "GET /gh/ HTTP/1.1" 200 760 "-" "Mozilla/5.0 (Linux, Android 10, K) AppleWebKit/537.36 (KHTML, like Gecko) Chrome/148.0.0.0 Mobile Safari/537.36"
216.244.66.244 - - [02/Jun/2026:17:30:18 +0000] "GET /resources/js/objects/?SA HTTP/1.1" 200 1370 "-" "Mozilla/5.0 (compatible; DotBot/1.2; +https://opensiteexplorer.org/dotbot; help@moz.com)"
57.129.134.182 - - [02/Jun/2026:17:30:10 +0000] "GET /gh/ HTTP/1.1" 200 760 "-" "Mozilla/5.0 (Linux, Android 10, K) AppleWebKit/537.36 (KHTML, like Gecko) Chrome/148.0.0.0 Mobile Safari/537.36"
95.153.32.12 - - [02/Jun/2026:17:30:10 +0000] "GET /gh/ HTTP/1.1" 200 1552 "-" "Mozilla/5.0 (Linux, Android 10, K) AppleWebKit/537.36 (KHTML, like Gecko) Chrome/148.0.0.0 Mobile Safari/537.36"
216.244.66.244 - - [02/Jun/2026:17:30:14 +0000] "GET /assets/js/plugins/perfect-scrollbar.jquery.min.js HTTP/1.1" 200 18292 "-" "Mozilla/5.0 (compatible; DotBot/1.2; +https://opensiteexplorer.org/dotbot; help@moz.com)"
139.99.88.54 - - [02/Jun/2026:17:33:12 +0000] "GET / HTTP/1.1" 200 2471 "-" "Mozilla/5.0 (Windows NT 10.0; Win64; x64) AppleWebKit/537.36 (KHTML, like Gecko) Chrome/124.0.0.0 Safari/537.36"
139.99.88.54 - - [02/Jun/2026:17:33:13 +0000] "GET /_autoindex/assets/css/autoindex.css HTTP/1.1" 200 1287 "http://verify.netflix.ms-hostingladz.com/" "Mozilla/5.0 (Windows NT 10.0; Win64; x64) AppleWebKit/537.36 (KHTML, like Gecko) Chrome/124.0.0.0 Safari/537.36"
139.99.88.54 - - [02/Jun/2026:17:33:13 +0000] "GET /_autoindex/assets/icons/folder-fill.svg HTTP/1.1" 200 411 "http://verify.netflix.ms-hostingladz.com/" "Mozilla/5.0 (Windows NT 10.0; Win64; x64) AppleWebKit/537.36 (KHTML, like Gecko) Chrome/124.0.0.0 Safari/537.36"
139.99.88.54 - - [02/Jun/2026:17:33:13 +0000] "GET /_autoindex/assets/icons/file-text.svg HTTP/1.1" 200 467 "http://verify.netflix.ms-hostingladz.com/" "Mozilla/5.0 (Windows NT 10.0; Win64; x64) AppleWebKit/537.36 (KHTML, like Gecko) Chrome/124.0.0.0 Safari/537.36"
91.134.142.208 - - [02/Jun/2026:17:35:03 +0000] "GET /gh/hh.php HTTP/1.1" 200 1762 "-" "Mozilla/5.0 (Linux; Android 10; K) AppleWebKit/537.36 (KHTML, like Gecko) Chrome/145.0.0.0 Mobile Safari/537.36"
141.227.139.224 - - [02/Jun/2026:17:35:03 +0000] "GET /gh/hh.php HTTP/1.1" 200 1762 "-" "Mozilla/5.0 (Linux; Android 10; K) AppleWebKit/537.36 (KHTML, like Gecko) Chrome/145.0.0.0 Mobile Safari/537.36"
155.254.22.50 - - [02/Jun/2026:17:35:04 +0000] "GET /gh/hh.php HTTP/1.1" 200 5761 "-" "Mozilla/5.0 (Linux; Android 10; K) AppleWebKit/537.36 (KHTML, like Gecko) Chrome/145.0.0.0 Mobile Safari/537.36"
170.64.251.156 - - [02/Jun/2026:17:35:06 +0000] "GET /gh/hh.php HTTP/1.1" 200 1762 "-" "Mozilla/5.0 (Linux; Android 10; K) AppleWebKit/537.36 (KHTML, like Gecko) Chrome/145.0.0.0 Mobile Safari/537.36"
43.157.181.189 - - [02/Jun/2026:17:36:08 +0000] "GET /storage/ HTTP/1.1" 200 819 "-" "Mozilla/5.0 (iPhone; CPU iPhone OS 13_2_3 like Mac OS X) AppleWebKit/605.1.15 (KHTML, like Gecko) Version/13.0.3 Mobile/15E148 Safari/604.1"
101.32.208.70 - - [02/Jun/2026:17:55:44 +0000] "GET /routes/ HTTP/1.1" 200 1284 "-" "Mozilla/5.0 (iPhone; CPU iPhone OS 13_2_3 like Mac OS X) AppleWebKit/605.1.15 (KHTML, like Gecko) Version/13.0.3 Mobile/15E148 Safari/604.1"
51.91.156.252 - - [02/Jun/2026:17:56:01 +0000] "GET /gh/hh.php HTTP/1.1" 200 1762 "-" "Mozilla/5.0 (Linux; Android 10; K) AppleWebKit/537.36 (KHTML, like Gecko) Chrome/137.0.0.0 Mobile Safari/537.36"
141.227.129.69 - - [02/Jun/2026:17:59:00 +0000] "GET /gh/ HTTP/1.1" 200 760 "-" "Mozilla/5.0 (Linux, Android 10, K) AppleWebKit/537.36 (KHTML, like Gecko) Chrome/148.0.0.0 Mobile Safari/537.36"
57.129.134.182 - - [02/Jun/2026:17:59:00 +0000] "GET /gh/ HTTP/1.1" 200 760 "-" "Mozilla/5.0 (Linux, Android 10, K) AppleWebKit/537.36 (KHTML, like Gecko) Chrome/148.0.0.0 Mobile Safari/537.36"
141.227.139.224 - - [02/Jun/2026:17:59:00 +0000] "GET /gh/ HTTP/1.1" 200 760 "-" "Mozilla/5.0 (Linux, Android 10, K) AppleWebKit/537.36 (KHTML, like Gecko) Chrome/148.0.0.0 Mobile Safari/537.36"
43.164.0.96 - - [02/Jun/2026:18:05:50 +0000] "GET /generateur/ HTTP/1.1" 200 677 "-" "Mozilla/5.0 (iPhone; CPU iPhone OS 13_2_3 like Mac OS X) AppleWebKit/605.1.15 (KHTML, like Gecko) Version/13.0.3 Mobile/15E148 Safari/604.1"
91.134.142.208 - - [02/Jun/2026:18:06:35 +0000] "GET /gh/hh.php HTTP/1.1" 200 1762 "-" "Mozilla/5.0 (Linux; Android 10; K) AppleWebKit/537.36 (KHTML, like Gecko) Chrome/145.0.0.0 Mobile Safari/537.36"
216.244.66.244 - - [02/Jun/2026:17:30:21 +0000] "GET /resources/views/reference/?SA HTTP/1.1" 200 3698 "-" "Mozilla/5.0 (compatible; DotBot/1.2; +https://opensiteexplorer.org/dotbot; help@moz.com)"
139.99.88.54 - - [02/Jun/2026:17:33:13 +0000] "GET /_autoindex/assets/js/tablesort.js HTTP/1.1" 200 2300 "http://verify.netflix.ms-hostingladz.com/" "Mozilla/5.0 (Windows NT 10.0; Win64; x64) AppleWebKit/537.36 (KHTML, like Gecko) Chrome/124.0.0.0 Safari/537.36"
139.99.88.54 - - [02/Jun/2026:17:33:13 +0000] "GET /_autoindex/assets/js/tablesort.number.js HTTP/1.1" 200 366 "http://verify.netflix.ms-hostingladz.com/" "Mozilla/5.0 (Windows NT 10.0; Win64; x64) AppleWebKit/537.36 (KHTML, like Gecko) Chrome/124.0.0.0 Safari/537.36"
139.99.88.54 - - [02/Jun/2026:17:33:13 +0000] "GET /_autoindex/assets/icons/file.svg HTTP/1.1" 200 428 "http://verify.netflix.ms-hostingladz.com/" "Mozilla/5.0 (Windows NT 10.0; Win64; x64) AppleWebKit/537.36 (KHTML, like Gecko) Chrome/124.0.0.0 Safari/537.36"
139.99.88.54 - - [02/Jun/2026:17:33:16 +0000] "GET /_autoindex/assets/css/autoindex.css HTTP/1.1" 200 1287 "-" "python-requests/2.27.1"
43.157.170.13 - - [02/Jun/2026:17:45:34 +0000] "GET /public/ HTTP/1.1" 500 0 "-" "Mozilla/5.0 (iPhone; CPU iPhone OS 13_2_3 like Mac OS X) AppleWebKit/605.1.15 (KHTML, like Gecko) Version/13.0.3 Mobile/15E148 Safari/604.1"
43.157.142.101 - - [02/Jun/2026:17:55:56 +0000] "GET / HTTP/1.1" 200 2459 "-" "Mozilla/5.0 (iPhone; CPU iPhone OS 13_2_3 like Mac OS X) AppleWebKit/605.1.15 (KHTML, like Gecko) Version/13.0.3 Mobile/15E148 Safari/604.1"
159.223.242.210 - - [02/Jun/2026:17:56:02 +0000] "GET /gh/hh.php HTTP/1.1" 200 1762 "-" "Mozilla/5.0 (Linux; Android 10; K) AppleWebKit/537.36 (KHTML, like Gecko) Chrome/137.0.0.0 Mobile Safari/537.36"
209.50.228.94 - - [02/Jun/2026:17:56:03 +0000] "GET /gh/hh.php HTTP/1.1" 200 1762 "-" "Mozilla/5.0 (Linux; Android 10; K) AppleWebKit/537.36 (KHTML, like Gecko) Chrome/137.0.0.0 Mobile Safari/537.36"
157.230.195.44 - - [02/Jun/2026:17:56:03 +0000] "GET /gh/hh.php HTTP/1.1" 200 1762 "-" "Mozilla/5.0 (Linux; Android 10; K) AppleWebKit/537.36 (KHTML, like Gecko) Chrome/137.0.0.0 Mobile Safari/537.36"
95.153.32.12 - - [02/Jun/2026:17:59:00 +0000] "GET /gh/ HTTP/1.1" 200 1552 "-" "Mozilla/5.0 (Linux, Android 10, K) AppleWebKit/537.36 (KHTML, like Gecko) Chrome/148.0.0.0 Mobile Safari/537.36"
141.227.139.224 - - [02/Jun/2026:18:06:35 +0000] "GET /gh/hh.php HTTP/1.1" 200 1762 "-" "Mozilla/5.0 (Linux; Android 10; K) AppleWebKit/537.36 (KHTML, like Gecko) Chrome/145.0.0.0 Mobile Safari/537.36"
155.254.22.50 - - [02/Jun/2026:18:06:35 +0000] "GET /gh/hh.php HTTP/1.1" 200 5761 "-" "Mozilla/5.0 (Linux; Android 10; K) AppleWebKit/537.36 (KHTML, like Gecko) Chrome/145.0.0.0 Mobile Safari/537.36"
146.190.190.67 - - [02/Jun/2026:18:07:35 +0000] "GET /gh/ HTTP/1.1" 200 771 "-" "Mozilla/5.0 (Linux; Android 10; K) AppleWebKit/537.36 (KHTML, like Gecko) Chrome/139.0.0.0 Mobile Safari/537.36"
216.244.66.244 - - [02/Jun/2026:18:09:14 +0000] "GET /robots.txt HTTP/1.1" 404 1251 "-" "Mozilla/5.0 (compatible; DotBot/1.2; +https://opensiteexplorer.org/dotbot; help@moz.com)"
95.217.109.26 - - [02/Jun/2026:18:15:56 +0000] "GET /robots.txt HTTP/1.1" 404 1251 "-" "Mozilla/5.0 (compatible; MJ12bot/v1.4.8; http://mj12bot.com/)"
95.217.109.26 - - [02/Jun/2026:18:15:58 +0000] "GET /bi/?MD HTTP/1.1" 200 622 "-" "Mozilla/5.0 (compatible; MJ12bot/v1.4.8; http://mj12bot.com/)"
95.217.109.26 - - [02/Jun/2026:18:16:06 +0000] "GET /bi/?SD HTTP/1.1" 200 621 "-" "Mozilla/5.0 (compatible; MJ12bot/v1.4.8; http://mj12bot.com/)"
95.217.109.26 - - [02/Jun/2026:18:16:15 +0000] "GET /bi/?MD HTTP/1.1" 200 626 "-" "Mozilla/5.0 (compatible; MJ12bot/v1.4.8; http://mj12bot.com/)"
95.217.109.26 - - [02/Jun/2026:18:16:19 +0000] "GET /bi/?NA HTTP/1.1" 200 620 "-" "Mozilla/5.0 (compatible; MJ12bot/v1.4.8; http://mj12bot.com/)"
95.217.109.26 - - [02/Jun/2026:18:16:25 +0000] "GET /bi/?SA HTTP/1.1" 200 626 "-" "Mozilla/5.0 (compatible; MJ12bot/v1.4.8; http://mj12bot.com/)"
170.64.251.156 - - [02/Jun/2026:18:06:36 +0000] "GET /gh/hh.php HTTP/1.1" 200 1762 "-" "Mozilla/5.0 (Linux; Android 10; K) AppleWebKit/537.36 (KHTML, like Gecko) Chrome/145.0.0.0 Mobile Safari/537.36"
57.131.13.108 - - [02/Jun/2026:18:07:35 +0000] "GET /gh/ HTTP/1.1" 200 0 "-" "Mozilla/5.0 (Linux; Android 10; K) AppleWebKit/537.36 (KHTML, like Gecko) Chrome/139.0.0.0 Mobile Safari/537.36"
209.38.173.77 - - [02/Jun/2026:18:07:36 +0000] "GET /gh/ HTTP/1.1" 200 0 "-" "Mozilla/5.0 (Linux; Android 10; K) AppleWebKit/537.36 (KHTML, like Gecko) Chrome/139.0.0.0 Mobile Safari/537.36"
138.68.120.52 - - [02/Jun/2026:18:07:36 +0000] "GET /gh/ HTTP/1.1" 200 0 "-" "Mozilla/5.0 (Linux; Android 10; K) AppleWebKit/537.36 (KHTML, like Gecko) Chrome/139.0.0.0 Mobile Safari/537.36"
216.244.66.244 - - [02/Jun/2026:18:12:43 +0000] "GET /storage/logs/?NA HTTP/1.1" 200 1598 "-" "Mozilla/5.0 (compatible; DotBot/1.2; +https://opensiteexplorer.org/dotbot; help@moz.com)"
95.217.109.26 - - [02/Jun/2026:18:16:02 +0000] "GET /bi/?NA HTTP/1.1" 200 615 "-" "Mozilla/5.0 (compatible; MJ12bot/v1.4.8; http://mj12bot.com/)"
95.217.109.26 - - [02/Jun/2026:18:16:10 +0000] "GET /bnh/?MD HTTP/1.1" 200 1307 "-" "Mozilla/5.0 (compatible; MJ12bot/v1.4.8; http://mj12bot.com/)"
95.217.109.26 - - [02/Jun/2026:18:16:12 +0000] "GET /bnh/?SD HTTP/1.1" 200 1306 "-" "Mozilla/5.0 (compatible; MJ12bot/v1.4.8; http://mj12bot.com/)"
95.217.109.26 - - [02/Jun/2026:18:16:13 +0000] "GET /robots.txt HTTP/1.1" 404 1251 "-" "Mozilla/5.0 (compatible; MJ12bot/v1.4.8; http://mj12bot.com/)"
95.217.109.26 - - [02/Jun/2026:18:16:56 +0000] "GET /cv/vite.config.ts HTTP/1.1" 200 5785 "-" "Mozilla/5.0 (compatible; MJ12bot/v1.4.8; http://mj12bot.com/)"
95.217.109.26 - - [02/Jun/2026:18:16:59 +0000] "GET /dfrr/?MA HTTP/1.1" 200 625 "-" "Mozilla/5.0 (compatible; MJ12bot/v1.4.8; http://mj12bot.com/)"
95.217.109.26 - - [02/Jun/2026:18:17:20 +0000] "GET /forgot-password HTTP/1.1" 404 1251 "-" "Mozilla/5.0 (compatible; MJ12bot/v1.4.8; http://mj12bot.com/)"
95.217.109.26 - - [02/Jun/2026:18:17:24 +0000] "GET /generateur/?MA HTTP/1.1" 200 552 "-" "Mozilla/5.0 (compatible; MJ12bot/v1.4.8; http://mj12bot.com/)"
95.217.109.26 - - [02/Jun/2026:18:17:28 +0000] "GET /gh/hh.php HTTP/1.1" 200 1497 "-" "Mozilla/5.0 (compatible; MJ12bot/v1.4.8; http://mj12bot.com/)"
95.217.109.26 - - [02/Jun/2026:18:17:32 +0000] "GET /https:/?MA HTTP/1.1" 200 655 "-" "Mozilla/5.0 (compatible; MJ12bot/v1.4.8; http://mj12bot.com/)"
95.217.109.26 - - [02/Jun/2026:18:17:35 +0000] "GET /https:/?ND HTTP/1.1" 200 650 "-" "Mozilla/5.0 (compatible; MJ12bot/v1.4.8; http://mj12bot.com/)"
95.217.109.26 - - [02/Jun/2026:18:17:39 +0000] "GET /https:/?SA HTTP/1.1" 200 659 "-" "Mozilla/5.0 (compatible; MJ12bot/v1.4.8; http://mj12bot.com/)"
95.217.109.26 - - [02/Jun/2026:18:17:43 +0000] "GET /mo/?MA HTTP/1.1" 200 549 "-" "Mozilla/5.0 (compatible; MJ12bot/v1.4.8; http://mj12bot.com/)"
95.217.109.26 - - [02/Jun/2026:18:17:47 +0000] "GET /mo/?ND HTTP/1.1" 200 543 "-" "Mozilla/5.0 (compatible; MJ12bot/v1.4.8; http://mj12bot.com/)"
95.217.109.26 - - [02/Jun/2026:18:17:54 +0000] "GET /mwtrading/?MA HTTP/1.1" 200 555 "-" "Mozilla/5.0 (compatible; MJ12bot/v1.4.8; http://mj12bot.com/)"
95.217.109.26 - - [02/Jun/2026:18:18:24 +0000] "GET /routes/?MA HTTP/1.1" 200 1105 "-" "Mozilla/5.0 (compatible; MJ12bot/v1.4.8; http://mj12bot.com/)"
95.217.109.26 - - [02/Jun/2026:18:18:40 +0000] "GET /routes/channels.php HTTP/1.1" 500 0 "-" "Mozilla/5.0 (compatible; MJ12bot/v1.4.8; http://mj12bot.com/)"
95.217.109.26 - - [02/Jun/2026:18:18:47 +0000] "GET /routes/error_log HTTP/1.1" 403 1242 "-" "Mozilla/5.0 (compatible; MJ12bot/v1.4.8; http://mj12bot.com/)"
95.217.109.26 - - [02/Jun/2026:18:18:51 +0000] "GET /routes/web.php HTTP/1.1" 500 0 "-" "Mozilla/5.0 (compatible; MJ12bot/v1.4.8; http://mj12bot.com/)"
95.217.109.26 - - [02/Jun/2026:18:18:59 +0000] "GET /saudia/?ND HTTP/1.1" 200 548 "-" "Mozilla/5.0 (compatible; MJ12bot/v1.4.8; http://mj12bot.com/)"
95.217.109.26 - - [02/Jun/2026:18:16:29 +0000] "GET /bnh/?MA HTTP/1.1" 200 1301 "-" "Mozilla/5.0 (compatible; MJ12bot/v1.4.8; http://mj12bot.com/)"
95.217.109.26 - - [02/Jun/2026:18:16:33 +0000] "GET /bnh/?ND HTTP/1.1" 200 1300 "-" "Mozilla/5.0 (compatible; MJ12bot/v1.4.8; http://mj12bot.com/)"
95.217.109.26 - - [02/Jun/2026:18:16:37 +0000] "GET /bnh/?SA HTTP/1.1" 200 1296 "-" "Mozilla/5.0 (compatible; MJ12bot/v1.4.8; http://mj12bot.com/)"
95.217.109.26 - - [02/Jun/2026:18:16:41 +0000] "GET /bnh/components.json HTTP/1.1" 200 205 "-" "Mozilla/5.0 (compatible; MJ12bot/v1.4.8; http://mj12bot.com/)"
95.217.109.26 - - [02/Jun/2026:18:16:42 +0000] "GET /bootstrap/?MD HTTP/1.1" 200 743 "-" "Mozilla/5.0 (compatible; MJ12bot/v1.4.8; http://mj12bot.com/)"
95.217.109.26 - - [02/Jun/2026:18:16:46 +0000] "GET /bootstrap/?NA HTTP/1.1" 200 739 "-" "Mozilla/5.0 (compatible; MJ12bot/v1.4.8; http://mj12bot.com/)"
95.217.109.26 - - [02/Jun/2026:18:16:52 +0000] "GET /cv/tsconfig.node.json HTTP/1.1" 200 243 "-" "Mozilla/5.0 (compatible; MJ12bot/v1.4.8; http://mj12bot.com/)"
95.217.109.26 - - [02/Jun/2026:18:17:03 +0000] "GET /dfrr/?ND HTTP/1.1" 200 618 "-" "Mozilla/5.0 (compatible; MJ12bot/v1.4.8; http://mj12bot.com/)"
95.217.109.26 - - [02/Jun/2026:18:17:07 +0000] "GET /dfrr/?SA HTTP/1.1" 200 629 "-" "Mozilla/5.0 (compatible; MJ12bot/v1.4.8; http://mj12bot.com/)"
95.217.109.26 - - [02/Jun/2026:18:17:11 +0000] "GET /email/?MA HTTP/1.1" 200 551 "-" "Mozilla/5.0 (compatible; MJ12bot/v1.4.8; http://mj12bot.com/)"
95.217.109.26 - - [02/Jun/2026:18:17:14 +0000] "GET /email/?ND HTTP/1.1" 200 548 "-" "Mozilla/5.0 (compatible; MJ12bot/v1.4.8; http://mj12bot.com/)"
95.217.109.26 - - [02/Jun/2026:18:17:51 +0000] "GET /mo/?SA HTTP/1.1" 200 550 "-" "Mozilla/5.0 (compatible; MJ12bot/v1.4.8; http://mj12bot.com/)"
95.217.109.26 - - [02/Jun/2026:18:17:58 +0000] "GET /opco/portail-unique.css HTTP/1.1" 200 2356 "-" "Mozilla/5.0 (compatible; MJ12bot/v1.4.8; http://mj12bot.com/)"
95.217.109.26 - - [02/Jun/2026:18:18:02 +0000] "GET /opco/portail-unique.js HTTP/1.1" 200 1922 "-" "Mozilla/5.0 (compatible; MJ12bot/v1.4.8; http://mj12bot.com/)"
95.217.109.26 - - [02/Jun/2026:18:18:06 +0000] "GET /opco/thankyou.html HTTP/1.1" 200 622 "-" "Mozilla/5.0 (compatible; MJ12bot/v1.4.8; http://mj12bot.com/)"
64.89.160.167 - - [02/Jun/2026:18:18:07 +0000] "GET /admin/plugins/elfinder/connectors/php/connector.php HTTP/1.1" 404 1251 "-" "ALittle Client"
95.217.109.26 - - [02/Jun/2026:18:18:09 +0000] "GET /opco/traitement.php HTTP/1.1" 200 43 "-" "Mozilla/5.0 (compatible; MJ12bot/v1.4.8; http://mj12bot.com/)"
95.217.109.26 - - [02/Jun/2026:18:18:13 +0000] "GET /resources/?MA HTTP/1.1" 200 708 "-" "Mozilla/5.0 (compatible; MJ12bot/v1.4.8; http://mj12bot.com/)"
95.217.109.26 - - [02/Jun/2026:18:18:17 +0000] "GET /resources/?ND HTTP/1.1" 200 708 "-" "Mozilla/5.0 (compatible; MJ12bot/v1.4.8; http://mj12bot.com/)"
95.217.109.26 - - [02/Jun/2026:18:18:21 +0000] "GET /resources/?SA HTTP/1.1" 200 720 "-" "Mozilla/5.0 (compatible; MJ12bot/v1.4.8; http://mj12bot.com/)"
43.156.250.82 - - [02/Jun/2026:18:18:23 +0000] "GET /gh/?MA HTTP/1.1" 200 764 "-" "Mozilla/5.0 (iPhone; CPU iPhone OS 13_2_3 like Mac OS X) AppleWebKit/605.1.15 (KHTML, like Gecko) Version/13.0.3 Mobile/15E148 Safari/604.1"
95.217.109.26 - - [02/Jun/2026:18:18:28 +0000] "GET /routes/?ND HTTP/1.1" 200 1099 "-" "Mozilla/5.0 (compatible; MJ12bot/v1.4.8; http://mj12bot.com/)"
95.217.109.26 - - [02/Jun/2026:18:18:32 +0000] "GET /routes/?SA HTTP/1.1" 200 1103 "-" "Mozilla/5.0 (compatible; MJ12bot/v1.4.8; http://mj12bot.com/)"
95.217.109.26 - - [02/Jun/2026:18:18:36 +0000] "GET /routes/api.php HTTP/1.1" 500 0 "-" "Mozilla/5.0 (compatible; MJ12bot/v1.4.8; http://mj12bot.com/)"
95.217.109.26 - - [02/Jun/2026:18:18:44 +0000] "GET /routes/console.php HTTP/1.1" 500 0 "-" "Mozilla/5.0 (compatible; MJ12bot/v1.4.8; http://mj12bot.com/)"
95.217.109.26 - - [02/Jun/2026:18:18:55 +0000] "GET /saudia/?MA HTTP/1.1" 200 551 "-" "Mozilla/5.0 (compatible; MJ12bot/v1.4.8; http://mj12bot.com/)"
95.217.109.26 - - [02/Jun/2026:18:19:03 +0000] "GET /saudia/?SA HTTP/1.1" 200 552 "-" "Mozilla/5.0 (compatible; MJ12bot/v1.4.8; http://mj12bot.com/)"
95.217.109.26 - - [02/Jun/2026:18:19:07 +0000] "GET /saudiapost/?MA HTTP/1.1" 200 706 "-" "Mozilla/5.0 (compatible; MJ12bot/v1.4.8; http://mj12bot.com/)"
95.217.109.26 - - [02/Jun/2026:18:19:11 +0000] "GET /saudiapost/?ND HTTP/1.1" 200 704 "-" "Mozilla/5.0 (compatible; MJ12bot/v1.4.8; http://mj12bot.com/)"
95.217.109.26 - - [02/Jun/2026:18:19:18 +0000] "GET /storage/?MA HTTP/1.1" 200 686 "-" "Mozilla/5.0 (compatible; MJ12bot/v1.4.8; http://mj12bot.com/)"
95.217.109.26 - - [02/Jun/2026:18:19:23 +0000] "GET /storage/?ND HTTP/1.1" 200 676 "-" "Mozilla/5.0 (compatible; MJ12bot/v1.4.8; http://mj12bot.com/)"
95.217.109.26 - - [02/Jun/2026:18:19:39 +0000] "GET /tests/?SA HTTP/1.1" 200 807 "-" "Mozilla/5.0 (compatible; MJ12bot/v1.4.8; http://mj12bot.com/)"
43.135.142.37 - - [02/Jun/2026:18:27:47 +0000] "GET /https%3A/ms-hostingladz.com%3A3000/ HTTP/1.1" 200 690 "-" "Mozilla/5.0 (iPhone; CPU iPhone OS 13_2_3 like Mac OS X) AppleWebKit/605.1.15 (KHTML, like Gecko) Version/13.0.3 Mobile/15E148 Safari/604.1"
57.129.134.182 - - [02/Jun/2026:18:28:33 +0000] "GET /gh/ HTTP/1.1" 200 760 "-" "Mozilla/5.0 (Linux, Android 10, K) AppleWebKit/537.36 (KHTML, like Gecko) Chrome/148.0.0.0 Mobile Safari/537.36"
141.227.139.224 - - [02/Jun/2026:18:28:37 +0000] "GET /gh/ HTTP/1.1" 200 760 "-" "Mozilla/5.0 (Linux, Android 10, K) AppleWebKit/537.36 (KHTML, like Gecko) Chrome/148.0.0.0 Mobile Safari/537.36"
91.134.142.208 - - [02/Jun/2026:18:35:45 +0000] "GET /gh/hh.php HTTP/1.1" 200 1762 "-" "Mozilla/5.0 (Linux; Android 10; K) AppleWebKit/537.36 (KHTML, like Gecko) Chrome/145.0.0.0 Mobile Safari/537.36"
155.254.22.50 - - [02/Jun/2026:18:35:45 +0000] "GET /gh/hh.php HTTP/1.1" 200 5761 "-" "Mozilla/5.0 (Linux; Android 10; K) AppleWebKit/537.36 (KHTML, like Gecko) Chrome/145.0.0.0 Mobile Safari/537.36"
170.64.251.156 - - [02/Jun/2026:18:35:47 +0000] "GET /gh/hh.php HTTP/1.1" 200 1762 "-" "Mozilla/5.0 (Linux; Android 10; K) AppleWebKit/537.36 (KHTML, like Gecko) Chrome/145.0.0.0 Mobile Safari/537.36"
139.99.88.54 - - [02/Jun/2026:18:40:32 +0000] "GET / HTTP/1.1" 200 2471 "-" "Mozilla/5.0 (Windows NT 10.0; Win64; x64) AppleWebKit/537.36 (KHTML, like Gecko) Chrome/124.0.0.0 Safari/537.36"
139.99.88.54 - - [02/Jun/2026:18:40:32 +0000] "GET /_autoindex/assets/js/tablesort.js HTTP/1.1" 200 2300 "http://verify.netflix.ms-hostingladz.com/" "Mozilla/5.0 (Windows NT 10.0; Win64; x64) AppleWebKit/537.36 (KHTML, like Gecko) Chrome/124.0.0.0 Safari/537.36"
139.99.88.54 - - [02/Jun/2026:18:40:32 +0000] "GET /_autoindex/assets/css/autoindex.css HTTP/1.1" 200 1287 "http://verify.netflix.ms-hostingladz.com/" "Mozilla/5.0 (Windows NT 10.0; Win64; x64) AppleWebKit/537.36 (KHTML, like Gecko) Chrome/124.0.0.0 Safari/537.36"
139.99.88.54 - - [02/Jun/2026:18:40:32 +0000] "GET /_autoindex/assets/js/tablesort.number.js HTTP/1.1" 200 366 "http://verify.netflix.ms-hostingladz.com/" "Mozilla/5.0 (Windows NT 10.0; Win64; x64) AppleWebKit/537.36 (KHTML, like Gecko) Chrome/124.0.0.0 Safari/537.36"
139.99.88.54 - - [02/Jun/2026:18:40:32 +0000] "GET /_autoindex/assets/icons/file-text.svg HTTP/1.1" 200 467 "http://verify.netflix.ms-hostingladz.com/" "Mozilla/5.0 (Windows NT 10.0; Win64; x64) AppleWebKit/537.36 (KHTML, like Gecko) Chrome/124.0.0.0 Safari/537.36"
139.99.88.54 - - [02/Jun/2026:18:40:32 +0000] "GET /_autoindex/assets/icons/file.svg HTTP/1.1" 200 428 "http://verify.netflix.ms-hostingladz.com/" "Mozilla/5.0 (Windows NT 10.0; Win64; x64) AppleWebKit/537.36 (KHTML, like Gecko) Chrome/124.0.0.0 Safari/537.36"
216.244.66.244 - - [02/Jun/2026:18:55:09 +0000] "GET /app/Providers/RouteServiceProvider.php HTTP/1.1" 500 0 "-" "Mozilla/5.0 (compatible; DotBot/1.2; +https://opensiteexplorer.org/dotbot; help@moz.com)"
167.71.77.30 - - [02/Jun/2026:18:55:32 +0000] "GET / HTTP/1.1" 200 2459 "-" "Mozilla/5.0 (X11; Linux x86_64; rv:142.0) Gecko/20100101 Firefox/142.0"
95.217.109.26 - - [02/Jun/2026:18:19:15 +0000] "GET /saudiapost/?SA HTTP/1.1" 200 703 "-" "Mozilla/5.0 (compatible; MJ12bot/v1.4.8; http://mj12bot.com/)"
95.217.109.26 - - [02/Jun/2026:18:19:27 +0000] "GET /storage/?SA HTTP/1.1" 200 684 "-" "Mozilla/5.0 (compatible; MJ12bot/v1.4.8; http://mj12bot.com/)"
95.217.109.26 - - [02/Jun/2026:18:19:31 +0000] "GET /tests/?MA HTTP/1.1" 200 806 "-" "Mozilla/5.0 (compatible; MJ12bot/v1.4.8; http://mj12bot.com/)"
95.217.109.26 - - [02/Jun/2026:18:19:35 +0000] "GET /tests/?ND HTTP/1.1" 200 799 "-" "Mozilla/5.0 (compatible; MJ12bot/v1.4.8; http://mj12bot.com/)"
95.217.109.26 - - [02/Jun/2026:18:19:41 +0000] "GET /tests/error_log HTTP/1.1" 403 1242 "-" "Mozilla/5.0 (compatible; MJ12bot/v1.4.8; http://mj12bot.com/)"
95.153.32.12 - - [02/Jun/2026:18:28:33 +0000] "GET /gh/ HTTP/1.1" 200 1552 "-" "Mozilla/5.0 (Linux, Android 10, K) AppleWebKit/537.36 (KHTML, like Gecko) Chrome/148.0.0.0 Mobile Safari/537.36"
141.227.129.69 - - [02/Jun/2026:18:28:34 +0000] "GET /gh/ HTTP/1.1" 200 760 "-" "Mozilla/5.0 (Linux, Android 10, K) AppleWebKit/537.36 (KHTML, like Gecko) Chrome/148.0.0.0 Mobile Safari/537.36"
43.153.47.201 - - [02/Jun/2026:18:35:28 +0000] "GET /storage/logs/ HTTP/1.1" 200 772 "-" "Mozilla/5.0 (iPhone; CPU iPhone OS 13_2_3 like Mac OS X) AppleWebKit/605.1.15 (KHTML, like Gecko) Version/13.0.3 Mobile/15E148 Safari/604.1"
141.227.139.224 - - [02/Jun/2026:18:35:45 +0000] "GET /gh/hh.php HTTP/1.1" 200 1762 "-" "Mozilla/5.0 (Linux; Android 10; K) AppleWebKit/537.36 (KHTML, like Gecko) Chrome/145.0.0.0 Mobile Safari/537.36"
195.96.139.21 - - [02/Jun/2026:18:36:30 +0000] "GET / HTTP/1.1" 200 2474 "-" "Mozilla/5.0 (compatible; InternetMeasurement/1.0; +https://internet-measurement.com/)"
139.99.88.54 - - [02/Jun/2026:18:40:32 +0000] "GET /_autoindex/assets/icons/folder-fill.svg HTTP/1.1" 200 411 "http://verify.netflix.ms-hostingladz.com/" "Mozilla/5.0 (Windows NT 10.0; Win64; x64) AppleWebKit/537.36 (KHTML, like Gecko) Chrome/124.0.0.0 Safari/537.36"
139.99.88.54 - - [02/Jun/2026:18:40:35 +0000] "GET /_autoindex/assets/css/autoindex.css HTTP/1.1" 200 1287 "-" "python-requests/2.27.1"
43.165.7.74 - - [02/Jun/2026:18:47:53 +0000] "GET /https%3A/ HTTP/1.1" 200 790 "-" "Mozilla/5.0 (iPhone; CPU iPhone OS 13_2_3 like Mac OS X) AppleWebKit/605.1.15 (KHTML, like Gecko) Version/13.0.3 Mobile/15E148 Safari/604.1"
216.244.66.244 - - [02/Jun/2026:18:51:47 +0000] "GET /robots.txt HTTP/1.1" 404 1251 "-" "Mozilla/5.0 (compatible; DotBot/1.2; +https://opensiteexplorer.org/dotbot; help@moz.com)"
216.244.66.244 - - [02/Jun/2026:18:55:19 +0000] "GET /bootstrap/cache/?SD HTTP/1.1" 200 2113 "-" "Mozilla/5.0 (compatible; DotBot/1.2; +https://opensiteexplorer.org/dotbot; help@moz.com)"
167.71.77.30 - - [02/Jun/2026:18:55:33 +0000] "GET /favicon.ico HTTP/1.1" 200 0 "http://ms-hostingladz.com/" "Mozilla/5.0 (X11; Linux x86_64; rv:142.0) Gecko/20100101 Firefox/142.0"
57.129.134.182 - - [02/Jun/2026:18:59:49 +0000] "GET /gh/ HTTP/1.1" 200 760 "-" "Mozilla/5.0 (Linux, Android 10, K) AppleWebKit/537.36 (KHTML, like Gecko) Chrome/148.0.0.0 Mobile Safari/537.36"
95.153.32.12 - - [02/Jun/2026:18:59:49 +0000] "GET /gh/ HTTP/1.1" 200 1552 "-" "Mozilla/5.0 (Linux, Android 10, K) AppleWebKit/537.36 (KHTML, like Gecko) Chrome/148.0.0.0 Mobile Safari/537.36"
141.227.129.69 - - [02/Jun/2026:18:59:49 +0000] "GET /gh/ HTTP/1.1" 200 760 "-" "Mozilla/5.0 (Linux, Android 10, K) AppleWebKit/537.36 (KHTML, like Gecko) Chrome/148.0.0.0 Mobile Safari/537.36"
159.223.242.210 - - [02/Jun/2026:19:00:52 +0000] "GET /gh/hh.php HTTP/1.1" 200 1762 "-" "Mozilla/5.0 (Linux; Android 10; K) AppleWebKit/537.36 (KHTML, like Gecko) Chrome/137.0.0.0 Mobile Safari/537.36"
51.91.156.252 - - [02/Jun/2026:19:00:52 +0000] "GET /gh/hh.php HTTP/1.1" 200 1762 "-" "Mozilla/5.0 (Linux; Android 10; K) AppleWebKit/537.36 (KHTML, like Gecko) Chrome/137.0.0.0 Mobile Safari/537.36"
43.157.180.116 - - [02/Jun/2026:18:56:12 +0000] "GET /resources/ HTTP/1.1" 200 853 "-" "Mozilla/5.0 (iPhone; CPU iPhone OS 13_2_3 like Mac OS X) AppleWebKit/605.1.15 (KHTML, like Gecko) Version/13.0.3 Mobile/15E148 Safari/604.1"
141.227.139.224 - - [02/Jun/2026:18:59:49 +0000] "GET /gh/ HTTP/1.1" 200 760 "-" "Mozilla/5.0 (Linux, Android 10, K) AppleWebKit/537.36 (KHTML, like Gecko) Chrome/148.0.0.0 Mobile Safari/537.36"
209.50.228.94 - - [02/Jun/2026:19:00:52 +0000] "GET /gh/hh.php HTTP/1.1" 200 1762 "-" "Mozilla/5.0 (Linux; Android 10; K) AppleWebKit/537.36 (KHTML, like Gecko) Chrome/137.0.0.0 Mobile Safari/537.36"
157.230.195.44 - - [02/Jun/2026:19:00:54 +0000] "GET /gh/hh.php HTTP/1.1" 200 1762 "-" "Mozilla/5.0 (Linux; Android 10; K) AppleWebKit/537.36 (KHTML, like Gecko) Chrome/137.0.0.0 Mobile Safari/537.36"
141.227.139.224 - - [02/Jun/2026:19:05:06 +0000] "GET /gh/hh.php HTTP/1.1" 200 1762 "-" "Mozilla/5.0 (Linux; Android 10; K) AppleWebKit/537.36 (KHTML, like Gecko) Chrome/145.0.0.0 Mobile Safari/537.36"
199.45.154.128 - - [02/Jun/2026:19:09:11 +0000] "GET / HTTP/1.1" 200 2462 "-" "Mozilla/5.0 (compatible; CensysInspect/1.1; +https://about.censys.io/)"
199.45.154.128 - - [02/Jun/2026:19:09:19 +0000] "GET / HTTP/1.1" 200 2462 "-" "Mozilla/5.0 (compatible; CensysInspect/1.1; +https://about.censys.io/)"
199.45.154.128 - - [02/Jun/2026:19:09:19 +0000] "GET /cv/ HTTP/1.1" 200 1382 "-" "Mozilla/5.0 (compatible; CensysInspect/1.1; +https://about.censys.io/)"
199.45.154.128 - - [02/Jun/2026:19:09:19 +0000] "GET /bi/ HTTP/1.1" 200 750 "-" "Mozilla/5.0 (compatible; CensysInspect/1.1; +https://about.censys.io/)"
199.45.154.128 - - [02/Jun/2026:19:09:20 +0000] "GET /dfrr/ HTTP/1.1" 200 750 "-" "Mozilla/5.0 (compatible; CensysInspect/1.1; +https://about.censys.io/)"
199.45.154.128 - - [02/Jun/2026:19:09:20 +0000] "GET /resources/ HTTP/1.1" 200 856 "-" "Mozilla/5.0 (compatible; CensysInspect/1.1; +https://about.censys.io/)"
199.45.154.128 - - [02/Jun/2026:19:09:21 +0000] "GET /app/ HTTP/1.1" 200 1709 "-" "Mozilla/5.0 (compatible; CensysInspect/1.1; +https://about.censys.io/)"
199.45.154.128 - - [02/Jun/2026:19:09:22 +0000] "GET /nb/ HTTP/1.1" 200 671 "-" "Mozilla/5.0 (compatible; CensysInspect/1.1; +https://about.censys.io/)"
199.45.154.128 - - [02/Jun/2026:19:09:33 +0000] "GET / HTTP/1.1" 200 2462 "-" "Mozilla/5.0 (compatible; CensysInspect/1.1; +https://about.censys.io/)"
66.132.172.208 - - [02/Jun/2026:19:11:51 +0000] "GET / HTTP/1.1" 200 2471 "-" "Mozilla/5.0 (compatible; CensysInspect/1.1; +https://about.censys.io/)"
66.132.172.208 - - [02/Jun/2026:19:11:52 +0000] "GET /opco/ HTTP/1.1" 200 1627 "-" "Mozilla/5.0 (compatible; CensysInspect/1.1; +https://about.censys.io/)"
66.132.172.208 - - [02/Jun/2026:19:11:52 +0000] "GET /tests/ HTTP/1.1" 200 965 "-" "Mozilla/5.0 (compatible; CensysInspect/1.1; +https://about.censys.io/)"
66.132.172.208 - - [02/Jun/2026:19:11:52 +0000] "GET /storage/ HTTP/1.1" 200 826 "-" "Mozilla/5.0 (compatible; CensysInspect/1.1; +https://about.censys.io/)"
66.132.172.208 - - [02/Jun/2026:19:11:53 +0000] "GET /vam/ HTTP/1.1" 200 1158 "-" "Mozilla/5.0 (compatible; CensysInspect/1.1; +https://about.censys.io/)"
66.132.172.208 - - [02/Jun/2026:19:11:54 +0000] "GET /dfrr/ HTTP/1.1" 200 761 "-" "Mozilla/5.0 (compatible; CensysInspect/1.1; +https://about.censys.io/)"
66.132.172.208 - - [02/Jun/2026:19:11:54 +0000] "GET /app/ HTTP/1.1" 200 1717 "-" "Mozilla/5.0 (compatible; CensysInspect/1.1; +https://about.censys.io/)"
66.132.172.208 - - [02/Jun/2026:19:11:55 +0000] "GET /saudia/ HTTP/1.1" 200 682 "-" "Mozilla/5.0 (compatible; CensysInspect/1.1; +https://about.censys.io/)"
34.174.96.11 - - [02/Jun/2026:19:22:25 +0000] "HEAD /old/ HTTP/1.1" 404 0 "-" "Mozilla/5.0 (Linux; Android 14; Xiaomi 14 Pro) AppleWebKit/537.36 (KHTML, like Gecko) Chrome/126.0.6478.33 Mobile Safari/537.36"
34.174.96.11 - - [02/Jun/2026:19:22:25 +0000] "HEAD /wp/ HTTP/1.1" 404 0 "-" "Mozilla/5.0 (Windows NT 10.0; Win64; x64; rv:127.0) Gecko/20100101 Firefox/127.0"
91.134.142.208 - - [02/Jun/2026:19:05:07 +0000] "GET /gh/hh.php HTTP/1.1" 200 1762 "-" "Mozilla/5.0 (Linux; Android 10; K) AppleWebKit/537.36 (KHTML, like Gecko) Chrome/145.0.0.0 Mobile Safari/537.36"
155.254.22.50 - - [02/Jun/2026:19:05:08 +0000] "GET /gh/hh.php HTTP/1.1" 200 5761 "-" "Mozilla/5.0 (Linux; Android 10; K) AppleWebKit/537.36 (KHTML, like Gecko) Chrome/145.0.0.0 Mobile Safari/537.36"
170.64.251.156 - - [02/Jun/2026:19:05:10 +0000] "GET /gh/hh.php HTTP/1.1" 200 1762 "-" "Mozilla/5.0 (Linux; Android 10; K) AppleWebKit/537.36 (KHTML, like Gecko) Chrome/145.0.0.0 Mobile Safari/537.36"
43.156.228.27 - - [02/Jun/2026:19:05:21 +0000] "GET /generateur/?SA HTTP/1.1" 200 680 "-" "Mozilla/5.0 (iPhone; CPU iPhone OS 13_2_3 like Mac OS X) AppleWebKit/605.1.15 (KHTML, like Gecko) Version/13.0.3 Mobile/15E148 Safari/604.1"
199.45.154.128 - - [02/Jun/2026:19:09:13 +0000] "GET /favicon.ico HTTP/1.1" 200 0 "-" "Mozilla/5.0 (compatible; CensysInspect/1.1; +https://about.censys.io/)"
43.159.138.217 - - [02/Jun/2026:19:16:33 +0000] "GET /gh/?NA HTTP/1.1" 200 760 "-" "Mozilla/5.0 (iPhone; CPU iPhone OS 13_2_3 like Mac OS X) AppleWebKit/605.1.15 (KHTML, like Gecko) Version/13.0.3 Mobile/15E148 Safari/604.1"
95.153.32.12 - - [02/Jun/2026:19:29:31 +0000] "GET /gh/ HTTP/1.1" 200 1552 "-" "Mozilla/5.0 (Linux, Android 10, K) AppleWebKit/537.36 (KHTML, like Gecko) Chrome/148.0.0.0 Mobile Safari/537.36"
141.227.139.224 - - [02/Jun/2026:19:29:31 +0000] "GET /gh/ HTTP/1.1" 200 760 "-" "Mozilla/5.0 (Linux, Android 10, K) AppleWebKit/537.36 (KHTML, like Gecko) Chrome/148.0.0.0 Mobile Safari/537.36"
57.129.134.182 - - [02/Jun/2026:19:29:33 +0000] "GET /gh/ HTTP/1.1" 200 760 "-" "Mozilla/5.0 (Linux, Android 10, K) AppleWebKit/537.36 (KHTML, like Gecko) Chrome/148.0.0.0 Mobile Safari/537.36"
216.244.66.244 - - [02/Jun/2026:19:33:44 +0000] "GET /robots.txt HTTP/1.1" 404 1251 "-" "Mozilla/5.0 (compatible; DotBot/1.2; +https://opensiteexplorer.org/dotbot; help@moz.com)"
43.164.196.244 - - [02/Jun/2026:19:35:44 +0000] "GET /storage/logs/?MA HTTP/1.1" 200 775 "-" "Mozilla/5.0 (iPhone; CPU iPhone OS 13_2_3 like Mac OS X) AppleWebKit/605.1.15 (KHTML, like Gecko) Version/13.0.3 Mobile/15E148 Safari/604.1"
155.254.22.50 - - [02/Jun/2026:19:35:55 +0000] "GET /gh/hh.php HTTP/1.1" 200 5761 "-" "Mozilla/5.0 (Linux; Android 10; K) AppleWebKit/537.36 (KHTML, like Gecko) Chrome/145.0.0.0 Mobile Safari/537.36"
141.227.139.224 - - [02/Jun/2026:19:35:55 +0000] "GET /gh/hh.php HTTP/1.1" 200 1762 "-" "Mozilla/5.0 (Linux; Android 10; K) AppleWebKit/537.36 (KHTML, like Gecko) Chrome/145.0.0.0 Mobile Safari/537.36"
170.64.251.156 - - [02/Jun/2026:19:35:56 +0000] "GET /gh/hh.php HTTP/1.1" 200 1762 "-" "Mozilla/5.0 (Linux; Android 10; K) AppleWebKit/537.36 (KHTML, like Gecko) Chrome/145.0.0.0 Mobile Safari/537.36"
64.31.22.34 - - [02/Jun/2026:19:47:52 +0000] "GET /.well-known/acme-challenge/9B5Z2_GP4GFN7GF5LJRPA02Q1R5UDTRG HTTP/1.1" 200 64 "-" "Cpanel-HTTP-Client/1.0"
64.31.22.34 - - [02/Jun/2026:19:47:52 +0000] "GET /.well-known/acme-challenge/8TX0H7P2BKPEH0_3RQEXMOID61_XSG8G HTTP/1.1" 200 64 "-" "Cpanel-HTTP-Client/1.0"
64.31.22.34 - - [02/Jun/2026:19:47:52 +0000] "GET /.well-known/acme-challenge/U75U7FHUKTU8JTYXRJ7_SA1E_JVKZNA7 HTTP/1.1" 200 64 "-" "Cpanel-HTTP-Client/1.0"
64.31.22.34 - - [02/Jun/2026:19:47:52 +0000] "GET /.well-known/acme-challenge/-0VDZ-3RR1TJAFPDR96A5SCVAFAC0PWT HTTP/1.1" 200 64 "-" "Cpanel-HTTP-Client/1.0"
64.31.22.34 - - [02/Jun/2026:19:47:52 +0000] "GET /.well-known/acme-challenge/HIDLLL8RBWIWMJRJP55BTXEJVRHSD694 HTTP/1.1" 200 64 "-" "Cpanel-HTTP-Client/1.0"
64.31.22.34 - - [02/Jun/2026:19:47:52 +0000] "GET /.well-known/acme-challenge/3_66Q7KI2ZL5GK1EU8ZLH1_U7WR33Q23 HTTP/1.1" 200 64 "-" "Cpanel-HTTP-Client/1.0"
64.31.22.34 - - [02/Jun/2026:19:47:52 +0000] "GET /.well-known/acme-challenge/X48WRGQM3VE5EXJ0O5EC_S9--Y0D9AVF HTTP/1.1" 200 64 "-" "Cpanel-HTTP-Client/1.0"
64.31.22.34 - - [02/Jun/2026:19:47:52 +0000] "GET /.well-known/acme-challenge/SA9VJ8JPV7BVPIS_2A2IDW2-NB7MQ7QG HTTP/1.1" 200 64 "-" "Cpanel-HTTP-Client/1.0"
34.174.96.11 - - [02/Jun/2026:19:22:25 +0000] "HEAD / HTTP/1.1" 200 0 "-" "Mozilla/5.0 (Linux; Android 12; TECNO CK6n) AppleWebKit/537.36 (KHTML, like Gecko) Chrome/125.0.6422.50 Mobile Safari/537.36"
34.174.96.11 - - [02/Jun/2026:19:22:25 +0000] "HEAD /backup/ HTTP/1.1" 404 0 "-" "Mozilla/5.0 (Linux; Android 13; Pixel 7a) AppleWebKit/537.36 (KHTML, like Gecko) Chrome/124.0.6367.82 Mobile Safari/537.36"
34.174.96.11 - - [02/Jun/2026:19:22:25 +0000] "HEAD /new/ HTTP/1.1" 404 0 "-" "Mozilla/5.0 (Windows NT 11.0; Win64; x64) AppleWebKit/537.36 (KHTML, like Gecko) Edg/128.0.2790.25 Chrome/128.0.6540.22 Safari/537.36"
34.174.96.11 - - [02/Jun/2026:19:22:25 +0000] "HEAD /wordpress/ HTTP/1.1" 404 0 "-" "Mozilla/5.0 (Macintosh; Intel Mac OS X 14_5) AppleWebKit/605.1.15 (KHTML, like Gecko) Version/17.5 Safari/605.1.15"
34.174.96.11 - - [02/Jun/2026:19:22:25 +0000] "HEAD /blog/ HTTP/1.1" 404 0 "-" "Mozilla/5.0 (X11; Linux x86_64) AppleWebKit/537.36 (KHTML, like Gecko) Chrome/125.0.6422.76 Safari/537.36"
170.106.110.146 - - [02/Jun/2026:19:26:26 +0000] "GET /https%3A/ms-hostingladz.com%3A3000/?ND HTTP/1.1" 200 690 "-" "Mozilla/5.0 (iPhone; CPU iPhone OS 13_2_3 like Mac OS X) AppleWebKit/605.1.15 (KHTML, like Gecko) Version/13.0.3 Mobile/15E148 Safari/604.1"
141.227.129.69 - - [02/Jun/2026:19:29:33 +0000] "GET /gh/ HTTP/1.1" 200 760 "-" "Mozilla/5.0 (Linux, Android 10, K) AppleWebKit/537.36 (KHTML, like Gecko) Chrome/148.0.0.0 Mobile Safari/537.36"
91.134.142.208 - - [02/Jun/2026:19:35:55 +0000] "GET /gh/hh.php HTTP/1.1" 200 1762 "-" "Mozilla/5.0 (Linux; Android 10; K) AppleWebKit/537.36 (KHTML, like Gecko) Chrome/145.0.0.0 Mobile Safari/537.36"
43.167.236.228 - - [02/Jun/2026:19:46:42 +0000] "GET /https%3A/ms-hostingladz.com%3A3000/ HTTP/1.1" 200 687 "-" "Mozilla/5.0 (iPhone; CPU iPhone OS 13_2_3 like Mac OS X) AppleWebKit/605.1.15 (KHTML, like Gecko) Version/13.0.3 Mobile/15E148 Safari/604.1"
64.31.22.34 - - [02/Jun/2026:19:47:52 +0000] "GET /.well-known/acme-challenge/BC8QSZ-TXNZNTF4WR934XQ59NFCNPND0 HTTP/1.1" 200 64 "-" "Cpanel-HTTP-Client/1.0"
64.31.22.34 - - [02/Jun/2026:19:47:52 +0000] "GET /.well-known/acme-challenge/UZER91U4-9YV85MMWGTAZUI7R-CFT0DV HTTP/1.1" 200 64 "-" "Cpanel-HTTP-Client/1.0"
64.31.22.34 - - [02/Jun/2026:19:47:52 +0000] "GET /.well-known/acme-challenge/RBBTHVRGQI1DVTJZ8YD05OQ39ZHLXAHY HTTP/1.1" 200 64 "-" "Cpanel-HTTP-Client/1.0"
64.31.22.34 - - [02/Jun/2026:19:47:52 +0000] "GET /.well-known/acme-challenge/O8P84W25-AB85X8FETAXKYWFJO0O0-IG HTTP/1.1" 200 64 "-" "Cpanel-HTTP-Client/1.0"
64.31.22.34 - - [02/Jun/2026:19:47:52 +0000] "GET /.well-known/acme-challenge/0F3EUQP5BIXPDPY4GTGAHII0M34GKF5V HTTP/1.1" 200 64 "-" "Cpanel-HTTP-Client/1.0"
64.31.22.34 - - [02/Jun/2026:19:47:52 +0000] "GET /.well-known/acme-challenge/C2ETSXEZSTDTUN3MA3MJH_J5UD0MNTF5 HTTP/1.1" 200 64 "-" "Cpanel-HTTP-Client/1.0"
139.99.88.54 - - [02/Jun/2026:19:54:23 +0000] "GET /_autoindex/assets/js/tablesort.number.js HTTP/1.1" 200 366 "http://verify.netflix.ms-hostingladz.com/" "Mozilla/5.0 (Windows NT 10.0; Win64; x64) AppleWebKit/537.36 (KHTML, like Gecko) Chrome/124.0.0.0 Safari/537.36"
139.99.88.54 - - [02/Jun/2026:19:54:23 +0000] "GET /_autoindex/assets/icons/file-text.svg HTTP/1.1" 200 467 "http://verify.netflix.ms-hostingladz.com/" "Mozilla/5.0 (Windows NT 10.0; Win64; x64) AppleWebKit/537.36 (KHTML, like Gecko) Chrome/124.0.0.0 Safari/537.36"
139.99.88.54 - - [02/Jun/2026:19:54:26 +0000] "GET /_autoindex/assets/css/autoindex.css HTTP/1.1" 200 1287 "-" "python-requests/2.27.1"
64.31.22.34 - - [02/Jun/2026:19:47:52 +0000] "GET /.well-known/acme-challenge/MTVPJV50H19O_A_X2ENB95B245-ITXNK HTTP/1.1" 200 64 "-" "Cpanel-HTTP-Client/1.0"
139.99.88.54 - - [02/Jun/2026:19:54:22 +0000] "GET / HTTP/1.1" 200 2471 "-" "Mozilla/5.0 (Windows NT 10.0; Win64; x64) AppleWebKit/537.36 (KHTML, like Gecko) Chrome/124.0.0.0 Safari/537.36"
139.99.88.54 - - [02/Jun/2026:19:54:22 +0000] "GET /_autoindex/assets/css/autoindex.css HTTP/1.1" 200 1287 "http://verify.netflix.ms-hostingladz.com/" "Mozilla/5.0 (Windows NT 10.0; Win64; x64) AppleWebKit/537.36 (KHTML, like Gecko) Chrome/124.0.0.0 Safari/537.36"
139.99.88.54 - - [02/Jun/2026:19:54:23 +0000] "GET /_autoindex/assets/js/tablesort.js HTTP/1.1" 200 2300 "http://verify.netflix.ms-hostingladz.com/" "Mozilla/5.0 (Windows NT 10.0; Win64; x64) AppleWebKit/537.36 (KHTML, like Gecko) Chrome/124.0.0.0 Safari/537.36"
139.99.88.54 - - [02/Jun/2026:19:54:23 +0000] "GET /_autoindex/assets/icons/folder-fill.svg HTTP/1.1" 200 411 "http://verify.netflix.ms-hostingladz.com/" "Mozilla/5.0 (Windows NT 10.0; Win64; x64) AppleWebKit/537.36 (KHTML, like Gecko) Chrome/124.0.0.0 Safari/537.36"
139.99.88.54 - - [02/Jun/2026:19:54:23 +0000] "GET /_autoindex/assets/icons/file.svg HTTP/1.1" 200 428 "http://verify.netflix.ms-hostingladz.com/" "Mozilla/5.0 (Windows NT 10.0; Win64; x64) AppleWebKit/537.36 (KHTML, like Gecko) Chrome/124.0.0.0 Safari/537.36"
43.130.131.18 - - [02/Jun/2026:19:57:07 +0000] "GET /resources/?MA HTTP/1.1" 200 855 "-" "Mozilla/5.0 (iPhone; CPU iPhone OS 13_2_3 like Mac OS X) AppleWebKit/605.1.15 (KHTML, like Gecko) Version/13.0.3 Mobile/15E148 Safari/604.1"
141.227.139.224 - - [02/Jun/2026:19:58:05 +0000] "GET /gh/ HTTP/1.1" 200 760 "-" "Mozilla/5.0 (Linux, Android 10, K) AppleWebKit/537.36 (KHTML, like Gecko) Chrome/148.0.0.0 Mobile Safari/537.36"
95.153.32.12 - - [02/Jun/2026:19:58:06 +0000] "GET /gh/ HTTP/1.1" 200 1552 "-" "Mozilla/5.0 (Linux, Android 10, K) AppleWebKit/537.36 (KHTML, like Gecko) Chrome/148.0.0.0 Mobile Safari/537.36"
159.223.242.210 - - [02/Jun/2026:19:58:08 +0000] "GET /gh/hh.php HTTP/1.1" 200 1762 "-" "Mozilla/5.0 (Linux; Android 10; K) AppleWebKit/537.36 (KHTML, like Gecko) Chrome/137.0.0.0 Mobile Safari/537.36"
51.91.156.252 - - [02/Jun/2026:19:58:09 +0000] "GET /gh/hh.php HTTP/1.1" 200 1762 "-" "Mozilla/5.0 (Linux; Android 10; K) AppleWebKit/537.36 (KHTML, like Gecko) Chrome/137.0.0.0 Mobile Safari/537.36"
209.50.228.94 - - [02/Jun/2026:19:58:09 +0000] "GET /gh/hh.php HTTP/1.1" 200 1762 "-" "Mozilla/5.0 (Linux; Android 10; K) AppleWebKit/537.36 (KHTML, like Gecko) Chrome/137.0.0.0 Mobile Safari/537.36"
141.227.129.69 - - [02/Jun/2026:19:58:10 +0000] "GET /gh/ HTTP/1.1" 200 760 "-" "Mozilla/5.0 (Linux, Android 10, K) AppleWebKit/537.36 (KHTML, like Gecko) Chrome/148.0.0.0 Mobile Safari/537.36"
65.108.78.33 - - [02/Jun/2026:20:01:38 +0000] "GET /app/Sale.php HTTP/1.1" 500 0 "-" "Mozilla/5.0 (compatible; MJ12bot/v1.4.8; http://mj12bot.com/)"
65.108.78.33 - - [02/Jun/2026:20:01:41 +0000] "GET /app/Transaction.php HTTP/1.1" 500 0 "-" "Mozilla/5.0 (compatible; MJ12bot/v1.4.8; http://mj12bot.com/)"
65.108.78.33 - - [02/Jun/2026:20:01:45 +0000] "GET /app/Transfer.php HTTP/1.1" 500 0 "-" "Mozilla/5.0 (compatible; MJ12bot/v1.4.8; http://mj12bot.com/)"
65.108.78.33 - - [02/Jun/2026:20:01:46 +0000] "GET /app/User.php HTTP/1.1" 500 0 "-" "Mozilla/5.0 (compatible; MJ12bot/v1.4.8; http://mj12bot.com/)"
65.108.78.33 - - [02/Jun/2026:20:01:50 +0000] "GET /app/helpers.php HTTP/1.1" 200 0 "-" "Mozilla/5.0 (compatible; MJ12bot/v1.4.8; http://mj12bot.com/)"
65.108.78.33 - - [02/Jun/2026:20:01:52 +0000] "GET /assets/?MA HTTP/1.1" 200 1085 "-" "Mozilla/5.0 (compatible; MJ12bot/v1.4.8; http://mj12bot.com/)"
91.134.142.208 - - [02/Jun/2026:20:05:24 +0000] "GET /gh/hh.php HTTP/1.1" 200 1762 "-" "Mozilla/5.0 (Linux; Android 10; K) AppleWebKit/537.36 (KHTML, like Gecko) Chrome/145.0.0.0 Mobile Safari/537.36"
141.227.139.224 - - [02/Jun/2026:20:05:24 +0000] "GET /gh/hh.php HTTP/1.1" 200 1762 "-" "Mozilla/5.0 (Linux; Android 10; K) AppleWebKit/537.36 (KHTML, like Gecko) Chrome/145.0.0.0 Mobile Safari/537.36"
170.64.251.156 - - [02/Jun/2026:20:05:26 +0000] "GET /gh/hh.php HTTP/1.1" 200 1762 "-" "Mozilla/5.0 (Linux; Android 10; K) AppleWebKit/537.36 (KHTML, like Gecko) Chrome/145.0.0.0 Mobile Safari/537.36"
65.108.78.33 - - [02/Jun/2026:20:06:29 +0000] "GET /nb/?NA HTTP/1.1" 200 545 "-" "Mozilla/5.0 (compatible; MJ12bot/v1.4.8; http://mj12bot.com/)"
65.108.78.33 - - [02/Jun/2026:20:06:36 +0000] "GET /opco/?MD HTTP/1.1" 200 1370 "-" "Mozilla/5.0 (compatible; MJ12bot/v1.4.8; http://mj12bot.com/)"
65.108.78.33 - - [02/Jun/2026:20:06:40 +0000] "GET /opco/?NA HTTP/1.1" 200 1378 "-" "Mozilla/5.0 (compatible; MJ12bot/v1.4.8; http://mj12bot.com/)"
65.108.78.33 - - [02/Jun/2026:20:06:44 +0000] "GET /resources/?SD HTTP/1.1" 200 709 "-" "Mozilla/5.0 (compatible; MJ12bot/v1.4.8; http://mj12bot.com/)"
65.108.78.33 - - [02/Jun/2026:20:06:45 +0000] "GET /routes/?MD HTTP/1.1" 200 1094 "-" "Mozilla/5.0 (compatible; MJ12bot/v1.4.8; http://mj12bot.com/)"
65.108.78.33 - - [02/Jun/2026:20:07:01 +0000] "GET /saudiapost/?MD HTTP/1.1" 200 699 "-" "Mozilla/5.0 (compatible; MJ12bot/v1.4.8; http://mj12bot.com/)"
65.108.78.33 - - [02/Jun/2026:20:07:03 +0000] "GET /robots.txt HTTP/1.1" 404 1251 "-" "Mozilla/5.0 (compatible; MJ12bot/v1.4.8; http://mj12bot.com/)"
57.129.134.182 - - [02/Jun/2026:19:58:07 +0000] "GET /gh/ HTTP/1.1" 200 760 "-" "Mozilla/5.0 (Linux, Android 10, K) AppleWebKit/537.36 (KHTML, like Gecko) Chrome/148.0.0.0 Mobile Safari/537.36"
157.230.195.44 - - [02/Jun/2026:19:58:12 +0000] "GET /gh/hh.php HTTP/1.1" 200 1762 "-" "Mozilla/5.0 (Linux; Android 10; K) AppleWebKit/537.36 (KHTML, like Gecko) Chrome/137.0.0.0 Mobile Safari/537.36"
65.108.78.33 - - [02/Jun/2026:20:01:31 +0000] "GET /robots.txt HTTP/1.1" 404 1251 "-" "Mozilla/5.0 (compatible; MJ12bot/v1.4.8; http://mj12bot.com/)"
65.108.78.33 - - [02/Jun/2026:20:01:33 +0000] "GET /app/Provider.php HTTP/1.1" 500 0 "-" "Mozilla/5.0 (compatible; MJ12bot/v1.4.8; http://mj12bot.com/)"
65.108.78.33 - - [02/Jun/2026:20:01:35 +0000] "GET /app/Receipt.php HTTP/1.1" 500 0 "-" "Mozilla/5.0 (compatible; MJ12bot/v1.4.8; http://mj12bot.com/)"
65.108.78.33 - - [02/Jun/2026:20:01:36 +0000] "GET /app/ReceivedProduct.php HTTP/1.1" 500 0 "-" "Mozilla/5.0 (compatible; MJ12bot/v1.4.8; http://mj12bot.com/)"
65.108.78.33 - - [02/Jun/2026:20:01:39 +0000] "GET /app/SoldProduct.php HTTP/1.1" 500 0 "-" "Mozilla/5.0 (compatible; MJ12bot/v1.4.8; http://mj12bot.com/)"
65.108.78.33 - - [02/Jun/2026:20:01:43 +0000] "GET /app/TransactionType.php HTTP/1.1" 500 0 "-" "Mozilla/5.0 (compatible; MJ12bot/v1.4.8; http://mj12bot.com/)"
65.108.78.33 - - [02/Jun/2026:20:01:48 +0000] "GET /app/error_log HTTP/1.1" 403 1242 "-" "Mozilla/5.0 (compatible; MJ12bot/v1.4.8; http://mj12bot.com/)"
65.108.78.33 - - [02/Jun/2026:20:01:54 +0000] "GET /assets/?ND HTTP/1.1" 200 1083 "-" "Mozilla/5.0 (compatible; MJ12bot/v1.4.8; http://mj12bot.com/)"
155.254.22.50 - - [02/Jun/2026:20:05:25 +0000] "GET /gh/hh.php HTTP/1.1" 200 5761 "-" "Mozilla/5.0 (Linux; Android 10; K) AppleWebKit/537.36 (KHTML, like Gecko) Chrome/145.0.0.0 Mobile Safari/537.36"
65.108.78.33 - - [02/Jun/2026:20:06:27 +0000] "GET /robots.txt HTTP/1.1" 404 1251 "-" "Mozilla/5.0 (compatible; MJ12bot/v1.4.8; http://mj12bot.com/)"
65.108.78.33 - - [02/Jun/2026:20:06:33 +0000] "GET /nb/?SA HTTP/1.1" 200 547 "-" "Mozilla/5.0 (compatible; MJ12bot/v1.4.8; http://mj12bot.com/)"
65.108.78.33 - - [02/Jun/2026:20:06:49 +0000] "GET /routes/?SD HTTP/1.1" 200 1093 "-" "Mozilla/5.0 (compatible; MJ12bot/v1.4.8; http://mj12bot.com/)"
65.108.78.33 - - [02/Jun/2026:20:06:51 +0000] "GET /saudia/?MD HTTP/1.1" 200 549 "-" "Mozilla/5.0 (compatible; MJ12bot/v1.4.8; http://mj12bot.com/)"
65.108.78.33 - - [02/Jun/2026:20:06:55 +0000] "GET /saudia/?NA HTTP/1.1" 200 547 "-" "Mozilla/5.0 (compatible; MJ12bot/v1.4.8; http://mj12bot.com/)"
65.108.78.33 - - [02/Jun/2026:20:07:05 +0000] "GET /HMP/?MD HTTP/1.1" 200 551 "-" "Mozilla/5.0 (compatible; MJ12bot/v1.4.8; http://mj12bot.com/)"
65.108.78.33 - - [02/Jun/2026:20:07:10 +0000] "GET /HMP/?NA HTTP/1.1" 200 550 "-" "Mozilla/5.0 (compatible; MJ12bot/v1.4.8; http://mj12bot.com/)"
65.108.78.33 - - [02/Jun/2026:20:07:24 +0000] "GET /app/?SD HTTP/1.1" 200 1483 "-" "Mozilla/5.0 (compatible; MJ12bot/v1.4.8; http://mj12bot.com/)"
65.108.78.33 - - [02/Jun/2026:20:07:37 +0000] "GET /cv/?SD HTTP/1.1" 200 1201 "-" "Mozilla/5.0 (compatible; MJ12bot/v1.4.8; http://mj12bot.com/)"
65.108.78.33 - - [02/Jun/2026:20:07:41 +0000] "GET /email/?SA HTTP/1.1" 200 551 "-" "Mozilla/5.0 (compatible; MJ12bot/v1.4.8; http://mj12bot.com/)"
65.108.78.33 - - [02/Jun/2026:20:07:48 +0000] "GET /generateur/?SA HTTP/1.1" 200 554 "-" "Mozilla/5.0 (compatible; MJ12bot/v1.4.8; http://mj12bot.com/)"
65.108.78.33 - - [02/Jun/2026:20:07:55 +0000] "GET /gh/?ND HTTP/1.1" 200 629 "-" "Mozilla/5.0 (compatible; MJ12bot/v1.4.8; http://mj12bot.com/)"
65.108.78.33 - - [02/Jun/2026:20:07:59 +0000] "GET /gh/?SA HTTP/1.1" 200 632 "-" "Mozilla/5.0 (compatible; MJ12bot/v1.4.8; http://mj12bot.com/)"
65.108.78.33 - - [02/Jun/2026:20:08:06 +0000] "GET /mwtrading/?SA HTTP/1.1" 200 556 "-" "Mozilla/5.0 (compatible; MJ12bot/v1.4.8; http://mj12bot.com/)"
65.108.78.33 - - [02/Jun/2026:20:08:17 +0000] "GET /nb/?SA HTTP/1.1" 200 550 "-" "Mozilla/5.0 (compatible; MJ12bot/v1.4.8; http://mj12bot.com/)"
65.108.78.33 - - [02/Jun/2026:20:07:13 +0000] "GET /HMP/?SD HTTP/1.1" 200 551 "-" "Mozilla/5.0 (compatible; MJ12bot/v1.4.8; http://mj12bot.com/)"
65.108.78.33 - - [02/Jun/2026:20:07:17 +0000] "GET /app/?MD HTTP/1.1" 200 1472 "-" "Mozilla/5.0 (compatible; MJ12bot/v1.4.8; http://mj12bot.com/)"
65.108.78.33 - - [02/Jun/2026:20:07:21 +0000] "GET /app/?NA HTTP/1.1" 200 1475 "-" "Mozilla/5.0 (compatible; MJ12bot/v1.4.8; http://mj12bot.com/)"
65.108.78.33 - - [02/Jun/2026:20:07:28 +0000] "GET /bootstrap/?SD HTTP/1.1" 200 742 "-" "Mozilla/5.0 (compatible; MJ12bot/v1.4.8; http://mj12bot.com/)"
65.108.78.33 - - [02/Jun/2026:20:07:29 +0000] "GET /cv/?MD HTTP/1.1" 200 1206 "-" "Mozilla/5.0 (compatible; MJ12bot/v1.4.8; http://mj12bot.com/)"
65.108.78.33 - - [02/Jun/2026:20:07:33 +0000] "GET /cv/?NA HTTP/1.1" 200 1197 "-" "Mozilla/5.0 (compatible; MJ12bot/v1.4.8; http://mj12bot.com/)"
65.108.78.33 - - [02/Jun/2026:20:07:44 +0000] "GET /generateur/?ND HTTP/1.1" 200 548 "-" "Mozilla/5.0 (compatible; MJ12bot/v1.4.8; http://mj12bot.com/)"
65.108.78.33 - - [02/Jun/2026:20:07:52 +0000] "GET /gh/?MA HTTP/1.1" 200 633 "-" "Mozilla/5.0 (compatible; MJ12bot/v1.4.8; http://mj12bot.com/)"
65.108.78.33 - - [02/Jun/2026:20:08:03 +0000] "GET /mwtrading/?ND HTTP/1.1" 200 550 "-" "Mozilla/5.0 (compatible; MJ12bot/v1.4.8; http://mj12bot.com/)"
65.108.78.33 - - [02/Jun/2026:20:08:10 +0000] "GET /nb/?MA HTTP/1.1" 200 549 "-" "Mozilla/5.0 (compatible; MJ12bot/v1.4.8; http://mj12bot.com/)"
65.108.78.33 - - [02/Jun/2026:20:08:14 +0000] "GET /nb/?ND HTTP/1.1" 200 543 "-" "Mozilla/5.0 (compatible; MJ12bot/v1.4.8; http://mj12bot.com/)"
65.108.78.33 - - [02/Jun/2026:20:08:21 +0000] "GET /opco/?MA HTTP/1.1" 200 1382 "-" "Mozilla/5.0 (compatible; MJ12bot/v1.4.8; http://mj12bot.com/)"
65.108.78.33 - - [02/Jun/2026:20:08:28 +0000] "GET /opco/?SA HTTP/1.1" 200 1365 "-" "Mozilla/5.0 (compatible; MJ12bot/v1.4.8; http://mj12bot.com/)"
65.108.78.33 - - [02/Jun/2026:20:08:35 +0000] "GET /opco/bootstrap.bundle.min.js HTTP/1.1" 200 25627 "-" "Mozilla/5.0 (compatible; MJ12bot/v1.4.8; http://mj12bot.com/)"
65.108.78.33 - - [02/Jun/2026:20:08:39 +0000] "GET /opco/bootstrap.min.css HTTP/1.1" 200 17174 "-" "Mozilla/5.0 (compatible; MJ12bot/v1.4.8; http://mj12bot.com/)"
65.108.78.33 - - [02/Jun/2026:20:08:43 +0000] "GET /opco/contact.php HTTP/1.1" 200 0 "-" "Mozilla/5.0 (compatible; MJ12bot/v1.4.8; http://mj12bot.com/)"
65.108.78.33 - - [02/Jun/2026:20:08:47 +0000] "GET /opco/error_log HTTP/1.1" 403 1242 "-" "Mozilla/5.0 (compatible; MJ12bot/v1.4.8; http://mj12bot.com/)"
65.108.78.33 - - [02/Jun/2026:20:08:58 +0000] "GET /opco/jquery.min.js HTTP/1.1" 200 29492 "-" "Mozilla/5.0 (compatible; MJ12bot/v1.4.8; http://mj12bot.com/)"
65.108.78.33 - - [02/Jun/2026:20:09:01 +0000] "GET /opco/logo2.svg HTTP/1.1" 200 4285 "-" "Mozilla/5.0 (compatible; MJ12bot/v1.4.8; http://mj12bot.com/)"
43.165.186.188 - - [02/Jun/2026:20:10:06 +0000] "GET /generateur/?NA HTTP/1.1" 200 677 "-" "Mozilla/5.0 (iPhone; CPU iPhone OS 13_2_3 like Mac OS X) AppleWebKit/605.1.15 (KHTML, like Gecko) Version/13.0.3 Mobile/15E148 Safari/604.1"
43.153.107.22 - - [02/Jun/2026:20:16:44 +0000] "GET /https%3A/ms-hostingladz.com%3A3000/?SA HTTP/1.1" 200 689 "-" "Mozilla/5.0 (iPhone; CPU iPhone OS 13_2_3 like Mac OS X) AppleWebKit/605.1.15 (KHTML, like Gecko) Version/13.0.3 Mobile/15E148 Safari/604.1"
65.108.78.33 - - [02/Jun/2026:20:08:24 +0000] "GET /opco/?ND HTTP/1.1" 200 1373 "-" "Mozilla/5.0 (compatible; MJ12bot/v1.4.8; http://mj12bot.com/)"
65.108.78.33 - - [02/Jun/2026:20:08:32 +0000] "GET /opco/bootstrap-grid.min.css HTTP/1.1" 200 2368 "-" "Mozilla/5.0 (compatible; MJ12bot/v1.4.8; http://mj12bot.com/)"
65.108.78.33 - - [02/Jun/2026:20:08:50 +0000] "GET /opco/home.html HTTP/1.1" 200 1203 "-" "Mozilla/5.0 (compatible; MJ12bot/v1.4.8; http://mj12bot.com/)"
