65.108.78.33 - - [02/Jun/2026:20:08:54 +0000] "GET /opco/home2.html HTTP/1.1" 200 507 "-" "Mozilla/5.0 (compatible; MJ12bot/v1.4.8; http://mj12bot.com/)"
65.108.78.33 - - [02/Jun/2026:20:09:05 +0000] "GET /opco/logo3.svg HTTP/1.1" 200 2360 "-" "Mozilla/5.0 (compatible; MJ12bot/v1.4.8; http://mj12bot.com/)"
43.166.253.94 - - [02/Jun/2026:20:16:12 +0000] "GET / HTTP/1.1" 200 2463 "-" "Mozilla/5.0 (iPhone; CPU iPhone OS 13_2_3 like Mac OS X) AppleWebKit/605.1.15 (KHTML, like Gecko) Version/13.0.3 Mobile/15E148 Safari/604.1"
43.166.226.57 - - [02/Jun/2026:20:26:53 +0000] "GET /https%3A/ms-hostingladz.com%3A3000/?ND HTTP/1.1" 200 686 "-" "Mozilla/5.0 (iPhone; CPU iPhone OS 13_2_3 like Mac OS X) AppleWebKit/605.1.15 (KHTML, like Gecko) Version/13.0.3 Mobile/15E148 Safari/604.1"
95.153.32.12 - - [02/Jun/2026:20:28:57 +0000] "GET /gh/ HTTP/1.1" 200 1552 "-" "Mozilla/5.0 (Linux, Android 10, K) AppleWebKit/537.36 (KHTML, like Gecko) Chrome/148.0.0.0 Mobile Safari/537.36"
57.129.134.182 - - [02/Jun/2026:20:28:58 +0000] "GET /gh/ HTTP/1.1" 200 760 "-" "Mozilla/5.0 (Linux, Android 10, K) AppleWebKit/537.36 (KHTML, like Gecko) Chrome/148.0.0.0 Mobile Safari/537.36"
91.134.142.208 - - [02/Jun/2026:20:32:57 +0000] "GET /gh/hh.php HTTP/1.1" 200 1762 "-" "Mozilla/5.0 (Linux; Android 10; K) AppleWebKit/537.36 (KHTML, like Gecko) Chrome/145.0.0.0 Mobile Safari/537.36"
170.64.251.156 - - [02/Jun/2026:20:33:00 +0000] "GET /gh/hh.php HTTP/1.1" 200 1762 "-" "Mozilla/5.0 (Linux; Android 10; K) AppleWebKit/537.36 (KHTML, like Gecko) Chrome/145.0.0.0 Mobile Safari/537.36"
155.254.22.50 - - [02/Jun/2026:20:33:01 +0000] "GET /gh/hh.php HTTP/1.1" 200 5761 "-" "Mozilla/5.0 (Linux; Android 10; K) AppleWebKit/537.36 (KHTML, like Gecko) Chrome/145.0.0.0 Mobile Safari/537.36"
43.157.95.239 - - [02/Jun/2026:20:47:17 +0000] "GET /resources/views/ HTTP/1.1" 200 1470 "-" "Mozilla/5.0 (iPhone; CPU iPhone OS 13_2_3 like Mac OS X) AppleWebKit/605.1.15 (KHTML, like Gecko) Version/13.0.3 Mobile/15E148 Safari/604.1"
43.157.174.69 - - [02/Jun/2026:20:55:25 +0000] "GET /resources/js/ HTTP/1.1" 200 850 "-" "Mozilla/5.0 (iPhone; CPU iPhone OS 13_2_3 like Mac OS X) AppleWebKit/605.1.15 (KHTML, like Gecko) Version/13.0.3 Mobile/15E148 Safari/604.1"
139.99.88.54 - - [02/Jun/2026:20:56:49 +0000] "GET / HTTP/1.1" 200 2471 "-" "Mozilla/5.0 (Windows NT 10.0; Win64; x64) AppleWebKit/537.36 (KHTML, like Gecko) Chrome/124.0.0.0 Safari/537.36"
139.99.88.54 - - [02/Jun/2026:20:56:49 +0000] "GET /_autoindex/assets/js/tablesort.js HTTP/1.1" 200 2300 "http://verify.netflix.ms-hostingladz.com/" "Mozilla/5.0 (Windows NT 10.0; Win64; x64) AppleWebKit/537.36 (KHTML, like Gecko) Chrome/124.0.0.0 Safari/537.36"
139.99.88.54 - - [02/Jun/2026:20:56:49 +0000] "GET /_autoindex/assets/css/autoindex.css HTTP/1.1" 200 1287 "http://verify.netflix.ms-hostingladz.com/" "Mozilla/5.0 (Windows NT 10.0; Win64; x64) AppleWebKit/537.36 (KHTML, like Gecko) Chrome/124.0.0.0 Safari/537.36"
139.99.88.54 - - [02/Jun/2026:20:56:49 +0000] "GET /_autoindex/assets/js/tablesort.number.js HTTP/1.1" 200 366 "http://verify.netflix.ms-hostingladz.com/" "Mozilla/5.0 (Windows NT 10.0; Win64; x64) AppleWebKit/537.36 (KHTML, like Gecko) Chrome/124.0.0.0 Safari/537.36"
139.99.88.54 - - [02/Jun/2026:20:56:50 +0000] "GET /_autoindex/assets/icons/file.svg HTTP/1.1" 200 428 "http://verify.netflix.ms-hostingladz.com/" "Mozilla/5.0 (Windows NT 10.0; Win64; x64) AppleWebKit/537.36 (KHTML, like Gecko) Chrome/124.0.0.0 Safari/537.36"
139.99.88.54 - - [02/Jun/2026:20:56:50 +0000] "GET /_autoindex/assets/icons/file-text.svg HTTP/1.1" 200 467 "http://verify.netflix.ms-hostingladz.com/" "Mozilla/5.0 (Windows NT 10.0; Win64; x64) AppleWebKit/537.36 (KHTML, like Gecko) Chrome/124.0.0.0 Safari/537.36"
139.99.88.54 - - [02/Jun/2026:20:56:53 +0000] "GET /_autoindex/assets/css/autoindex.css HTTP/1.1" 200 1287 "-" "python-requests/2.27.1"
141.227.139.224 - - [02/Jun/2026:20:58:15 +0000] "GET /gh/ HTTP/1.1" 200 760 "-" "Mozilla/5.0 (Linux, Android 10, K) AppleWebKit/537.36 (KHTML, like Gecko) Chrome/148.0.0.0 Mobile Safari/537.36"
95.153.32.12 - - [02/Jun/2026:20:58:16 +0000] "GET /gh/ HTTP/1.1" 200 1552 "-" "Mozilla/5.0 (Linux, Android 10, K) AppleWebKit/537.36 (KHTML, like Gecko) Chrome/148.0.0.0 Mobile Safari/537.36"
57.129.134.182 - - [02/Jun/2026:20:58:16 +0000] "GET /gh/ HTTP/1.1" 200 760 "-" "Mozilla/5.0 (Linux, Android 10, K) AppleWebKit/537.36 (KHTML, like Gecko) Chrome/148.0.0.0 Mobile Safari/537.36"
141.227.129.69 - - [02/Jun/2026:20:28:56 +0000] "GET /gh/ HTTP/1.1" 200 760 "-" "Mozilla/5.0 (Linux, Android 10, K) AppleWebKit/537.36 (KHTML, like Gecko) Chrome/148.0.0.0 Mobile Safari/537.36"
141.227.139.224 - - [02/Jun/2026:20:28:57 +0000] "GET /gh/ HTTP/1.1" 200 760 "-" "Mozilla/5.0 (Linux, Android 10, K) AppleWebKit/537.36 (KHTML, like Gecko) Chrome/148.0.0.0 Mobile Safari/537.36"
141.227.139.224 - - [02/Jun/2026:20:32:57 +0000] "GET /gh/hh.php HTTP/1.1" 200 1762 "-" "Mozilla/5.0 (Linux; Android 10; K) AppleWebKit/537.36 (KHTML, like Gecko) Chrome/145.0.0.0 Mobile Safari/537.36"
43.165.167.72 - - [02/Jun/2026:20:36:23 +0000] "GET /https%3A/ms-hostingladz.com%3A3000/?MA HTTP/1.1" 200 689 "-" "Mozilla/5.0 (iPhone; CPU iPhone OS 13_2_3 like Mac OS X) AppleWebKit/605.1.15 (KHTML, like Gecko) Version/13.0.3 Mobile/15E148 Safari/604.1"
139.99.88.54 - - [02/Jun/2026:20:56:49 +0000] "GET /_autoindex/assets/icons/folder-fill.svg HTTP/1.1" 200 411 "http://verify.netflix.ms-hostingladz.com/" "Mozilla/5.0 (Windows NT 10.0; Win64; x64) AppleWebKit/537.36 (KHTML, like Gecko) Chrome/124.0.0.0 Safari/537.36"
209.50.228.94 - - [02/Jun/2026:20:57:10 +0000] "GET /gh/hh.php HTTP/1.1" 200 1762 "-" "Mozilla/5.0 (Linux; Android 10; K) AppleWebKit/537.36 (KHTML, like Gecko) Chrome/137.0.0.0 Mobile Safari/537.36"
51.91.156.252 - - [02/Jun/2026:20:57:10 +0000] "GET /gh/hh.php HTTP/1.1" 200 1762 "-" "Mozilla/5.0 (Linux; Android 10; K) AppleWebKit/537.36 (KHTML, like Gecko) Chrome/137.0.0.0 Mobile Safari/537.36"
159.223.242.210 - - [02/Jun/2026:20:57:10 +0000] "GET /gh/hh.php HTTP/1.1" 200 1762 "-" "Mozilla/5.0 (Linux; Android 10; K) AppleWebKit/537.36 (KHTML, like Gecko) Chrome/137.0.0.0 Mobile Safari/537.36"
157.230.195.44 - - [02/Jun/2026:20:57:11 +0000] "GET /gh/hh.php HTTP/1.1" 200 1762 "-" "Mozilla/5.0 (Linux; Android 10; K) AppleWebKit/537.36 (KHTML, like Gecko) Chrome/137.0.0.0 Mobile Safari/537.36"
141.227.129.69 - - [02/Jun/2026:20:58:16 +0000] "GET /gh/ HTTP/1.1" 200 760 "-" "Mozilla/5.0 (Linux, Android 10, K) AppleWebKit/537.36 (KHTML, like Gecko) Chrome/148.0.0.0 Mobile Safari/537.36"
216.244.66.244 - - [02/Jun/2026:20:59:32 +0000] "GET /robots.txt HTTP/1.1" 404 1251 "-" "Mozilla/5.0 (compatible; DotBot/1.2; +https://opensiteexplorer.org/dotbot; help@moz.com)"
155.254.22.50 - - [02/Jun/2026:21:01:02 +0000] "GET /gh/hh.php HTTP/1.1" 200 5761 "-" "Mozilla/5.0 (Linux; Android 10; K) AppleWebKit/537.36 (KHTML, like Gecko) Chrome/145.0.0.0 Mobile Safari/537.36"
170.64.251.156 - - [02/Jun/2026:21:01:03 +0000] "GET /gh/hh.php HTTP/1.1" 200 1762 "-" "Mozilla/5.0 (Linux; Android 10; K) AppleWebKit/537.36 (KHTML, like Gecko) Chrome/145.0.0.0 Mobile Safari/537.36"
216.244.66.244 - - [02/Jun/2026:21:03:10 +0000] "GET /tests/Unit/ExampleTest.php HTTP/1.1" 500 0 "-" "Mozilla/5.0 (compatible; DotBot/1.2; +https://opensiteexplorer.org/dotbot; help@moz.com)"
80.94.92.111 - - [02/Jun/2026:21:04:59 +0000] "GET /.env HTTP/1.1" 200 1395 "-" "Mozilla/5.0 (Linux; U; Android 4.4.2; en-US; HM NOTE 1W Build/KOT49H) AppleWebKit/534.30 (KHTML, like Gecko) Version/4.0 UCBrowser/11.0.5.850 U3/0.8.0 Mobile Safari/534.30"
43.157.181.189 - - [02/Jun/2026:21:05:39 +0000] "GET /resources/ HTTP/1.1" 200 856 "-" "Mozilla/5.0 (iPhone; CPU iPhone OS 13_2_3 like Mac OS X) AppleWebKit/605.1.15 (KHTML, like Gecko) Version/13.0.3 Mobile/15E148 Safari/604.1"
170.106.113.159 - - [02/Jun/2026:21:07:05 +0000] "GET / HTTP/1.1" 200 2459 "-" "Mozilla/5.0 (iPhone; CPU iPhone OS 13_2_3 like Mac OS X) AppleWebKit/605.1.15 (KHTML, like Gecko) Version/13.0.3 Mobile/15E148 Safari/604.1"
152.136.23.159 - - [02/Jun/2026:21:08:23 +0000] "GET / HTTP/1.1" 200 2426 "-" "Mozilla/5.0 (iPhone; CPU iPhone OS 13_2_3 like Mac OS X) AppleWebKit/605.1.15 (KHTML, like Gecko) Version/13.0.3 Mobile/15E148 Safari/604.1"
155.254.22.50 - - [02/Jun/2026:21:27:37 +0000] "GET /gh/hh.php HTTP/1.1" 200 5761 "-" "Mozilla/5.0 (Linux; Android 10; K) AppleWebKit/537.36 (KHTML, like Gecko) Chrome/145.0.0.0 Mobile Safari/537.36"
91.134.142.208 - - [02/Jun/2026:21:01:00 +0000] "GET /gh/hh.php HTTP/1.1" 200 1762 "-" "Mozilla/5.0 (Linux; Android 10; K) AppleWebKit/537.36 (KHTML, like Gecko) Chrome/145.0.0.0 Mobile Safari/537.36"
141.227.139.224 - - [02/Jun/2026:21:01:01 +0000] "GET /gh/hh.php HTTP/1.1" 200 1762 "-" "Mozilla/5.0 (Linux; Android 10; K) AppleWebKit/537.36 (KHTML, like Gecko) Chrome/145.0.0.0 Mobile Safari/537.36"
80.94.92.111 - - [02/Jun/2026:21:08:03 +0000] "GET /vendor/phpunit/phpunit/src/Util/PHP/eval-stdin.php HTTP/1.1" 404 1251 "-" "python-requests/2.25.1"
43.156.18.240 - - [02/Jun/2026:21:16:29 +0000] "GET /?MA HTTP/1.1" 200 2419 "-" "Mozilla/5.0 (iPhone; CPU iPhone OS 13_2_3 like Mac OS X) AppleWebKit/605.1.15 (KHTML, like Gecko) Version/13.0.3 Mobile/15E148 Safari/604.1"
57.131.13.108 - - [02/Jun/2026:21:24:05 +0000] "GET /gh/ HTTP/1.1" 200 771 "-" "Mozilla/5.0 (Linux; Android 10; K) AppleWebKit/537.36 (KHTML, like Gecko) Chrome/139.0.0.0 Mobile Safari/537.36"
209.38.173.77 - - [02/Jun/2026:21:24:08 +0000] "GET /gh/ HTTP/1.1" 200 771 "-" "Mozilla/5.0 (Linux; Android 10; K) AppleWebKit/537.36 (KHTML, like Gecko) Chrome/139.0.0.0 Mobile Safari/537.36"
146.190.190.67 - - [02/Jun/2026:21:24:09 +0000] "GET /gh/ HTTP/1.1" 200 771 "-" "Mozilla/5.0 (Linux; Android 10; K) AppleWebKit/537.36 (KHTML, like Gecko) Chrome/139.0.0.0 Mobile Safari/537.36"
138.68.120.52 - - [02/Jun/2026:21:24:10 +0000] "GET /gh/ HTTP/1.1" 200 771 "-" "Mozilla/5.0 (Linux; Android 10; K) AppleWebKit/537.36 (KHTML, like Gecko) Chrome/139.0.0.0 Mobile Safari/537.36"
43.156.109.53 - - [02/Jun/2026:21:26:47 +0000] "GET /resources/?ND HTTP/1.1" 200 857 "-" "Mozilla/5.0 (iPhone; CPU iPhone OS 13_2_3 like Mac OS X) AppleWebKit/605.1.15 (KHTML, like Gecko) Version/13.0.3 Mobile/15E148 Safari/604.1"
91.134.142.208 - - [02/Jun/2026:21:27:36 +0000] "GET /gh/hh.php HTTP/1.1" 200 1762 "-" "Mozilla/5.0 (Linux; Android 10; K) AppleWebKit/537.36 (KHTML, like Gecko) Chrome/145.0.0.0 Mobile Safari/537.36"
88.151.33.237 - - [02/Jun/2026:21:28:32 +0000] "GET / HTTP/1.1" 200 2459 "-" "Mozilla/5.0 (Macintosh; Intel Mac OS X 10_15_7) AppleWebKit/605.1.15 (KHTML, like Gecko) Version/17.6 Safari/605.1.15"
88.151.33.237 - - [02/Jun/2026:21:28:40 +0000] "GET /.git/config HTTP/1.1" 403 1242 "-" "Mozilla/5.0 (compatible; cohere-ai/1.0; +https://cohere.com)"
88.151.33.237 - - [02/Jun/2026:21:28:42 +0000] "GET /_autoindex/assets/js/tablesort.number.js HTTP/1.1" 200 366 "-" "Mozilla/5.0 (iPhone; CPU iPhone OS 18_2 like Mac OS X) AppleWebKit/605.1.15 (KHTML, like Gecko) Version/18.2 Mobile/15E148 Safari/604.1"
88.151.33.237 - - [02/Jun/2026:21:28:42 +0000] "GET /.aws/credentials HTTP/1.1" 404 1251 "-" "Mozilla/5.0 (compatible; Bytespider; spider-feedback@bytedance.com)"
88.151.33.237 - - [02/Jun/2026:21:28:42 +0000] "GET /vault.env HTTP/1.1" 404 1251 "-" "CCBot/2.0 (https://commoncrawl.org/faq/)"
88.151.33.237 - - [02/Jun/2026:21:28:42 +0000] "GET /secrets.json HTTP/1.1" 404 1251 "-" "Mozilla/5.0 (compatible; Google-Extended/1.0; +http://www.google.com/bot.html)"
88.151.33.237 - - [02/Jun/2026:21:28:45 +0000] "GET /application.yml HTTP/1.1" 404 1251 "-" "Mozilla/5.0 AppleWebKit/537.36 (KHTML, like Gecko); compatible; ClaudeBot/1.0; +mailto:support@anthropic.com"
88.151.33.237 - - [02/Jun/2026:21:28:45 +0000] "GET /application.properties HTTP/1.1" 404 1251 "-" "Mozilla/5.0 AppleWebKit/537.36 (KHTML, like Gecko); compatible; PerplexityBot/1.0; +https://perplexity.ai/perplexitybot"
88.151.33.237 - - [02/Jun/2026:21:28:46 +0000] "GET /secrets.yml HTTP/1.1" 404 1251 "-" "Mozilla/5.0 AppleWebKit/537.36 (KHTML, like Gecko); compatible; GPTBot/1.2; +https://openai.com/gptbot"
88.151.33.237 - - [02/Jun/2026:21:28:47 +0000] "GET /.env HTTP/1.1" 200 1395 "-" "Mozilla/5.0 (compatible; Google-Extended/1.0; +http://www.google.com/bot.html)"
88.151.33.237 - - [02/Jun/2026:21:28:47 +0000] "GET /.env.example HTTP/1.1" 404 1251 "-" "Mozilla/5.0 (compatible; Google-Extended/1.0; +http://www.google.com/bot.html)"
88.151.33.237 - - [02/Jun/2026:21:28:49 +0000] "GET /.env.production HTTP/1.1" 404 1251 "-" "Mozilla/5.0 AppleWebKit/537.36 (KHTML, like Gecko); compatible; GPTBot/1.2; +https://openai.com/gptbot"
88.151.33.237 - - [02/Jun/2026:21:28:51 +0000] "GET /config/application.properties HTTP/1.1" 404 1251 "-" "Mozilla/5.0 (compatible; Google-Extended/1.0; +http://www.google.com/bot.html)"
88.151.33.237 - - [02/Jun/2026:21:28:51 +0000] "GET /.env.development HTTP/1.1" 404 1251 "-" "CCBot/2.0 (https://commoncrawl.org/faq/)"
88.151.33.237 - - [02/Jun/2026:21:28:53 +0000] "GET /.env.backup HTTP/1.1" 404 1251 "-" "Mozilla/5.0 AppleWebKit/537.36 (KHTML, like Gecko); compatible; PerplexityBot/1.0; +https://perplexity.ai/perplexitybot"
88.151.33.237 - - [02/Jun/2026:21:28:54 +0000] "GET /.env.bak HTTP/1.1" 404 1251 "-" "Mozilla/5.0 (compatible; Amazonbot/0.1; +https://developer.amazon.com/support/amazonbot)"
88.151.33.237 - - [02/Jun/2026:21:28:56 +0000] "GET /.env.local HTTP/1.1" 404 1251 "-" "Mozilla/5.0 (compatible; Amazonbot/0.1; +https://developer.amazon.com/support/amazonbot)"
88.151.33.237 - - [02/Jun/2026:21:29:00 +0000] "GET /.env.old HTTP/1.1" 404 1251 "-" "Mozilla/5.0 (compatible; Bytespider; spider-feedback@bytedance.com)"
88.151.33.237 - - [02/Jun/2026:21:29:01 +0000] "GET /.env.staging HTTP/1.1" 404 1251 "-" "Mozilla/5.0 (compatible; cohere-ai/1.0; +https://cohere.com)"
88.151.33.237 - - [02/Jun/2026:21:29:02 +0000] "GET /config.env HTTP/1.1" 404 1251 "-" "meta-externalagent/1.1 (+https://developers.facebook.com/docs/sharing/webmasters/crawler)"
88.151.33.237 - - [02/Jun/2026:21:28:45 +0000] "GET /storage/logs/laravel.log HTTP/1.1" 200 2988672 "-" "Mozilla/5.0 AppleWebKit/537.36 (KHTML, like Gecko); compatible; PerplexityBot/1.0; +https://perplexity.ai/perplexitybot"
88.151.33.237 - - [02/Jun/2026:21:29:03 +0000] "GET /_autoindex/assets/js/tablesort.number.js.map HTTP/1.1" 404 1251 "-" "Mozilla/5.0 (iPhone; CPU iPhone OS 18_1 like Mac OS X) AppleWebKit/605.1.15 (KHTML, like Gecko) Version/18.1 Mobile/15E148 Safari/604.1"
88.151.33.237 - - [02/Jun/2026:21:29:12 +0000] "GET /?MA HTTP/1.1" 200 2415 "-" "Mozilla/5.0 (iPhone; CPU iPhone OS 18_0 like Mac OS X) AppleWebKit/605.1.15 (KHTML, like Gecko) Version/18.0 Mobile/15E148 Safari/604.1"
88.151.33.237 - - [02/Jun/2026:21:29:16 +0000] "GET /?SA HTTP/1.1" 200 2451 "-" "Mozilla/5.0 (Windows NT 10.0; Win64; x64) AppleWebKit/537.36 (KHTML, like Gecko) Chrome/132.0.0.0 Safari/537.36 Edg/132.0.0.0"
88.151.33.237 - - [02/Jun/2026:21:29:21 +0000] "GET /bootstrap/ HTTP/1.1" 200 883 "-" "Mozilla/5.0 (Windows NT 10.0; Win64; x64) AppleWebKit/537.36 (KHTML, like Gecko) UBrowser/8.0.0.0 Chrome/120.0.0.0 Safari/537.36"
88.151.33.237 - - [02/Jun/2026:21:29:25 +0000] "GET /email/ HTTP/1.1" 200 670 "-" "Mozilla/5.0 (Macintosh; Intel Mac OS X 10_15_7) AppleWebKit/605.1.15 (KHTML, like Gecko) Version/18.0 Safari/605.1.15"
88.151.33.237 - - [02/Jun/2026:21:29:27 +0000] "GET /gh/ HTTP/1.1" 200 757 "-" "Mozilla/5.0 (iPad; CPU OS 17_7 like Mac OS X) AppleWebKit/605.1.15 (KHTML, like Gecko) Version/17.7 Mobile/15E148 Safari/604.1"
88.151.33.237 - - [02/Jun/2026:21:29:37 +0000] "GET /bnh/vite.config.ts HTTP/1.1" 200 5785 "-" "Mozilla/5.0 (Macintosh; Intel Mac OS X 10_15_7) AppleWebKit/537.36 (KHTML, like Gecko) Chrome/131.0.0.0 Safari/537.36"
88.151.33.237 - - [02/Jun/2026:21:29:42 +0000] "GET /?NA HTTP/1.1" 200 2459 "-" "Mozilla/5.0 (Macintosh; Intel Mac OS X 10_15_7) AppleWebKit/605.1.15 (KHTML, like Gecko) Version/18.0 Safari/605.1.15"
88.151.33.237 - - [02/Jun/2026:21:29:44 +0000] "GET /package.json HTTP/1.1" 200 231 "-" "Mozilla/5.0 (X11; Linux x86_64) AppleWebKit/537.36 (KHTML, like Gecko) Chrome/131.0.0.0 Safari/537.36"
95.153.32.12 - - [02/Jun/2026:21:29:55 +0000] "GET /gh/ HTTP/1.1" 200 1552 "-" "Mozilla/5.0 (Linux, Android 10, K) AppleWebKit/537.36 (KHTML, like Gecko) Chrome/148.0.0.0 Mobile Safari/537.36"
170.64.251.156 - - [02/Jun/2026:21:27:38 +0000] "GET /gh/hh.php HTTP/1.1" 200 1762 "-" "Mozilla/5.0 (Linux; Android 10; K) AppleWebKit/537.36 (KHTML, like Gecko) Chrome/145.0.0.0 Mobile Safari/537.36"
141.227.139.224 - - [02/Jun/2026:21:27:40 +0000] "GET /gh/hh.php HTTP/1.1" 200 1762 "-" "Mozilla/5.0 (Linux; Android 10; K) AppleWebKit/537.36 (KHTML, like Gecko) Chrome/145.0.0.0 Mobile Safari/537.36"
88.151.33.237 - - [02/Jun/2026:21:28:42 +0000] "GET /_autoindex/assets/js/tablesort.js HTTP/1.1" 200 2300 "-" "Mozilla/5.0 (Macintosh; Intel Mac OS X 10_15_7) AppleWebKit/605.1.15 (KHTML, like Gecko) Version/18.2 Safari/605.1.15"
169.239.183.74 - - [02/Jun/2026:21:28:46 +0000] "POST /wp-content/plugins/simple-file-list/ee-upload-engine.php HTTP/1.1" 404 1251 "http://ms-hostingladz.com/wp-admin" "Mozilla/5.0 (Windows NT 10.0; Win64; x64)"
88.151.33.237 - - [02/Jun/2026:21:28:46 +0000] "GET /config/secrets.yml HTTP/1.1" 404 1251 "-" "Mozilla/5.0 AppleWebKit/537.36 (KHTML, like Gecko); compatible; PerplexityBot/1.0; +https://perplexity.ai/perplexitybot"
88.151.33.237 - - [02/Jun/2026:21:29:07 +0000] "GET /inventry.sql HTTP/1.1" 200 3797 "-" "Mozilla/5.0 (Macintosh; Intel Mac OS X 10_15_7) AppleWebKit/537.36 (KHTML, like Gecko) Chrome/131.0.0.0 Safari/537.36 OPR/116.0.0.0"
88.151.33.237 - - [02/Jun/2026:21:29:11 +0000] "GET /?ND HTTP/1.1" 200 2449 "-" "Mozilla/5.0 (X11; Ubuntu; Linux x86_64; rv:133.0) Gecko/20100101 Firefox/133.0"
88.151.33.237 - - [02/Jun/2026:21:29:16 +0000] "GET /app/ HTTP/1.1" 200 1706 "-" "Mozilla/5.0 (Windows NT 10.0; WOW64) AppleWebKit/537.36 (KHTML, like Gecko) Chrome/131.0.0.0 Safari/537.36"
88.151.33.237 - - [02/Jun/2026:21:29:17 +0000] "GET /assets/ HTTP/1.1" 200 1267 "-" "Mozilla/5.0 (Windows NT 10.0; Win64; x64; rv:133.0) Gecko/20100101 Firefox/133.0"
88.151.33.237 - - [02/Jun/2026:21:29:19 +0000] "GET /bi/ HTTP/1.1" 200 747 "-" "Mozilla/5.0 (Linux; Android 14; Pixel 9) AppleWebKit/537.36 (KHTML, like Gecko) Chrome/131.0.0.0 Mobile Safari/537.36"
88.151.33.237 - - [02/Jun/2026:21:29:21 +0000] "GET /bnh/ HTTP/1.1" 200 1509 "-" "Mozilla/5.0 (Macintosh; Intel Mac OS X 10_15_7) AppleWebKit/605.1.15 (KHTML, like Gecko) Version/17.5 Safari/605.1.15"
88.151.33.237 - - [02/Jun/2026:21:29:21 +0000] "GET /cv/ HTTP/1.1" 200 1379 "-" "Mozilla/5.0 (Linux; Android 14; V2309A) AppleWebKit/537.36 (KHTML, like Gecko) Chrome/131.0.0.0 Mobile Safari/537.36"
88.151.33.237 - - [02/Jun/2026:21:29:24 +0000] "GET /dfrr/ HTTP/1.1" 200 747 "-" "Mozilla/5.0 (Windows NT 10.0; WOW64) AppleWebKit/537.36 (KHTML, like Gecko) Chrome/107.0.5304.141 Safari/537.36 MicroMessenger/3.9.10.27135 NetType/WIFI WindowsWechat"
88.151.33.237 - - [02/Jun/2026:21:29:27 +0000] "GET /generateur/ HTTP/1.1" 200 673 "-" "Mozilla/5.0 (Linux; Android 14; Pixel 8) AppleWebKit/537.36 (KHTML, like Gecko) Version/4.0 Chrome/131.0.0.0 Mobile Safari/537.36 AliApp(DingTalk/7.5.30) com.alibaba.android.rimet/35900215 Channel/201200"
88.151.33.237 - - [02/Jun/2026:21:29:28 +0000] "GET /HMP/ HTTP/1.1" 200 670 "-" "Mozilla/5.0 (X11; Linux x86_64) AppleWebKit/537.36 (KHTML, like Gecko) Chrome/131.0.0.0 Safari/537.36"
88.151.33.237 - - [02/Jun/2026:21:29:37 +0000] "GET /?MD HTTP/1.1" 200 2417 "-" "Mozilla/5.0 (Macintosh; Intel Mac OS X 10_15_7) AppleWebKit/537.36 (KHTML, like Gecko) Chrome/131.0.0.0 Safari/537.36 Edg/131.0.0.0"
88.151.33.237 - - [02/Jun/2026:21:29:42 +0000] "GET /webpack.mix.js HTTP/1.1" 200 287 "-" "Mozilla/5.0 (Windows NT 10.0; Win64; x64) AppleWebKit/537.36 (KHTML, like Gecko) Chrome/131.0.0.0 Safari/537.36 OPR/116.0.0.0"
88.151.33.237 - - [02/Jun/2026:21:29:47 +0000] "GET /phpunit.xml HTTP/1.1" 200 493 "-" "Mozilla/5.0 (Windows NT 10.0; Win64; x64) AppleWebKit/537.36 (KHTML, like Gecko) Chrome/131.0.0.0 Safari/537.36"
88.151.33.237 - - [02/Jun/2026:21:29:47 +0000] "GET /wtsalles.txt HTTP/1.1" 200 156 "-" "Mozilla/5.0 (Macintosh; Intel Mac OS X 10_15_7) AppleWebKit/605.1.15 (KHTML, like Gecko) Version/17.5 Safari/605.1.15"
141.227.129.69 - - [02/Jun/2026:21:29:55 +0000] "GET /gh/ HTTP/1.1" 200 760 "-" "Mozilla/5.0 (Linux, Android 10, K) AppleWebKit/537.36 (KHTML, like Gecko) Chrome/148.0.0.0 Mobile Safari/537.36"
57.129.134.182 - - [02/Jun/2026:21:29:57 +0000] "GET /gh/ HTTP/1.1" 200 760 "-" "Mozilla/5.0 (Linux, Android 10, K) AppleWebKit/537.36 (KHTML, like Gecko) Chrome/148.0.0.0 Mobile Safari/537.36"
88.151.33.237 - - [02/Jun/2026:21:30:07 +0000] "GET /robots.txt HTTP/1.1" 404 1251 "-" "Mozilla/5.0 (X11; Linux x86_64; rv:133.0) Gecko/20100101 Firefox/133.0"
43.161.224.78 - - [02/Jun/2026:21:36:21 +0000] "GET /resources/lang/ HTTP/1.1" 200 754 "-" "Mozilla/5.0 (iPhone; CPU iPhone OS 13_2_3 like Mac OS X) AppleWebKit/605.1.15 (KHTML, like Gecko) Version/13.0.3 Mobile/15E148 Safari/604.1"
216.244.66.244 - - [02/Jun/2026:21:42:20 +0000] "GET /robots.txt HTTP/1.1" 404 1251 "-" "Mozilla/5.0 (compatible; DotBot/1.2; +https://opensiteexplorer.org/dotbot; help@moz.com)"
135.181.213.219 - - [02/Jun/2026:21:50:07 +0000] "GET /robots.txt HTTP/1.1" 404 1251 "-" "Mozilla/5.0 (compatible; MJ12bot/v1.4.8; http://mj12bot.com/)"
135.181.213.219 - - [02/Jun/2026:21:50:13 +0000] "GET /saudia/?SD HTTP/1.1" 200 550 "-" "Mozilla/5.0 (compatible; MJ12bot/v1.4.8; http://mj12bot.com/)"
135.181.213.219 - - [02/Jun/2026:21:50:14 +0000] "GET /robots.txt HTTP/1.1" 404 1251 "-" "Mozilla/5.0 (compatible; MJ12bot/v1.4.8; http://mj12bot.com/)"
135.181.213.219 - - [02/Jun/2026:21:50:20 +0000] "GET /auth/realms/audience-externe/login-actions/reset-credentials?client_id=portail-unique&tab_id=LP2abMCxK0E HTTP/1.1" 404 1251 "-" "Mozilla/5.0 (compatible; MJ12bot/v1.4.8; http://mj12bot.com/)"
135.181.213.219 - - [02/Jun/2026:21:50:24 +0000] "GET /bi/?SD HTTP/1.1" 200 625 "-" "Mozilla/5.0 (compatible; MJ12bot/v1.4.8; http://mj12bot.com/)"
135.181.213.219 - - [02/Jun/2026:21:50:28 +0000] "GET /bnh/?MD HTTP/1.1" 200 1311 "-" "Mozilla/5.0 (compatible; MJ12bot/v1.4.8; http://mj12bot.com/)"
135.181.213.219 - - [02/Jun/2026:21:50:40 +0000] "GET /dfrr/?NA HTTP/1.1" 200 621 "-" "Mozilla/5.0 (compatible; MJ12bot/v1.4.8; http://mj12bot.com/)"
135.181.213.219 - - [02/Jun/2026:21:50:44 +0000] "GET /dfrr/?SD HTTP/1.1" 200 625 "-" "Mozilla/5.0 (compatible; MJ12bot/v1.4.8; http://mj12bot.com/)"
135.181.213.219 - - [02/Jun/2026:21:50:51 +0000] "GET /email/?NA HTTP/1.1" 200 549 "-" "Mozilla/5.0 (compatible; MJ12bot/v1.4.8; http://mj12bot.com/)"
135.181.213.219 - - [02/Jun/2026:21:50:55 +0000] "GET /email/?SD HTTP/1.1" 200 551 "-" "Mozilla/5.0 (compatible; MJ12bot/v1.4.8; http://mj12bot.com/)"
135.181.213.219 - - [02/Jun/2026:21:51:02 +0000] "GET /generateur/?NA HTTP/1.1" 200 553 "-" "Mozilla/5.0 (compatible; MJ12bot/v1.4.8; http://mj12bot.com/)"
135.181.213.219 - - [02/Jun/2026:21:51:06 +0000] "GET /generateur/?SD HTTP/1.1" 200 553 "-" "Mozilla/5.0 (compatible; MJ12bot/v1.4.8; http://mj12bot.com/)"
135.181.213.219 - - [02/Jun/2026:21:51:09 +0000] "GET /gh/?MD HTTP/1.1" 200 636 "-" "Mozilla/5.0 (compatible; MJ12bot/v1.4.8; http://mj12bot.com/)"
135.181.213.219 - - [02/Jun/2026:21:51:20 +0000] "GET /gh/hh.php?check_ip=10.44.64.64 HTTP/1.1" 200 1497 "-" "Mozilla/5.0 (compatible; MJ12bot/v1.4.8; http://mj12bot.com/)"
135.181.213.219 - - [02/Jun/2026:21:51:31 +0000] "GET /https:/?NA HTTP/1.1" 200 654 "-" "Mozilla/5.0 (compatible; MJ12bot/v1.4.8; http://mj12bot.com/)"
135.181.213.219 - - [02/Jun/2026:21:51:38 +0000] "GET /mo/?MD HTTP/1.1" 200 549 "-" "Mozilla/5.0 (compatible; MJ12bot/v1.4.8; http://mj12bot.com/)"
135.181.213.219 - - [02/Jun/2026:21:51:46 +0000] "GET /mo/?SD HTTP/1.1" 200 549 "-" "Mozilla/5.0 (compatible; MJ12bot/v1.4.8; http://mj12bot.com/)"
135.181.213.219 - - [02/Jun/2026:21:51:53 +0000] "GET /mwtrading/?NA HTTP/1.1" 200 554 "-" "Mozilla/5.0 (compatible; MJ12bot/v1.4.8; http://mj12bot.com/)"
135.181.213.219 - - [02/Jun/2026:21:52:08 +0000] "GET /nb/?SD HTTP/1.1" 200 550 "-" "Mozilla/5.0 (compatible; MJ12bot/v1.4.8; http://mj12bot.com/)"
141.227.139.224 - - [02/Jun/2026:21:29:55 +0000] "GET /gh/ HTTP/1.1" 200 760 "-" "Mozilla/5.0 (Linux, Android 10, K) AppleWebKit/537.36 (KHTML, like Gecko) Chrome/148.0.0.0 Mobile Safari/537.36"
88.151.33.237 - - [02/Jun/2026:21:30:05 +0000] "GET /sitemap.xml HTTP/1.1" 404 1251 "-" "Mozilla/5.0 (iPad; CPU OS 17_7 like Mac OS X) AppleWebKit/605.1.15 (KHTML, like Gecko) Version/17.7 Mobile/15E148 Safari/604.1"
43.134.177.47 - - [02/Jun/2026:21:45:28 +0000] "GET /resources/css/ HTTP/1.1" 200 828 "-" "Mozilla/5.0 (iPhone; CPU iPhone OS 13_2_3 like Mac OS X) AppleWebKit/605.1.15 (KHTML, like Gecko) Version/13.0.3 Mobile/15E148 Safari/604.1"
216.244.66.244 - - [02/Jun/2026:21:46:09 +0000] "GET /bi/binance2025/login.php HTTP/1.1" 302 0 "-" "Mozilla/5.0 (compatible; DotBot/1.2; +https://opensiteexplorer.org/dotbot; help@moz.com)"
216.244.66.244 - - [02/Jun/2026:21:46:23 +0000] "GET /resources/views/transactions/?ND HTTP/1.1" 200 2701 "-" "Mozilla/5.0 (compatible; DotBot/1.2; +https://opensiteexplorer.org/dotbot; help@moz.com)"
135.181.213.219 - - [02/Jun/2026:21:50:08 +0000] "GET /nb/?SD HTTP/1.1" 200 547 "-" "Mozilla/5.0 (compatible; MJ12bot/v1.4.8; http://mj12bot.com/)"
135.181.213.219 - - [02/Jun/2026:21:50:16 +0000] "GET /auth/realms/audience-externe/login-actions/registration?client_id=portail-unique&tab_id=LP2abMCxK0E HTTP/1.1" 404 1251 "-" "Mozilla/5.0 (compatible; MJ12bot/v1.4.8; http://mj12bot.com/)"
135.181.213.219 - - [02/Jun/2026:21:50:31 +0000] "GET /bnh/?NA HTTP/1.1" 200 1314 "-" "Mozilla/5.0 (compatible; MJ12bot/v1.4.8; http://mj12bot.com/)"
135.181.213.219 - - [02/Jun/2026:21:50:35 +0000] "GET /bnh/?SD HTTP/1.1" 200 1311 "-" "Mozilla/5.0 (compatible; MJ12bot/v1.4.8; http://mj12bot.com/)"
135.181.213.219 - - [02/Jun/2026:21:50:39 +0000] "GET /dfrr/?MD HTTP/1.1" 200 624 "-" "Mozilla/5.0 (compatible; MJ12bot/v1.4.8; http://mj12bot.com/)"
135.181.213.219 - - [02/Jun/2026:21:50:48 +0000] "GET /email/?MD HTTP/1.1" 200 550 "-" "Mozilla/5.0 (compatible; MJ12bot/v1.4.8; http://mj12bot.com/)"
135.181.213.219 - - [02/Jun/2026:21:50:58 +0000] "GET /generateur/?MD HTTP/1.1" 200 554 "-" "Mozilla/5.0 (compatible; MJ12bot/v1.4.8; http://mj12bot.com/)"
135.181.213.219 - - [02/Jun/2026:21:51:13 +0000] "GET /gh/?NA HTTP/1.1" 200 628 "-" "Mozilla/5.0 (compatible; MJ12bot/v1.4.8; http://mj12bot.com/)"
135.181.213.219 - - [02/Jun/2026:21:51:17 +0000] "GET /gh/?SD HTTP/1.1" 200 635 "-" "Mozilla/5.0 (compatible; MJ12bot/v1.4.8; http://mj12bot.com/)"
135.181.213.219 - - [02/Jun/2026:21:51:24 +0000] "GET /gh/hh.php?emailfilter=on HTTP/1.1" 200 1497 "-" "Mozilla/5.0 (compatible; MJ12bot/v1.4.8; http://mj12bot.com/)"
135.181.213.219 - - [02/Jun/2026:21:51:27 +0000] "GET /https:/?MD HTTP/1.1" 200 658 "-" "Mozilla/5.0 (compatible; MJ12bot/v1.4.8; http://mj12bot.com/)"
135.181.213.219 - - [02/Jun/2026:21:51:35 +0000] "GET /https:/?SD HTTP/1.1" 200 655 "-" "Mozilla/5.0 (compatible; MJ12bot/v1.4.8; http://mj12bot.com/)"
135.181.213.219 - - [02/Jun/2026:21:51:42 +0000] "GET /mo/?NA HTTP/1.1" 200 548 "-" "Mozilla/5.0 (compatible; MJ12bot/v1.4.8; http://mj12bot.com/)"
135.181.213.219 - - [02/Jun/2026:21:51:49 +0000] "GET /mwtrading/?MD HTTP/1.1" 200 554 "-" "Mozilla/5.0 (compatible; MJ12bot/v1.4.8; http://mj12bot.com/)"
135.181.213.219 - - [02/Jun/2026:21:51:57 +0000] "GET /mwtrading/?SD HTTP/1.1" 200 555 "-" "Mozilla/5.0 (compatible; MJ12bot/v1.4.8; http://mj12bot.com/)"
135.181.213.219 - - [02/Jun/2026:21:52:00 +0000] "GET /nb/?MD HTTP/1.1" 200 550 "-" "Mozilla/5.0 (compatible; MJ12bot/v1.4.8; http://mj12bot.com/)"
135.181.213.219 - - [02/Jun/2026:21:52:04 +0000] "GET /nb/?NA HTTP/1.1" 200 548 "-" "Mozilla/5.0 (compatible; MJ12bot/v1.4.8; http://mj12bot.com/)"
135.181.213.219 - - [02/Jun/2026:21:52:11 +0000] "GET /opco/?MD HTTP/1.1" 200 1377 "-" "Mozilla/5.0 (compatible; MJ12bot/v1.4.8; http://mj12bot.com/)"
135.181.213.219 - - [02/Jun/2026:21:52:26 +0000] "GET /resources/?NA HTTP/1.1" 200 714 "-" "Mozilla/5.0 (compatible; MJ12bot/v1.4.8; http://mj12bot.com/)"
135.181.213.219 - - [02/Jun/2026:21:52:29 +0000] "GET /resources/?SD HTTP/1.1" 200 714 "-" "Mozilla/5.0 (compatible; MJ12bot/v1.4.8; http://mj12bot.com/)"
135.181.213.219 - - [02/Jun/2026:21:52:37 +0000] "GET /routes/?NA HTTP/1.1" 200 1103 "-" "Mozilla/5.0 (compatible; MJ12bot/v1.4.8; http://mj12bot.com/)"
135.181.213.219 - - [02/Jun/2026:21:52:48 +0000] "GET /saudia/?NA HTTP/1.1" 200 550 "-" "Mozilla/5.0 (compatible; MJ12bot/v1.4.8; http://mj12bot.com/)"
135.181.213.219 - - [02/Jun/2026:21:52:52 +0000] "GET /saudia/?SD HTTP/1.1" 200 551 "-" "Mozilla/5.0 (compatible; MJ12bot/v1.4.8; http://mj12bot.com/)"
135.181.213.219 - - [02/Jun/2026:21:52:55 +0000] "GET /saudiapost/?MD HTTP/1.1" 200 703 "-" "Mozilla/5.0 (compatible; MJ12bot/v1.4.8; http://mj12bot.com/)"
135.181.213.219 - - [02/Jun/2026:21:52:59 +0000] "GET /saudiapost/?NA HTTP/1.1" 200 700 "-" "Mozilla/5.0 (compatible; MJ12bot/v1.4.8; http://mj12bot.com/)"
135.181.213.219 - - [02/Jun/2026:21:53:06 +0000] "GET /storage/?MD HTTP/1.1" 200 678 "-" "Mozilla/5.0 (compatible; MJ12bot/v1.4.8; http://mj12bot.com/)"
135.181.213.219 - - [02/Jun/2026:21:53:13 +0000] "GET /storage/?SD HTTP/1.1" 200 679 "-" "Mozilla/5.0 (compatible; MJ12bot/v1.4.8; http://mj12bot.com/)"
135.181.213.219 - - [02/Jun/2026:21:53:21 +0000] "GET /tests/?NA HTTP/1.1" 200 803 "-" "Mozilla/5.0 (compatible; MJ12bot/v1.4.8; http://mj12bot.com/)"
155.254.22.50 - - [02/Jun/2026:21:55:11 +0000] "GET /gh/hh.php HTTP/1.1" 200 5761 "-" "Mozilla/5.0 (Linux; Android 10; K) AppleWebKit/537.36 (KHTML, like Gecko) Chrome/145.0.0.0 Mobile Safari/537.36"
170.106.181.163 - - [02/Jun/2026:21:56:19 +0000] "GET /resources/?MA HTTP/1.1" 200 859 "-" "Mozilla/5.0 (iPhone; CPU iPhone OS 13_2_3 like Mac OS X) AppleWebKit/605.1.15 (KHTML, like Gecko) Version/13.0.3 Mobile/15E148 Safari/604.1"
51.91.156.252 - - [02/Jun/2026:21:59:55 +0000] "GET /gh/hh.php HTTP/1.1" 200 1762 "-" "Mozilla/5.0 (Linux; Android 10; K) AppleWebKit/537.36 (KHTML, like Gecko) Chrome/137.0.0.0 Mobile Safari/537.36"
144.172.103.224 - - [02/Jun/2026:22:01:28 +0000] "GET /.env HTTP/1.1" 200 1395 "-" "Mozilla/5.0 (Macintosh; U; Intel Mac OS X 10_6_8; en-us) AppleWebKit/534.50 (KHTML, like Gecko) Version/5.1 Safari/534.50"
95.153.32.12 - - [02/Jun/2026:22:02:53 +0000] "GET /gh/ HTTP/1.1" 200 1552 "-" "Mozilla/5.0 (Linux, Android 10, K) AppleWebKit/537.36 (KHTML, like Gecko) Chrome/148.0.0.0 Mobile Safari/537.36"
57.129.134.182 - - [02/Jun/2026:22:02:53 +0000] "GET /gh/ HTTP/1.1" 200 760 "-" "Mozilla/5.0 (Linux, Android 10, K) AppleWebKit/537.36 (KHTML, like Gecko) Chrome/148.0.0.0 Mobile Safari/537.36"
141.227.129.69 - - [02/Jun/2026:22:02:56 +0000] "GET /gh/ HTTP/1.1" 200 760 "-" "Mozilla/5.0 (Linux, Android 10, K) AppleWebKit/537.36 (KHTML, like Gecko) Chrome/148.0.0.0 Mobile Safari/537.36"
157.66.56.227 - - [02/Jun/2026:22:23:09 +0000] "POST /wp-admin/admin-ajax.php HTTP/1.1" 404 1251 "-" "Mozilla/5.0 (Windows NT 10.0; Win64; x64) AppleWebKit/537.36 (KHTML, like Gecko) Chrome/120.0.0.0 Safari/537.36 Edg/120.0.0.0"
216.244.66.244 - - [02/Jun/2026:22:25:12 +0000] "GET /robots.txt HTTP/1.1" 404 1251 "-" "Mozilla/5.0 (compatible; DotBot/1.2; +https://opensiteexplorer.org/dotbot; help@moz.com)"
43.165.7.132 - - [02/Jun/2026:22:25:42 +0000] "GET /resources/views/ HTTP/1.1" 200 1473 "-" "Mozilla/5.0 (iPhone; CPU iPhone OS 13_2_3 like Mac OS X) AppleWebKit/605.1.15 (KHTML, like Gecko) Version/13.0.3 Mobile/15E148 Safari/604.1"
155.254.22.50 - - [02/Jun/2026:22:27:47 +0000] "GET /gh/hh.php HTTP/1.1" 200 5761 "-" "Mozilla/5.0 (Linux; Android 10; K) AppleWebKit/537.36 (KHTML, like Gecko) Chrome/145.0.0.0 Mobile Safari/537.36"
141.227.139.224 - - [02/Jun/2026:22:27:50 +0000] "GET /gh/hh.php HTTP/1.1" 200 1762 "-" "Mozilla/5.0 (Linux; Android 10; K) AppleWebKit/537.36 (KHTML, like Gecko) Chrome/145.0.0.0 Mobile Safari/537.36"
216.244.66.244 - - [02/Jun/2026:22:29:00 +0000] "GET /assets/fonts/nucleo.woff2 HTTP/1.1" 200 12616 "-" "Mozilla/5.0 (compatible; DotBot/1.2; +https://opensiteexplorer.org/dotbot; help@moz.com)"
135.181.213.219 - - [02/Jun/2026:21:52:15 +0000] "GET /opco/?NA HTTP/1.1" 200 1383 "-" "Mozilla/5.0 (compatible; MJ12bot/v1.4.8; http://mj12bot.com/)"
135.181.213.219 - - [02/Jun/2026:21:52:18 +0000] "GET /opco/?SD HTTP/1.1" 200 1381 "-" "Mozilla/5.0 (compatible; MJ12bot/v1.4.8; http://mj12bot.com/)"
135.181.213.219 - - [02/Jun/2026:21:52:22 +0000] "GET /resources/?MD HTTP/1.1" 200 721 "-" "Mozilla/5.0 (compatible; MJ12bot/v1.4.8; http://mj12bot.com/)"
135.181.213.219 - - [02/Jun/2026:21:52:33 +0000] "GET /routes/?MD HTTP/1.1" 200 1101 "-" "Mozilla/5.0 (compatible; MJ12bot/v1.4.8; http://mj12bot.com/)"
135.181.213.219 - - [02/Jun/2026:21:52:41 +0000] "GET /routes/?SD HTTP/1.1" 200 1099 "-" "Mozilla/5.0 (compatible; MJ12bot/v1.4.8; http://mj12bot.com/)"
135.181.213.219 - - [02/Jun/2026:21:52:44 +0000] "GET /saudia/?MD HTTP/1.1" 200 551 "-" "Mozilla/5.0 (compatible; MJ12bot/v1.4.8; http://mj12bot.com/)"
135.181.213.219 - - [02/Jun/2026:21:53:03 +0000] "GET /saudiapost/?SD HTTP/1.1" 200 703 "-" "Mozilla/5.0 (compatible; MJ12bot/v1.4.8; http://mj12bot.com/)"
135.181.213.219 - - [02/Jun/2026:21:53:10 +0000] "GET /storage/?NA HTTP/1.1" 200 679 "-" "Mozilla/5.0 (compatible; MJ12bot/v1.4.8; http://mj12bot.com/)"
135.181.213.219 - - [02/Jun/2026:21:53:17 +0000] "GET /tests/?MD HTTP/1.1" 200 807 "-" "Mozilla/5.0 (compatible; MJ12bot/v1.4.8; http://mj12bot.com/)"
141.227.139.224 - - [02/Jun/2026:21:55:10 +0000] "GET /gh/hh.php HTTP/1.1" 200 1762 "-" "Mozilla/5.0 (Linux; Android 10; K) AppleWebKit/537.36 (KHTML, like Gecko) Chrome/145.0.0.0 Mobile Safari/537.36"
170.64.251.156 - - [02/Jun/2026:21:55:13 +0000] "GET /gh/hh.php HTTP/1.1" 200 1762 "-" "Mozilla/5.0 (Linux; Android 10; K) AppleWebKit/537.36 (KHTML, like Gecko) Chrome/145.0.0.0 Mobile Safari/537.36"
91.134.142.208 - - [02/Jun/2026:21:55:13 +0000] "GET /gh/hh.php HTTP/1.1" 200 1762 "-" "Mozilla/5.0 (Linux; Android 10; K) AppleWebKit/537.36 (KHTML, like Gecko) Chrome/145.0.0.0 Mobile Safari/537.36"
159.223.242.210 - - [02/Jun/2026:21:59:54 +0000] "GET /gh/hh.php HTTP/1.1" 200 1762 "-" "Mozilla/5.0 (Linux; Android 10; K) AppleWebKit/537.36 (KHTML, like Gecko) Chrome/137.0.0.0 Mobile Safari/537.36"
209.50.228.94 - - [02/Jun/2026:21:59:54 +0000] "GET /gh/hh.php HTTP/1.1" 200 1762 "-" "Mozilla/5.0 (Linux; Android 10; K) AppleWebKit/537.36 (KHTML, like Gecko) Chrome/137.0.0.0 Mobile Safari/537.36"
157.230.195.44 - - [02/Jun/2026:21:59:54 +0000] "GET /gh/hh.php HTTP/1.1" 200 1762 "-" "Mozilla/5.0 (Linux; Android 10; K) AppleWebKit/537.36 (KHTML, like Gecko) Chrome/137.0.0.0 Mobile Safari/537.36"
141.227.139.224 - - [02/Jun/2026:22:02:54 +0000] "GET /gh/ HTTP/1.1" 200 760 "-" "Mozilla/5.0 (Linux, Android 10, K) AppleWebKit/537.36 (KHTML, like Gecko) Chrome/148.0.0.0 Mobile Safari/537.36"
43.157.53.115 - - [02/Jun/2026:22:05:45 +0000] "GET /resources/?SA HTTP/1.1" 200 857 "-" "Mozilla/5.0 (iPhone; CPU iPhone OS 13_2_3 like Mac OS X) AppleWebKit/605.1.15 (KHTML, like Gecko) Version/13.0.3 Mobile/15E148 Safari/604.1"
129.226.94.52 - - [02/Jun/2026:22:15:20 +0000] "GET /bootstrap/ HTTP/1.1" 200 888 "-" "Mozilla/5.0 (iPhone; CPU iPhone OS 13_2_3 like Mac OS X) AppleWebKit/605.1.15 (KHTML, like Gecko) Version/13.0.3 Mobile/15E148 Safari/604.1"
91.134.142.208 - - [02/Jun/2026:22:27:49 +0000] "GET /gh/hh.php HTTP/1.1" 200 1762 "-" "Mozilla/5.0 (Linux; Android 10; K) AppleWebKit/537.36 (KHTML, like Gecko) Chrome/145.0.0.0 Mobile Safari/537.36"
170.64.251.156 - - [02/Jun/2026:22:27:49 +0000] "GET /gh/hh.php HTTP/1.1" 200 1762 "-" "Mozilla/5.0 (Linux; Android 10; K) AppleWebKit/537.36 (KHTML, like Gecko) Chrome/145.0.0.0 Mobile Safari/537.36"
216.244.66.244 - - [02/Jun/2026:22:29:04 +0000] "GET /resources/views/alerts/success.blade.php HTTP/1.1" 200 143 "-" "Mozilla/5.0 (compatible; DotBot/1.2; +https://opensiteexplorer.org/dotbot; help@moz.com)"
141.227.129.69 - - [02/Jun/2026:22:34:56 +0000] "GET /gh/ HTTP/1.1" 200 760 "-" "Mozilla/5.0 (Linux, Android 10, K) AppleWebKit/537.36 (KHTML, like Gecko) Chrome/148.0.0.0 Mobile Safari/537.36"
216.244.66.244 - - [02/Jun/2026:22:29:09 +0000] "GET /resources/views/transactions/?MA HTTP/1.1" 200 2700 "-" "Mozilla/5.0 (compatible; DotBot/1.2; +https://opensiteexplorer.org/dotbot; help@moz.com)"
66.132.172.110 - - [02/Jun/2026:22:30:10 +0000] "GET / HTTP/1.1" 200 2425 "-" "Mozilla/5.0 (compatible; CensysInspect/1.1; +https://about.censys.io/)"
66.132.172.110 - - [02/Jun/2026:22:30:10 +0000] "GET /bootstrap/ HTTP/1.1" 200 887 "-" "Mozilla/5.0 (compatible; CensysInspect/1.1; +https://about.censys.io/)"
66.132.172.110 - - [02/Jun/2026:22:30:11 +0000] "GET /dfrr/ HTTP/1.1" 200 750 "-" "Mozilla/5.0 (compatible; CensysInspect/1.1; +https://about.censys.io/)"
66.132.172.110 - - [02/Jun/2026:22:30:11 +0000] "GET /public/ HTTP/1.1" 500 0 "-" "Mozilla/5.0 (compatible; CensysInspect/1.1; +https://about.censys.io/)"
66.132.172.110 - - [02/Jun/2026:22:30:12 +0000] "GET /nb/ HTTP/1.1" 200 671 "-" "Mozilla/5.0 (compatible; CensysInspect/1.1; +https://about.censys.io/)"
57.129.134.182 - - [02/Jun/2026:22:34:55 +0000] "GET /gh/ HTTP/1.1" 200 760 "-" "Mozilla/5.0 (Linux, Android 10, K) AppleWebKit/537.36 (KHTML, like Gecko) Chrome/148.0.0.0 Mobile Safari/537.36"
141.227.139.224 - - [02/Jun/2026:22:34:56 +0000] "GET /gh/ HTTP/1.1" 200 760 "-" "Mozilla/5.0 (Linux, Android 10, K) AppleWebKit/537.36 (KHTML, like Gecko) Chrome/148.0.0.0 Mobile Safari/537.36"
43.155.157.239 - - [02/Jun/2026:22:35:26 +0000] "GET /resources/lang/?MA HTTP/1.1" 200 761 "-" "Mozilla/5.0 (iPhone; CPU iPhone OS 13_2_3 like Mac OS X) AppleWebKit/605.1.15 (KHTML, like Gecko) Version/13.0.3 Mobile/15E148 Safari/604.1"
64.31.22.34 - - [02/Jun/2026:22:47:36 +0000] "GET /.well-known/acme-challenge/Q8QX905PMFCZ2ABKGMTRJOHV8TUEB_K6 HTTP/1.1" 200 64 "-" "Cpanel-HTTP-Client/1.0"
64.31.22.34 - - [02/Jun/2026:22:47:36 +0000] "GET /.well-known/acme-challenge/H26VLW20CYVEKIC_X45Y2DBRW9NJIIML HTTP/1.1" 200 64 "-" "Cpanel-HTTP-Client/1.0"
64.31.22.34 - - [02/Jun/2026:22:47:36 +0000] "GET /.well-known/acme-challenge/YQF0X_VA-0H1IBILJI3PF63PLPGGEIMN HTTP/1.1" 200 64 "-" "Cpanel-HTTP-Client/1.0"
64.31.22.34 - - [02/Jun/2026:22:47:36 +0000] "GET /.well-known/acme-challenge/-2VM_2BGHE-G8CBDF-BJSGJTXKXVIDP7 HTTP/1.1" 200 64 "-" "Cpanel-HTTP-Client/1.0"
64.31.22.34 - - [02/Jun/2026:22:47:36 +0000] "GET /.well-known/acme-challenge/VQVS6QESD8CO4Q0S-3EY8DKTTTM5Q7LB HTTP/1.1" 200 64 "-" "Cpanel-HTTP-Client/1.0"
192.71.12.156 - - [02/Jun/2026:22:49:34 +0000] "GET / HTTP/1.1" 200 2459 "-" "Mozilla/5.0 (Linux; U; Android 13; sk-sk; Xiaomi 11T Pro Build/TKQ1.220829.002) AppleWebKit/537.36 (KHTML, like Gecko) Version/4.0 Chrome/112.0.5615.136 Mobile Safari/537.36 XiaoMi/MiuiBrowser/14.4.0-g"
91.92.42.182 - - [02/Jun/2026:22:51:04 +0000] "GET /config.php HTTP/1.1" 404 1251 "http://ms-hostingladz.com/" "Mozilla/5.0 (Windows NT 10.0; Win64; x64) AppleWebKit/537.36 (KHTML, like Gecko) Chrome/130.0.0.0 Safari/537.36"
91.92.42.182 - - [02/Jun/2026:22:51:05 +0000] "GET /appsettings.json HTTP/1.1" 404 1251 "http://ms-hostingladz.com/" "Mozilla/5.0 (Macintosh; Intel Mac OS X 10_15_7) AppleWebKit/537.36 (KHTML, like Gecko) Chrome/131.0.0.0 Safari/537.36"
91.92.42.182 - - [02/Jun/2026:22:51:05 +0000] "GET /app.js HTTP/1.1" 404 1251 "http://ms-hostingladz.com/" "Mozilla/5.0 (Windows NT 10.0; Win64; x64) AppleWebKit/537.36 (KHTML, like Gecko) Chrome/131.0.0.0 Safari/537.36 Edg/131.0.0.0"
91.92.42.182 - - [02/Jun/2026:22:51:05 +0000] "GET /wp-config.php HTTP/1.1" 404 1251 "http://ms-hostingladz.com/" "Mozilla/5.0 (Macintosh; Intel Mac OS X 10_15_7) AppleWebKit/537.36 (KHTML, like Gecko) Chrome/131.0.0.0 Safari/537.36"
91.92.42.182 - - [02/Jun/2026:22:51:05 +0000] "GET /.env HTTP/1.1" 200 1395 "http://ms-hostingladz.com/" "Mozilla/5.0 (Windows NT 10.0; Win64; x64; rv:133.0) Gecko/20100101 Firefox/133.0"
66.132.186.191 - - [02/Jun/2026:22:54:19 +0000] "GET / HTTP/1.1" 200 2459 "-" "Mozilla/5.0 (compatible; CensysInspect/1.1; +https://about.censys.io/)"
66.132.186.191 - - [02/Jun/2026:22:54:20 +0000] "GET /HMP/ HTTP/1.1" 200 670 "-" "Mozilla/5.0 (compatible; CensysInspect/1.1; +https://about.censys.io/)"
95.153.32.12 - - [02/Jun/2026:22:34:58 +0000] "GET /gh/ HTTP/1.1" 200 1552 "-" "Mozilla/5.0 (Linux, Android 10, K) AppleWebKit/537.36 (KHTML, like Gecko) Chrome/148.0.0.0 Mobile Safari/537.36"
43.157.168.43 - - [02/Jun/2026:22:45:18 +0000] "GET /resources/css/?MA HTTP/1.1" 200 832 "-" "Mozilla/5.0 (iPhone; CPU iPhone OS 13_2_3 like Mac OS X) AppleWebKit/605.1.15 (KHTML, like Gecko) Version/13.0.3 Mobile/15E148 Safari/604.1"
64.31.22.34 - - [02/Jun/2026:22:47:36 +0000] "GET /.well-known/acme-challenge/FB-W2EDIK220-6-IMUAOSIUFMWP8T2KE HTTP/1.1" 200 64 "-" "Cpanel-HTTP-Client/1.0"
64.31.22.34 - - [02/Jun/2026:22:47:36 +0000] "GET /.well-known/acme-challenge/-_DYEHS7A-YEZ211D1I4JLW3VRV_DBQ1 HTTP/1.1" 200 64 "-" "Cpanel-HTTP-Client/1.0"
64.31.22.34 - - [02/Jun/2026:22:47:36 +0000] "GET /.well-known/acme-challenge/II1A1Y8DY1-ZCF9KQRC20E_9L9AJ2JWB HTTP/1.1" 200 64 "-" "Cpanel-HTTP-Client/1.0"
64.31.22.34 - - [02/Jun/2026:22:47:36 +0000] "GET /.well-known/acme-challenge/GGA0H65YJHGRXSE7DTAHYSC-DCUR4HR8 HTTP/1.1" 200 64 "-" "Cpanel-HTTP-Client/1.0"
64.31.22.34 - - [02/Jun/2026:22:47:36 +0000] "GET /.well-known/acme-challenge/XGK1NZZQ3IOCJAJPY1EYC0MIN_-Z6CDX HTTP/1.1" 200 64 "-" "Cpanel-HTTP-Client/1.0"
64.31.22.34 - - [02/Jun/2026:22:47:36 +0000] "GET /.well-known/acme-challenge/O68DH4XUHENP1GCNDA4C8ET3LIDJ_145 HTTP/1.1" 200 64 "-" "Cpanel-HTTP-Client/1.0"
64.31.22.34 - - [02/Jun/2026:22:47:36 +0000] "GET /.well-known/acme-challenge/4_D5M0_BZ8GWLVZ3DV5HK7DUPP4CHHUZ HTTP/1.1" 200 64 "-" "Cpanel-HTTP-Client/1.0"
64.31.22.34 - - [02/Jun/2026:22:47:36 +0000] "GET /.well-known/acme-challenge/ZCP4-S0T7FREWXBCWKXAM6JRSWB4GCR_ HTTP/1.1" 200 64 "-" "Cpanel-HTTP-Client/1.0"
64.31.22.34 - - [02/Jun/2026:22:47:36 +0000] "GET /.well-known/acme-challenge/G6TVTI7AZEKQCY7RIH0IO3HWJIR45QCB HTTP/1.1" 200 64 "-" "Cpanel-HTTP-Client/1.0"
64.31.22.34 - - [02/Jun/2026:22:47:36 +0000] "GET /.well-known/acme-challenge/H3VRMF4ODOLDNC_0I1KNDY4B6XC7VV-L HTTP/1.1" 200 64 "-" "Cpanel-HTTP-Client/1.0"
91.92.42.182 - - [02/Jun/2026:22:51:04 +0000] "GET /server.js HTTP/1.1" 404 1251 "http://ms-hostingladz.com/" "Mozilla/5.0 (X11; Linux x86_64) AppleWebKit/537.36 (KHTML, like Gecko) Chrome/131.0.0.0 Safari/537.36"
91.92.42.182 - - [02/Jun/2026:22:51:04 +0000] "GET /info.php HTTP/1.1" 404 1251 "http://ms-hostingladz.com/" "Mozilla/5.0 (X11; Linux x86_64; rv:133.0) Gecko/20100101 Firefox/133.0"
91.92.42.182 - - [02/Jun/2026:22:51:05 +0000] "GET /.git/config HTTP/1.1" 403 1242 "http://ms-hostingladz.com/" "Mozilla/5.0 (Windows NT 10.0; Win64; x64) AppleWebKit/537.36 (KHTML, like Gecko) Chrome/131.0.0.0 Safari/537.36 Edg/131.0.0.0"
91.92.42.182 - - [02/Jun/2026:22:51:05 +0000] "GET /phpinfo.php HTTP/1.1" 200 24964 "http://ms-hostingladz.com/" "Mozilla/5.0 (Windows NT 10.0; Win64; x64) AppleWebKit/537.36 (KHTML, like Gecko) Chrome/130.0.0.0 Safari/537.36"
91.92.42.182 - - [02/Jun/2026:22:57:08 +0000] "GET /test.php HTTP/1.1" 404 1251 "http://ms-hostingladz.com/" "Mozilla/5.0 (X11; Linux x86_64) AppleWebKit/537.36 (KHTML, like Gecko) Chrome/131.0.0.0 Safari/537.36"
91.92.42.182 - - [02/Jun/2026:22:57:08 +0000] "GET /config/application.yml HTTP/1.1" 404 1251 "http://ms-hostingladz.com/" "Mozilla/5.0 (X11; Linux x86_64) AppleWebKit/537.36 (KHTML, like Gecko) Chrome/131.0.0.0 Safari/537.36"
91.92.42.182 - - [02/Jun/2026:22:57:08 +0000] "GET /php_info.php HTTP/1.1" 404 1251 "http://ms-hostingladz.com/" "Mozilla/5.0 (X11; Linux x86_64; rv:133.0) Gecko/20100101 Firefox/133.0"
91.92.42.182 - - [02/Jun/2026:22:57:08 +0000] "GET /pinfo.php HTTP/1.1" 404 1251 "http://ms-hostingladz.com/" "Mozilla/5.0 (Windows NT 10.0; Win64; x64) AppleWebKit/537.36 (KHTML, like Gecko) Chrome/131.0.0.0 Safari/537.36 Edg/131.0.0.0"
91.92.42.182 - - [02/Jun/2026:22:57:09 +0000] "GET /config/parameters.yml HTTP/1.1" 404 1251 "http://ms-hostingladz.com/" "Mozilla/5.0 (Macintosh; Intel Mac OS X 10.15; rv:133.0) Gecko/20100101 Firefox/133.0"
52.0.245.198 - - [02/Jun/2026:22:54:53 +0000] "GET / HTTP/1.1" 200 2477 "-" "Mozilla/5.0 (Windows NT 10.0; Win64; x64) AppleWebKit/537.36 (KHTML, like Gecko) Chrome/132.0.0.0 Safari/537.36"
91.92.42.182 - - [02/Jun/2026:22:55:03 +0000] "GET /database.php HTTP/1.1" 404 1251 "http://ms-hostingladz.com/" "Mozilla/5.0 (Macintosh; Intel Mac OS X 10_15_7) AppleWebKit/537.36 (KHTML, like Gecko) Chrome/131.0.0.0 Safari/537.36"
91.92.42.182 - - [02/Jun/2026:22:55:03 +0000] "GET /db.php HTTP/1.1" 404 1251 "http://ms-hostingladz.com/" "Mozilla/5.0 (Linux; Android 14; Pixel 8) AppleWebKit/537.36 (KHTML, like Gecko) Chrome/131.0.0.0 Mobile Safari/537.36"
91.92.42.182 - - [02/Jun/2026:22:55:03 +0000] "GET /config.js HTTP/1.1" 404 1251 "http://ms-hostingladz.com/" "Mozilla/5.0 (Macintosh; Intel Mac OS X 10_15_7) AppleWebKit/605.1.15 (KHTML, like Gecko) Version/17.6 Safari/605.1.15"
91.92.42.182 - - [02/Jun/2026:22:55:04 +0000] "GET /docker-compose.yml HTTP/1.1" 404 1251 "http://ms-hostingladz.com/" "Mozilla/5.0 (Macintosh; Intel Mac OS X 10_15_7) AppleWebKit/605.1.15 (KHTML, like Gecko) Version/17.6 Safari/605.1.15"
91.92.42.182 - - [02/Jun/2026:22:55:04 +0000] "GET /settings.php HTTP/1.1" 404 1251 "http://ms-hostingladz.com/" "Mozilla/5.0 (X11; Linux x86_64) AppleWebKit/537.36 (KHTML, like Gecko) Chrome/131.0.0.0 Safari/537.36"
91.92.42.182 - - [02/Jun/2026:22:55:04 +0000] "GET /composer.json HTTP/1.1" 200 668 "http://ms-hostingladz.com/" "Mozilla/5.0 (X11; Linux x86_64; rv:133.0) Gecko/20100101 Firefox/133.0"
91.92.42.182 - - [02/Jun/2026:22:55:04 +0000] "GET /.env.bak HTTP/1.1" 404 1251 "http://ms-hostingladz.com/" "Mozilla/5.0 (Macintosh; Intel Mac OS X 10.15; rv:133.0) Gecko/20100101 Firefox/133.0"
91.92.42.182 - - [02/Jun/2026:22:55:04 +0000] "GET /.gitconfig HTTP/1.1" 404 1251 "http://ms-hostingladz.com/" "Mozilla/5.0 (Macintosh; Intel Mac OS X 10_15_7) AppleWebKit/537.36 (KHTML, like Gecko) Chrome/131.0.0.0 Safari/537.36"
91.92.42.182 - - [02/Jun/2026:22:55:04 +0000] "GET /web.config HTTP/1.1" 404 1251 "http://ms-hostingladz.com/" "Mozilla/5.0 (Macintosh; Intel Mac OS X 10_15_7) AppleWebKit/537.36 (KHTML, like Gecko) Chrome/131.0.0.0 Safari/537.36"
91.92.42.182 - - [02/Jun/2026:22:55:04 +0000] "GET /application.yml HTTP/1.1" 404 1251 "http://ms-hostingladz.com/" "Mozilla/5.0 (Windows NT 10.0; Win64; x64; rv:133.0) Gecko/20100101 Firefox/133.0"
43.166.226.186 - - [02/Jun/2026:22:56:59 +0000] "GET /resources/?NA HTTP/1.1" 200 856 "-" "Mozilla/5.0 (iPhone; CPU iPhone OS 13_2_3 like Mac OS X) AppleWebKit/605.1.15 (KHTML, like Gecko) Version/13.0.3 Mobile/15E148 Safari/604.1"
91.92.42.182 - - [02/Jun/2026:22:57:08 +0000] "GET /configuration.php HTTP/1.1" 404 1251 "http://ms-hostingladz.com/" "Mozilla/5.0 (Windows NT 10.0; Win64; x64; rv:133.0) Gecko/20100101 Firefox/133.0"
91.92.42.182 - - [02/Jun/2026:22:57:08 +0000] "GET /.env-config.js HTTP/1.1" 404 1251 "http://ms-hostingladz.com/" "Mozilla/5.0 (Macintosh; Intel Mac OS X 10_15_7) AppleWebKit/605.1.15 (KHTML, like Gecko) Version/17.6 Safari/605.1.15"
91.92.42.182 - - [02/Jun/2026:22:57:08 +0000] "GET /server_info.php HTTP/1.1" 404 1251 "http://ms-hostingladz.com/" "Mozilla/5.0 (Windows NT 10.0; Win64; x64) AppleWebKit/537.36 (KHTML, like Gecko) Chrome/130.0.0.0 Safari/537.36"
91.92.42.182 - - [02/Jun/2026:22:57:08 +0000] "GET /.aws/credentials HTTP/1.1" 404 1251 "http://ms-hostingladz.com/" "Mozilla/5.0 (Windows NT 10.0; Win64; x64) AppleWebKit/537.36 (KHTML, like Gecko) Chrome/131.0.0.0 Safari/537.36 Edg/131.0.0.0"
91.92.42.182 - - [02/Jun/2026:22:57:09 +0000] "GET /settings.py HTTP/1.1" 404 1251 "http://ms-hostingladz.com/" "Mozilla/5.0 (Windows NT 10.0; Win64; x64) AppleWebKit/537.36 (KHTML, like Gecko) Chrome/131.0.0.0 Safari/537.36 Edg/131.0.0.0"
91.92.42.182 - - [02/Jun/2026:22:57:09 +0000] "GET /functions.php HTTP/1.1" 404 1251 "http://ms-hostingladz.com/" "Mozilla/5.0 (X11; Linux x86_64) AppleWebKit/537.36 (KHTML, like Gecko) Chrome/131.0.0.0 Safari/537.36"
91.92.42.182 - - [02/Jun/2026:22:57:09 +0000] "GET /phpinfo/info.php HTTP/1.1" 404 1251 "http://ms-hostingladz.com/" "Mozilla/5.0 (Windows NT 10.0; Win64; x64) AppleWebKit/537.36 (KHTML, like Gecko) Chrome/131.0.0.0 Safari/537.36"
91.92.42.182 - - [02/Jun/2026:22:57:09 +0000] "GET /portal/phpinfo.php HTTP/1.1" 404 1251 "http://ms-hostingladz.com/" "Mozilla/5.0 (Macintosh; Intel Mac OS X 10_15_7) AppleWebKit/605.1.15 (KHTML, like Gecko) Version/17.6 Safari/605.1.15"
141.227.139.224 - - [02/Jun/2026:22:58:57 +0000] "GET /gh/hh.php HTTP/1.1" 200 1762 "-" "Mozilla/5.0 (Linux; Android 10; K) AppleWebKit/537.36 (KHTML, like Gecko) Chrome/145.0.0.0 Mobile Safari/537.36"
91.134.142.208 - - [02/Jun/2026:22:58:58 +0000] "GET /gh/hh.php HTTP/1.1" 200 1762 "-" "Mozilla/5.0 (Linux; Android 10; K) AppleWebKit/537.36 (KHTML, like Gecko) Chrome/145.0.0.0 Mobile Safari/537.36"
170.64.251.156 - - [02/Jun/2026:22:58:59 +0000] "GET /gh/hh.php HTTP/1.1" 200 1762 "-" "Mozilla/5.0 (Linux; Android 10; K) AppleWebKit/537.36 (KHTML, like Gecko) Chrome/145.0.0.0 Mobile Safari/537.36"
209.50.228.94 - - [02/Jun/2026:23:03:28 +0000] "GET /gh/hh.php HTTP/1.1" 200 1762 "-" "Mozilla/5.0 (Linux; Android 10; K) AppleWebKit/537.36 (KHTML, like Gecko) Chrome/137.0.0.0 Mobile Safari/537.36"
157.230.195.44 - - [02/Jun/2026:23:03:29 +0000] "GET /gh/hh.php HTTP/1.1" 200 1762 "-" "Mozilla/5.0 (Linux; Android 10; K) AppleWebKit/537.36 (KHTML, like Gecko) Chrome/137.0.0.0 Mobile Safari/537.36"
