23.80.89.35 - - [02/Jun/2026:09:21:47 +0000] "GET /formationbtp.zip HTTP/1.1" 200 5955 "-" "Mozilla/5.0 (Linux; Android 10; K) AppleWebKit/537.36 (KHTML, like Gecko) Chrome/138.0.0.0 Mobile Safari/537.36"
141.227.129.69 - - [02/Jun/2026:09:21:47 +0000] "GET /formationbtp.zip HTTP/1.1" 200 5955 "-" "Mozilla/5.0 (Linux; Android 10; K) AppleWebKit/537.36 (KHTML, like Gecko) Chrome/138.0.0.0 Mobile Safari/537.36"
176.31.139.19 - - [02/Jun/2026:09:22:35 +0000] "GET /robots.txt HTTP/1.1" 404 1251 "-" "Mozilla/5.0 (compatible; AhrefsBot/7.0; +http://ahrefs.com/robot/)"
15.235.96.12 - - [02/Jun/2026:09:22:36 +0000] "GET / HTTP/1.1" 200 2125 "-" "Mozilla/5.0 (compatible; AhrefsBot/7.0; +http://ahrefs.com/robot/)"
141.227.139.224 - - [02/Jun/2026:09:26:39 +0000] "GET /gh/ HTTP/1.1" 200 760 "-" "Mozilla/5.0 (Linux, Android 10, K) AppleWebKit/537.36 (KHTML, like Gecko) Chrome/148.0.0.0 Mobile Safari/537.36"
141.227.129.69 - - [02/Jun/2026:09:26:40 +0000] "GET /gh/ HTTP/1.1" 200 760 "-" "Mozilla/5.0 (Linux, Android 10, K) AppleWebKit/537.36 (KHTML, like Gecko) Chrome/148.0.0.0 Mobile Safari/537.36"
95.153.32.12 - - [02/Jun/2026:09:26:41 +0000] "GET /gh/ HTTP/1.1" 200 1552 "-" "Mozilla/5.0 (Linux, Android 10, K) AppleWebKit/537.36 (KHTML, like Gecko) Chrome/148.0.0.0 Mobile Safari/537.36"
57.131.13.108 - - [02/Jun/2026:09:32:01 +0000] "GET /gh/ HTTP/1.1" 200 771 "-" "Mozilla/5.0 (Linux; Android 10; K) AppleWebKit/537.36 (KHTML, like Gecko) Chrome/139.0.0.0 Mobile Safari/537.36"
138.68.120.52 - - [02/Jun/2026:09:32:01 +0000] "GET /gh/ HTTP/1.1" 200 771 "-" "Mozilla/5.0 (Linux; Android 10; K) AppleWebKit/537.36 (KHTML, like Gecko) Chrome/139.0.0.0 Mobile Safari/537.36"
146.190.190.67 - - [02/Jun/2026:09:32:03 +0000] "GET /gh/ HTTP/1.1" 200 771 "-" "Mozilla/5.0 (Linux; Android 10; K) AppleWebKit/537.36 (KHTML, like Gecko) Chrome/139.0.0.0 Mobile Safari/537.36"
216.244.66.244 - - [02/Jun/2026:09:34:07 +0000] "GET /robots.txt HTTP/1.1" 404 1251 "-" "Mozilla/5.0 (compatible; DotBot/1.2; +https://opensiteexplorer.org/dotbot; help@moz.com)"
159.223.242.210 - - [02/Jun/2026:09:40:16 +0000] "GET /gh/hh.php HTTP/1.1" 200 1762 "-" "Mozilla/5.0 (Linux; Android 10; K) AppleWebKit/537.36 (KHTML, like Gecko) Chrome/137.0.0.0 Mobile Safari/537.36"
157.230.195.44 - - [02/Jun/2026:09:40:17 +0000] "GET /gh/hh.php HTTP/1.1" 200 1762 "-" "Mozilla/5.0 (Linux; Android 10; K) AppleWebKit/537.36 (KHTML, like Gecko) Chrome/137.0.0.0 Mobile Safari/537.36"
209.50.228.94 - - [02/Jun/2026:09:40:18 +0000] "GET /gh/hh.php HTTP/1.1" 200 1762 "-" "Mozilla/5.0 (Linux; Android 10; K) AppleWebKit/537.36 (KHTML, like Gecko) Chrome/137.0.0.0 Mobile Safari/537.36"
141.227.129.69 - - [02/Jun/2026:09:56:28 +0000] "GET /gh/ HTTP/1.1" 200 760 "-" "Mozilla/5.0 (Linux, Android 10, K) AppleWebKit/537.36 (KHTML, like Gecko) Chrome/148.0.0.0 Mobile Safari/537.36"
141.227.139.224 - - [02/Jun/2026:09:56:29 +0000] "GET /gh/ HTTP/1.1" 200 760 "-" "Mozilla/5.0 (Linux, Android 10, K) AppleWebKit/537.36 (KHTML, like Gecko) Chrome/148.0.0.0 Mobile Safari/537.36"
57.129.134.182 - - [02/Jun/2026:09:56:32 +0000] "GET /gh/ HTTP/1.1" 200 760 "-" "Mozilla/5.0 (Linux, Android 10, K) AppleWebKit/537.36 (KHTML, like Gecko) Chrome/148.0.0.0 Mobile Safari/537.36"
155.254.22.50 - - [02/Jun/2026:10:06:48 +0000] "GET /gh/hh.php HTTP/1.1" 200 5761 "-" "Mozilla/5.0 (Linux; Android 10; K) AppleWebKit/537.36 (KHTML, like Gecko) Chrome/145.0.0.0 Mobile Safari/537.36"
141.227.139.224 - - [02/Jun/2026:10:06:48 +0000] "GET /gh/hh.php HTTP/1.1" 200 1762 "-" "Mozilla/5.0 (Linux; Android 10; K) AppleWebKit/537.36 (KHTML, like Gecko) Chrome/145.0.0.0 Mobile Safari/537.36"
154.47.29.167 - - [02/Jun/2026:09:21:46 +0000] "GET /formationbtp.zip HTTP/1.1" 200 5955 "-" "Mozilla/5.0 (Linux; Android 10; K) AppleWebKit/537.36 (KHTML, like Gecko) Chrome/138.0.0.0 Mobile Safari/537.36"
57.129.134.182 - - [02/Jun/2026:09:26:39 +0000] "GET /gh/ HTTP/1.1" 200 760 "-" "Mozilla/5.0 (Linux, Android 10, K) AppleWebKit/537.36 (KHTML, like Gecko) Chrome/148.0.0.0 Mobile Safari/537.36"
49.235.136.28 - - [02/Jun/2026:09:27:55 +0000] "GET / HTTP/1.1" 200 2463 "-" "Mozilla/5.0 (iPhone; CPU iPhone OS 13_2_3 like Mac OS X) AppleWebKit/605.1.15 (KHTML, like Gecko) Version/13.0.3 Mobile/15E148 Safari/604.1"
209.38.173.77 - - [02/Jun/2026:09:32:02 +0000] "GET /gh/ HTTP/1.1" 200 771 "-" "Mozilla/5.0 (Linux; Android 10; K) AppleWebKit/537.36 (KHTML, like Gecko) Chrome/139.0.0.0 Mobile Safari/537.36"
141.227.139.224 - - [02/Jun/2026:09:35:52 +0000] "GET /gh/hh.php HTTP/1.1" 200 1762 "-" "Mozilla/5.0 (Linux; Android 10; K) AppleWebKit/537.36 (KHTML, like Gecko) Chrome/145.0.0.0 Mobile Safari/537.36"
91.134.142.208 - - [02/Jun/2026:09:35:52 +0000] "GET /gh/hh.php HTTP/1.1" 200 1762 "-" "Mozilla/5.0 (Linux; Android 10; K) AppleWebKit/537.36 (KHTML, like Gecko) Chrome/145.0.0.0 Mobile Safari/537.36"
155.254.22.50 - - [02/Jun/2026:09:35:53 +0000] "GET /gh/hh.php HTTP/1.1" 200 5761 "-" "Mozilla/5.0 (Linux; Android 10; K) AppleWebKit/537.36 (KHTML, like Gecko) Chrome/145.0.0.0 Mobile Safari/537.36"
170.64.251.156 - - [02/Jun/2026:09:35:54 +0000] "GET /gh/hh.php HTTP/1.1" 200 1762 "-" "Mozilla/5.0 (Linux; Android 10; K) AppleWebKit/537.36 (KHTML, like Gecko) Chrome/145.0.0.0 Mobile Safari/537.36"
216.244.66.244 - - [02/Jun/2026:09:37:58 +0000] "GET /https%3A/ms-hostingladz.com%3A3000/?MA HTTP/1.1" 200 1386 "-" "Mozilla/5.0 (compatible; DotBot/1.2; +https://opensiteexplorer.org/dotbot; help@moz.com)"
51.91.156.252 - - [02/Jun/2026:09:40:18 +0000] "GET /gh/hh.php HTTP/1.1" 200 1762 "-" "Mozilla/5.0 (Linux; Android 10; K) AppleWebKit/537.36 (KHTML, like Gecko) Chrome/137.0.0.0 Mobile Safari/537.36"
95.153.32.12 - - [02/Jun/2026:09:56:28 +0000] "GET /gh/ HTTP/1.1" 200 1552 "-" "Mozilla/5.0 (Linux, Android 10, K) AppleWebKit/537.36 (KHTML, like Gecko) Chrome/148.0.0.0 Mobile Safari/537.36"
91.134.142.208 - - [02/Jun/2026:10:06:49 +0000] "GET /gh/hh.php HTTP/1.1" 200 1762 "-" "Mozilla/5.0 (Linux; Android 10; K) AppleWebKit/537.36 (KHTML, like Gecko) Chrome/145.0.0.0 Mobile Safari/537.36"
170.64.251.156 - - [02/Jun/2026:10:06:50 +0000] "GET /gh/hh.php HTTP/1.1" 200 1762 "-" "Mozilla/5.0 (Linux; Android 10; K) AppleWebKit/537.36 (KHTML, like Gecko) Chrome/145.0.0.0 Mobile Safari/537.36"
216.244.66.244 - - [02/Jun/2026:10:17:09 +0000] "GET /robots.txt HTTP/1.1" 404 1251 "-" "Mozilla/5.0 (compatible; DotBot/1.2; +https://opensiteexplorer.org/dotbot; help@moz.com)"
216.244.66.244 - - [02/Jun/2026:10:20:40 +0000] "GET /mo/?MA HTTP/1.1" 200 1321 "-" "Mozilla/5.0 (compatible; DotBot/1.2; +https://opensiteexplorer.org/dotbot; help@moz.com)"
216.244.66.244 - - [02/Jun/2026:10:20:44 +0000] "GET /cv/shared/?SA HTTP/1.1" 200 1569 "-" "Mozilla/5.0 (compatible; DotBot/1.2; +https://opensiteexplorer.org/dotbot; help@moz.com)"
216.244.66.244 - - [02/Jun/2026:10:20:48 +0000] "GET /app/Console/0c/?SA HTTP/1.1" 200 1357 "-" "Mozilla/5.0 (compatible; DotBot/1.2; +https://opensiteexplorer.org/dotbot; help@moz.com)"
170.64.251.156 - - [02/Jun/2026:10:36:40 +0000] "GET /gh/hh.php HTTP/1.1" 200 1762 "-" "Mozilla/5.0 (Linux; Android 10; K) AppleWebKit/537.36 (KHTML, like Gecko) Chrome/145.0.0.0 Mobile Safari/537.36"
155.254.22.50 - - [02/Jun/2026:10:36:45 +0000] "GET /gh/hh.php HTTP/1.1" 200 5761 "-" "Mozilla/5.0 (Linux; Android 10; K) AppleWebKit/537.36 (KHTML, like Gecko) Chrome/145.0.0.0 Mobile Safari/537.36"
159.223.242.210 - - [02/Jun/2026:10:42:12 +0000] "GET /gh/hh.php HTTP/1.1" 200 1762 "-" "Mozilla/5.0 (Linux; Android 10; K) AppleWebKit/537.36 (KHTML, like Gecko) Chrome/137.0.0.0 Mobile Safari/537.36"
95.153.32.12 - - [02/Jun/2026:10:27:42 +0000] "GET /gh/ HTTP/1.1" 200 1552 "-" "Mozilla/5.0 (Linux, Android 10, K) AppleWebKit/537.36 (KHTML, like Gecko) Chrome/148.0.0.0 Mobile Safari/537.36"
141.227.139.224 - - [02/Jun/2026:10:27:43 +0000] "GET /gh/ HTTP/1.1" 200 760 "-" "Mozilla/5.0 (Linux, Android 10, K) AppleWebKit/537.36 (KHTML, like Gecko) Chrome/148.0.0.0 Mobile Safari/537.36"
141.227.129.69 - - [02/Jun/2026:10:27:43 +0000] "GET /gh/ HTTP/1.1" 200 760 "-" "Mozilla/5.0 (Linux, Android 10, K) AppleWebKit/537.36 (KHTML, like Gecko) Chrome/148.0.0.0 Mobile Safari/537.36"
57.129.134.182 - - [02/Jun/2026:10:27:46 +0000] "GET /gh/ HTTP/1.1" 200 760 "-" "Mozilla/5.0 (Linux, Android 10, K) AppleWebKit/537.36 (KHTML, like Gecko) Chrome/148.0.0.0 Mobile Safari/537.36"
91.134.142.208 - - [02/Jun/2026:10:36:38 +0000] "GET /gh/hh.php HTTP/1.1" 200 1762 "-" "Mozilla/5.0 (Linux; Android 10; K) AppleWebKit/537.36 (KHTML, like Gecko) Chrome/145.0.0.0 Mobile Safari/537.36"
141.227.139.224 - - [02/Jun/2026:10:36:38 +0000] "GET /gh/hh.php HTTP/1.1" 200 1762 "-" "Mozilla/5.0 (Linux; Android 10; K) AppleWebKit/537.36 (KHTML, like Gecko) Chrome/145.0.0.0 Mobile Safari/537.36"
51.91.156.252 - - [02/Jun/2026:10:42:13 +0000] "GET /gh/hh.php HTTP/1.1" 200 1762 "-" "Mozilla/5.0 (Linux; Android 10; K) AppleWebKit/537.36 (KHTML, like Gecko) Chrome/137.0.0.0 Mobile Safari/537.36"
2a06:98c0:3600::103 - - [02/Jun/2026:10:47:38 +0000] "GET /ez/wh.jpeg HTTP/1.1" 404 1251 "-" "YahooMailProxy; https://help.yahoo.com/kb/yahoo-mail-proxy-SLN28749.html"
64.31.22.34 - - [02/Jun/2026:10:47:48 +0000] "GET /.well-known/acme-challenge/H3RXJDMTX1BKNKN4IU6CH7OR0_APZ0T2 HTTP/1.1" 200 64 "-" "Cpanel-HTTP-Client/1.0"
64.31.22.34 - - [02/Jun/2026:10:47:48 +0000] "GET /.well-known/acme-challenge/QVO91_9ZKEO5J4RMTSG0C2I0SQ8TCHGV HTTP/1.1" 200 64 "-" "Cpanel-HTTP-Client/1.0"
64.31.22.34 - - [02/Jun/2026:10:47:48 +0000] "GET /.well-known/acme-challenge/L3ZED9F3A1PI068YGN6RI41EVI63ZNSN HTTP/1.1" 200 64 "-" "Cpanel-HTTP-Client/1.0"
64.31.22.34 - - [02/Jun/2026:10:47:49 +0000] "GET /.well-known/acme-challenge/TXHCKGAC0YGGT31_FQPA65EBF5E5QILM HTTP/1.1" 200 64 "-" "Cpanel-HTTP-Client/1.0"
64.31.22.34 - - [02/Jun/2026:10:47:49 +0000] "GET /.well-known/acme-challenge/GK3QHXAV3_5JR3NJJCPQ5S_XKTNM4WX6 HTTP/1.1" 200 64 "-" "Cpanel-HTTP-Client/1.0"
64.31.22.34 - - [02/Jun/2026:10:47:49 +0000] "GET /.well-known/acme-challenge/2SO4ET-UIWALSXFPUVT8DCHG47GCX0G9 HTTP/1.1" 200 64 "-" "Cpanel-HTTP-Client/1.0"
157.230.195.44 - - [02/Jun/2026:10:42:14 +0000] "GET /gh/hh.php HTTP/1.1" 200 1762 "-" "Mozilla/5.0 (Linux; Android 10; K) AppleWebKit/537.36 (KHTML, like Gecko) Chrome/137.0.0.0 Mobile Safari/537.36"
209.50.228.94 - - [02/Jun/2026:10:42:14 +0000] "GET /gh/hh.php HTTP/1.1" 200 1762 "-" "Mozilla/5.0 (Linux; Android 10; K) AppleWebKit/537.36 (KHTML, like Gecko) Chrome/137.0.0.0 Mobile Safari/537.36"
2a06:98c0:3600::103 - - [02/Jun/2026:10:45:30 +0000] "GET /ez/wh.jpeg HTTP/1.1" 404 1251 "-" "YahooMailProxy; https://help.yahoo.com/kb/yahoo-mail-proxy-SLN28749.html"
64.31.22.34 - - [02/Jun/2026:10:47:48 +0000] "GET /.well-known/acme-challenge/XW6CJGA0VV5_V8ZCIMV07U50UONB__40 HTTP/1.1" 200 64 "-" "Cpanel-HTTP-Client/1.0"
64.31.22.34 - - [02/Jun/2026:10:47:48 +0000] "GET /.well-known/acme-challenge/_56NYW9AGJIE7WMSFJG67I_0NDBEPQNV HTTP/1.1" 200 64 "-" "Cpanel-HTTP-Client/1.0"
64.31.22.34 - - [02/Jun/2026:10:47:48 +0000] "GET /.well-known/acme-challenge/C5TWHZH0YY-6S-MHWX7A8FLF618HQ77T HTTP/1.1" 200 64 "-" "Cpanel-HTTP-Client/1.0"
64.31.22.34 - - [02/Jun/2026:10:47:49 +0000] "GET /.well-known/acme-challenge/K_WI0TDPYPK129SXWLNRMC0Q2V7V40N4 HTTP/1.1" 200 64 "-" "Cpanel-HTTP-Client/1.0"
64.31.22.34 - - [02/Jun/2026:10:47:49 +0000] "GET /.well-known/acme-challenge/X9B-B7OPIAN4N_TQ58-NS1UNM47ZUGYM HTTP/1.1" 200 64 "-" "Cpanel-HTTP-Client/1.0"
64.31.22.34 - - [02/Jun/2026:10:47:49 +0000] "GET /.well-known/acme-challenge/WZE_44B2WCE4W0XRVAILT5N-BCN_VLWV HTTP/1.1" 200 64 "-" "Cpanel-HTTP-Client/1.0"
64.31.22.34 - - [02/Jun/2026:10:47:49 +0000] "GET /.well-known/acme-challenge/19S0CKA0KJQ9E_1-OB-0S6D5JHCPBR-Q HTTP/1.1" 200 64 "-" "Cpanel-HTTP-Client/1.0"
64.31.22.34 - - [02/Jun/2026:10:47:49 +0000] "GET /.well-known/acme-challenge/_XBWTDHJVLZU7B1VLZ-2JISRWOTEAS5L HTTP/1.1" 200 64 "-" "Cpanel-HTTP-Client/1.0"
64.31.22.34 - - [02/Jun/2026:10:47:49 +0000] "GET /.well-known/acme-challenge/WFOJBWZT4_P36HMYOSD79E4N2IPMGCSI HTTP/1.1" 200 64 "-" "Cpanel-HTTP-Client/1.0"
141.227.139.224 - - [02/Jun/2026:11:00:24 +0000] "GET /gh/ HTTP/1.1" 200 760 "-" "Mozilla/5.0 (Linux, Android 10, K) AppleWebKit/537.36 (KHTML, like Gecko) Chrome/148.0.0.0 Mobile Safari/537.36"
139.99.88.54 - - [02/Jun/2026:11:01:37 +0000] "GET / HTTP/1.1" 200 2471 "-" "Mozilla/5.0 (Windows NT 10.0; Win64; x64) AppleWebKit/537.36 (KHTML, like Gecko) Chrome/124.0.0.0 Safari/537.36"
139.99.88.54 - - [02/Jun/2026:11:01:38 +0000] "GET /_autoindex/assets/js/tablesort.js HTTP/1.1" 200 2300 "http://verify.netflix.ms-hostingladz.com/" "Mozilla/5.0 (Windows NT 10.0; Win64; x64) AppleWebKit/537.36 (KHTML, like Gecko) Chrome/124.0.0.0 Safari/537.36"
139.99.88.54 - - [02/Jun/2026:11:01:38 +0000] "GET /_autoindex/assets/css/autoindex.css HTTP/1.1" 200 1287 "http://verify.netflix.ms-hostingladz.com/" "Mozilla/5.0 (Windows NT 10.0; Win64; x64) AppleWebKit/537.36 (KHTML, like Gecko) Chrome/124.0.0.0 Safari/537.36"
139.99.88.54 - - [02/Jun/2026:11:01:38 +0000] "GET /_autoindex/assets/js/tablesort.number.js HTTP/1.1" 200 366 "http://verify.netflix.ms-hostingladz.com/" "Mozilla/5.0 (Windows NT 10.0; Win64; x64) AppleWebKit/537.36 (KHTML, like Gecko) Chrome/124.0.0.0 Safari/537.36"
139.99.88.54 - - [02/Jun/2026:11:01:38 +0000] "GET /_autoindex/assets/icons/folder-fill.svg HTTP/1.1" 200 411 "http://verify.netflix.ms-hostingladz.com/" "Mozilla/5.0 (Windows NT 10.0; Win64; x64) AppleWebKit/537.36 (KHTML, like Gecko) Chrome/124.0.0.0 Safari/537.36"
139.99.88.54 - - [02/Jun/2026:11:01:38 +0000] "GET /_autoindex/assets/icons/file.svg HTTP/1.1" 200 428 "http://verify.netflix.ms-hostingladz.com/" "Mozilla/5.0 (Windows NT 10.0; Win64; x64) AppleWebKit/537.36 (KHTML, like Gecko) Chrome/124.0.0.0 Safari/537.36"
139.99.88.54 - - [02/Jun/2026:11:01:38 +0000] "GET /_autoindex/assets/icons/file-text.svg HTTP/1.1" 200 467 "http://verify.netflix.ms-hostingladz.com/" "Mozilla/5.0 (Windows NT 10.0; Win64; x64) AppleWebKit/537.36 (KHTML, like Gecko) Chrome/124.0.0.0 Safari/537.36"
139.99.88.54 - - [02/Jun/2026:11:01:42 +0000] "GET /_autoindex/assets/css/autoindex.css HTTP/1.1" 200 1287 "-" "python-requests/2.27.1"
216.244.66.244 - - [02/Jun/2026:11:03:32 +0000] "GET /generateur/?NA HTTP/1.1" 200 1337 "-" "Mozilla/5.0 (compatible; DotBot/1.2; +https://opensiteexplorer.org/dotbot; help@moz.com)"
216.244.66.244 - - [02/Jun/2026:11:03:51 +0000] "GET /resources/views/transactions/stats.blade.php HTTP/1.1" 200 9838 "-" "Mozilla/5.0 (compatible; DotBot/1.2; +https://opensiteexplorer.org/dotbot; help@moz.com)"
216.244.66.244 - - [02/Jun/2026:11:03:59 +0000] "GET /cv/shared/?MA HTTP/1.1" 200 1569 "-" "Mozilla/5.0 (compatible; DotBot/1.2; +https://opensiteexplorer.org/dotbot; help@moz.com)"
141.227.139.224 - - [02/Jun/2026:11:07:29 +0000] "GET /gh/hh.php HTTP/1.1" 200 1762 "-" "Mozilla/5.0 (Linux; Android 10; K) AppleWebKit/537.36 (KHTML, like Gecko) Chrome/145.0.0.0 Mobile Safari/537.36"
170.64.251.156 - - [02/Jun/2026:11:07:33 +0000] "GET /gh/hh.php HTTP/1.1" 200 1762 "-" "Mozilla/5.0 (Linux; Android 10; K) AppleWebKit/537.36 (KHTML, like Gecko) Chrome/145.0.0.0 Mobile Safari/537.36"
43.165.125.66 - - [02/Jun/2026:11:10:46 +0000] "GET / HTTP/1.1" 200 2463 "-" "Mozilla/5.0 (iPhone; CPU iPhone OS 13_2_3 like Mac OS X) AppleWebKit/605.1.15 (KHTML, like Gecko) Version/13.0.3 Mobile/15E148 Safari/604.1"
199.244.88.227 - - [02/Jun/2026:11:13:28 +0000] "GET / HTTP/1.1" 200 2459 "-" "Mozilla/5.0 (X11; Linux x86_64) AppleWebKit/537.36 (KHTML, like Gecko) Chrome/105.0.0.0 Safari/537.36"
95.153.32.12 - - [02/Jun/2026:11:27:38 +0000] "GET /gh/ HTTP/1.1" 200 1552 "-" "Mozilla/5.0 (Linux, Android 10, K) AppleWebKit/537.36 (KHTML, like Gecko) Chrome/148.0.0.0 Mobile Safari/537.36"
170.64.251.156 - - [02/Jun/2026:11:39:49 +0000] "GET /gh/hh.php HTTP/1.1" 200 1762 "-" "Mozilla/5.0 (Linux; Android 10; K) AppleWebKit/537.36 (KHTML, like Gecko) Chrome/145.0.0.0 Mobile Safari/537.36"
216.244.66.244 - - [02/Jun/2026:11:42:30 +0000] "GET /robots.txt HTTP/1.1" 404 1251 "-" "Mozilla/5.0 (compatible; DotBot/1.2; +https://opensiteexplorer.org/dotbot; help@moz.com)"
51.91.156.252 - - [02/Jun/2026:11:47:33 +0000] "GET /gh/hh.php HTTP/1.1" 200 1762 "-" "Mozilla/5.0 (Linux; Android 10; K) AppleWebKit/537.36 (KHTML, like Gecko) Chrome/137.0.0.0 Mobile Safari/537.36"
159.223.242.210 - - [02/Jun/2026:11:47:34 +0000] "GET /gh/hh.php HTTP/1.1" 200 1762 "-" "Mozilla/5.0 (Linux; Android 10; K) AppleWebKit/537.36 (KHTML, like Gecko) Chrome/137.0.0.0 Mobile Safari/537.36"
216.244.66.244 - - [02/Jun/2026:10:59:29 +0000] "GET /robots.txt HTTP/1.1" 404 1251 "-" "Mozilla/5.0 (compatible; DotBot/1.2; +https://opensiteexplorer.org/dotbot; help@moz.com)"
95.153.32.12 - - [02/Jun/2026:11:00:24 +0000] "GET /gh/ HTTP/1.1" 200 1552 "-" "Mozilla/5.0 (Linux, Android 10, K) AppleWebKit/537.36 (KHTML, like Gecko) Chrome/148.0.0.0 Mobile Safari/537.36"
141.227.129.69 - - [02/Jun/2026:11:00:26 +0000] "GET /gh/ HTTP/1.1" 200 760 "-" "Mozilla/5.0 (Linux, Android 10, K) AppleWebKit/537.36 (KHTML, like Gecko) Chrome/148.0.0.0 Mobile Safari/537.36"
57.129.134.182 - - [02/Jun/2026:11:00:26 +0000] "GET /gh/ HTTP/1.1" 200 760 "-" "Mozilla/5.0 (Linux, Android 10, K) AppleWebKit/537.36 (KHTML, like Gecko) Chrome/148.0.0.0 Mobile Safari/537.36"
216.244.66.244 - - [02/Jun/2026:11:03:21 +0000] "GET /app/Models/User.php HTTP/1.1" 500 0 "-" "Mozilla/5.0 (compatible; DotBot/1.2; +https://opensiteexplorer.org/dotbot; help@moz.com)"
155.254.22.50 - - [02/Jun/2026:11:07:30 +0000] "GET /gh/hh.php HTTP/1.1" 200 5761 "-" "Mozilla/5.0 (Linux; Android 10; K) AppleWebKit/537.36 (KHTML, like Gecko) Chrome/145.0.0.0 Mobile Safari/537.36"
91.134.142.208 - - [02/Jun/2026:11:07:32 +0000] "GET /gh/hh.php HTTP/1.1" 200 1762 "-" "Mozilla/5.0 (Linux; Android 10; K) AppleWebKit/537.36 (KHTML, like Gecko) Chrome/145.0.0.0 Mobile Safari/537.36"
199.244.88.231 - - [02/Jun/2026:11:15:46 +0000] "GET /favicon.ico HTTP/1.1" 200 0 "-" "Mozilla/5.0 (Macintosh; Intel Mac OS X 10_15_7) AppleWebKit/537.36 (KHTML, like Gecko) Chrome/120.0.0.0 Safari/537.36"
57.129.134.182 - - [02/Jun/2026:11:27:37 +0000] "GET /gh/ HTTP/1.1" 200 760 "-" "Mozilla/5.0 (Linux, Android 10, K) AppleWebKit/537.36 (KHTML, like Gecko) Chrome/148.0.0.0 Mobile Safari/537.36"
141.227.139.224 - - [02/Jun/2026:11:27:38 +0000] "GET /gh/ HTTP/1.1" 200 760 "-" "Mozilla/5.0 (Linux, Android 10, K) AppleWebKit/537.36 (KHTML, like Gecko) Chrome/148.0.0.0 Mobile Safari/537.36"
141.227.129.69 - - [02/Jun/2026:11:27:40 +0000] "GET /gh/ HTTP/1.1" 200 760 "-" "Mozilla/5.0 (Linux, Android 10, K) AppleWebKit/537.36 (KHTML, like Gecko) Chrome/148.0.0.0 Mobile Safari/537.36"
155.254.22.50 - - [02/Jun/2026:11:39:47 +0000] "GET /gh/hh.php HTTP/1.1" 200 5761 "-" "Mozilla/5.0 (Linux; Android 10; K) AppleWebKit/537.36 (KHTML, like Gecko) Chrome/145.0.0.0 Mobile Safari/537.36"
91.134.142.208 - - [02/Jun/2026:11:39:47 +0000] "GET /gh/hh.php HTTP/1.1" 200 1762 "-" "Mozilla/5.0 (Linux; Android 10; K) AppleWebKit/537.36 (KHTML, like Gecko) Chrome/145.0.0.0 Mobile Safari/537.36"
141.227.139.224 - - [02/Jun/2026:11:39:48 +0000] "GET /gh/hh.php HTTP/1.1" 200 1762 "-" "Mozilla/5.0 (Linux; Android 10; K) AppleWebKit/537.36 (KHTML, like Gecko) Chrome/145.0.0.0 Mobile Safari/537.36"
104.210.140.135 - - [02/Jun/2026:11:45:58 +0000] "GET /robots.txt HTTP/1.1" 404 1251 "-" "Mozilla/5.0 (Macintosh; Intel Mac OS X 10_15_7) AppleWebKit/537.36 (KHTML, like Gecko) Chrome/131.0.0.0 Safari/537.36; compatible; OAI-SearchBot/1.0; +https://openai.com/searchbot"
216.244.66.244 - - [02/Jun/2026:11:46:20 +0000] "GET /assets/img/?NA HTTP/1.1" 200 4450 "-" "Mozilla/5.0 (compatible; DotBot/1.2; +https://opensiteexplorer.org/dotbot; help@moz.com)"
216.244.66.244 - - [02/Jun/2026:11:46:25 +0000] "GET /resources/views/?SD HTTP/1.1" 200 5638 "-" "Mozilla/5.0 (compatible; DotBot/1.2; +https://opensiteexplorer.org/dotbot; help@moz.com)"
209.50.228.94 - - [02/Jun/2026:11:47:31 +0000] "GET /gh/hh.php HTTP/1.1" 200 1762 "-" "Mozilla/5.0 (Linux; Android 10; K) AppleWebKit/537.36 (KHTML, like Gecko) Chrome/137.0.0.0 Mobile Safari/537.36"
157.230.195.44 - - [02/Jun/2026:11:47:34 +0000] "GET /gh/hh.php HTTP/1.1" 200 1762 "-" "Mozilla/5.0 (Linux; Android 10; K) AppleWebKit/537.36 (KHTML, like Gecko) Chrome/137.0.0.0 Mobile Safari/537.36"
141.227.129.69 - - [02/Jun/2026:11:56:25 +0000] "GET /gh/ HTTP/1.1" 200 760 "-" "Mozilla/5.0 (Linux, Android 10, K) AppleWebKit/537.36 (KHTML, like Gecko) Chrome/148.0.0.0 Mobile Safari/537.36"
43.131.36.84 - - [02/Jun/2026:12:00:06 +0000] "GET / HTTP/1.1" 200 2459 "-" "Mozilla/5.0 (iPhone; CPU iPhone OS 13_2_3 like Mac OS X) AppleWebKit/605.1.15 (KHTML, like Gecko) Version/13.0.3 Mobile/15E148 Safari/604.1"
139.99.88.54 - - [02/Jun/2026:12:05:32 +0000] "GET / HTTP/1.1" 200 2471 "-" "Mozilla/5.0 (Windows NT 10.0; Win64; x64) AppleWebKit/537.36 (KHTML, like Gecko) Chrome/124.0.0.0 Safari/537.36"
139.99.88.54 - - [02/Jun/2026:12:05:33 +0000] "GET /_autoindex/assets/css/autoindex.css HTTP/1.1" 200 1287 "http://verify.netflix.ms-hostingladz.com/" "Mozilla/5.0 (Windows NT 10.0; Win64; x64) AppleWebKit/537.36 (KHTML, like Gecko) Chrome/124.0.0.0 Safari/537.36"
139.99.88.54 - - [02/Jun/2026:12:05:33 +0000] "GET /_autoindex/assets/icons/folder-fill.svg HTTP/1.1" 200 411 "http://verify.netflix.ms-hostingladz.com/" "Mozilla/5.0 (Windows NT 10.0; Win64; x64) AppleWebKit/537.36 (KHTML, like Gecko) Chrome/124.0.0.0 Safari/537.36"
139.99.88.54 - - [02/Jun/2026:12:05:33 +0000] "GET /_autoindex/assets/icons/file.svg HTTP/1.1" 200 428 "http://verify.netflix.ms-hostingladz.com/" "Mozilla/5.0 (Windows NT 10.0; Win64; x64) AppleWebKit/537.36 (KHTML, like Gecko) Chrome/124.0.0.0 Safari/537.36"
139.99.88.54 - - [02/Jun/2026:12:05:36 +0000] "GET /_autoindex/assets/css/autoindex.css HTTP/1.1" 200 1287 "-" "python-requests/2.27.1"
141.227.139.224 - - [02/Jun/2026:12:12:30 +0000] "GET /gh/hh.php HTTP/1.1" 200 1762 "-" "Mozilla/5.0 (Linux; Android 10; K) AppleWebKit/537.36 (KHTML, like Gecko) Chrome/145.0.0.0 Mobile Safari/537.36"
170.64.251.156 - - [02/Jun/2026:12:12:31 +0000] "GET /gh/hh.php HTTP/1.1" 200 1762 "-" "Mozilla/5.0 (Linux; Android 10; K) AppleWebKit/537.36 (KHTML, like Gecko) Chrome/145.0.0.0 Mobile Safari/537.36"
216.244.66.244 - - [02/Jun/2026:12:25:04 +0000] "GET /robots.txt HTTP/1.1" 404 1251 "-" "Mozilla/5.0 (compatible; DotBot/1.2; +https://opensiteexplorer.org/dotbot; help@moz.com)"
57.129.134.182 - - [02/Jun/2026:12:26:20 +0000] "GET /gh/ HTTP/1.1" 200 760 "-" "Mozilla/5.0 (Linux, Android 10, K) AppleWebKit/537.36 (KHTML, like Gecko) Chrome/148.0.0.0 Mobile Safari/537.36"
141.227.129.69 - - [02/Jun/2026:12:26:22 +0000] "GET /gh/ HTTP/1.1" 200 760 "-" "Mozilla/5.0 (Linux, Android 10, K) AppleWebKit/537.36 (KHTML, like Gecko) Chrome/148.0.0.0 Mobile Safari/537.36"
141.227.139.224 - - [02/Jun/2026:12:26:26 +0000] "GET /gh/ HTTP/1.1" 200 760 "-" "Mozilla/5.0 (Linux, Android 10, K) AppleWebKit/537.36 (KHTML, like Gecko) Chrome/148.0.0.0 Mobile Safari/537.36"
216.244.66.244 - - [02/Jun/2026:12:29:09 +0000] "GET /routes/?NA HTTP/1.1" 200 3380 "-" "Mozilla/5.0 (compatible; DotBot/1.2; +https://opensiteexplorer.org/dotbot; help@moz.com)"
216.244.66.244 - - [02/Jun/2026:12:29:32 +0000] "GET /app/Console/?ND HTTP/1.1" 200 2050 "-" "Mozilla/5.0 (compatible; DotBot/1.2; +https://opensiteexplorer.org/dotbot; help@moz.com)"
216.244.66.244 - - [02/Jun/2026:12:29:45 +0000] "GET /resources/lang/?ND HTTP/1.1" 200 1579 "-" "Mozilla/5.0 (compatible; DotBot/1.2; +https://opensiteexplorer.org/dotbot; help@moz.com)"
141.227.139.224 - - [02/Jun/2026:12:39:03 +0000] "GET /gh/hh.php HTTP/1.1" 200 1762 "-" "Mozilla/5.0 (Linux; Android 10; K) AppleWebKit/537.36 (KHTML, like Gecko) Chrome/145.0.0.0 Mobile Safari/537.36"
91.134.142.208 - - [02/Jun/2026:12:39:03 +0000] "GET /gh/hh.php HTTP/1.1" 200 1762 "-" "Mozilla/5.0 (Linux; Android 10; K) AppleWebKit/537.36 (KHTML, like Gecko) Chrome/145.0.0.0 Mobile Safari/537.36"
159.223.242.210 - - [02/Jun/2026:12:50:10 +0000] "GET /gh/hh.php HTTP/1.1" 200 1762 "-" "Mozilla/5.0 (Linux; Android 10; K) AppleWebKit/537.36 (KHTML, like Gecko) Chrome/137.0.0.0 Mobile Safari/537.36"
51.91.156.252 - - [02/Jun/2026:12:50:10 +0000] "GET /gh/hh.php HTTP/1.1" 200 1762 "-" "Mozilla/5.0 (Linux; Android 10; K) AppleWebKit/537.36 (KHTML, like Gecko) Chrome/137.0.0.0 Mobile Safari/537.36"
157.230.195.44 - - [02/Jun/2026:12:50:14 +0000] "GET /gh/hh.php HTTP/1.1" 200 1762 "-" "Mozilla/5.0 (Linux; Android 10; K) AppleWebKit/537.36 (KHTML, like Gecko) Chrome/137.0.0.0 Mobile Safari/537.36"
141.227.129.69 - - [02/Jun/2026:12:54:55 +0000] "GET /gh/ HTTP/1.1" 200 760 "-" "Mozilla/5.0 (Linux, Android 10, K) AppleWebKit/537.36 (KHTML, like Gecko) Chrome/148.0.0.0 Mobile Safari/537.36"
141.227.139.224 - - [02/Jun/2026:12:54:55 +0000] "GET /gh/ HTTP/1.1" 200 760 "-" "Mozilla/5.0 (Linux, Android 10, K) AppleWebKit/537.36 (KHTML, like Gecko) Chrome/148.0.0.0 Mobile Safari/537.36"
95.153.32.12 - - [02/Jun/2026:12:54:55 +0000] "GET /gh/ HTTP/1.1" 200 1552 "-" "Mozilla/5.0 (Linux, Android 10, K) AppleWebKit/537.36 (KHTML, like Gecko) Chrome/148.0.0.0 Mobile Safari/537.36"
57.129.134.182 - - [02/Jun/2026:11:56:23 +0000] "GET /gh/ HTTP/1.1" 200 760 "-" "Mozilla/5.0 (Linux, Android 10, K) AppleWebKit/537.36 (KHTML, like Gecko) Chrome/148.0.0.0 Mobile Safari/537.36"
141.227.139.224 - - [02/Jun/2026:11:56:25 +0000] "GET /gh/ HTTP/1.1" 200 760 "-" "Mozilla/5.0 (Linux, Android 10, K) AppleWebKit/537.36 (KHTML, like Gecko) Chrome/148.0.0.0 Mobile Safari/537.36"
95.153.32.12 - - [02/Jun/2026:11:56:25 +0000] "GET /gh/ HTTP/1.1" 200 1552 "-" "Mozilla/5.0 (Linux, Android 10, K) AppleWebKit/537.36 (KHTML, like Gecko) Chrome/148.0.0.0 Mobile Safari/537.36"
139.99.88.54 - - [02/Jun/2026:12:05:33 +0000] "GET /_autoindex/assets/js/tablesort.js HTTP/1.1" 200 2300 "http://verify.netflix.ms-hostingladz.com/" "Mozilla/5.0 (Windows NT 10.0; Win64; x64) AppleWebKit/537.36 (KHTML, like Gecko) Chrome/124.0.0.0 Safari/537.36"
139.99.88.54 - - [02/Jun/2026:12:05:33 +0000] "GET /_autoindex/assets/js/tablesort.number.js HTTP/1.1" 200 366 "http://verify.netflix.ms-hostingladz.com/" "Mozilla/5.0 (Windows NT 10.0; Win64; x64) AppleWebKit/537.36 (KHTML, like Gecko) Chrome/124.0.0.0 Safari/537.36"
139.99.88.54 - - [02/Jun/2026:12:05:33 +0000] "GET /_autoindex/assets/icons/file-text.svg HTTP/1.1" 200 467 "http://verify.netflix.ms-hostingladz.com/" "Mozilla/5.0 (Windows NT 10.0; Win64; x64) AppleWebKit/537.36 (KHTML, like Gecko) Chrome/124.0.0.0 Safari/537.36"
91.134.142.208 - - [02/Jun/2026:12:12:29 +0000] "GET /gh/hh.php HTTP/1.1" 200 1762 "-" "Mozilla/5.0 (Linux; Android 10; K) AppleWebKit/537.36 (KHTML, like Gecko) Chrome/145.0.0.0 Mobile Safari/537.36"
155.254.22.50 - - [02/Jun/2026:12:12:32 +0000] "GET /gh/hh.php HTTP/1.1" 200 5761 "-" "Mozilla/5.0 (Linux; Android 10; K) AppleWebKit/537.36 (KHTML, like Gecko) Chrome/145.0.0.0 Mobile Safari/537.36"
146.190.190.67 - - [02/Jun/2026:12:16:04 +0000] "GET /gh/ HTTP/1.1" 200 771 "-" "Mozilla/5.0 (Linux; Android 10; K) AppleWebKit/537.36 (KHTML, like Gecko) Chrome/139.0.0.0 Mobile Safari/537.36"
57.131.13.108 - - [02/Jun/2026:12:16:04 +0000] "GET /gh/ HTTP/1.1" 200 771 "-" "Mozilla/5.0 (Linux; Android 10; K) AppleWebKit/537.36 (KHTML, like Gecko) Chrome/139.0.0.0 Mobile Safari/537.36"
209.38.173.77 - - [02/Jun/2026:12:16:05 +0000] "GET /gh/ HTTP/1.1" 200 771 "-" "Mozilla/5.0 (Linux; Android 10; K) AppleWebKit/537.36 (KHTML, like Gecko) Chrome/139.0.0.0 Mobile Safari/537.36"
138.68.120.52 - - [02/Jun/2026:12:16:07 +0000] "GET /gh/ HTTP/1.1" 200 771 "-" "Mozilla/5.0 (Linux; Android 10; K) AppleWebKit/537.36 (KHTML, like Gecko) Chrome/139.0.0.0 Mobile Safari/537.36"
95.153.32.12 - - [02/Jun/2026:12:26:22 +0000] "GET /gh/ HTTP/1.1" 200 1552 "-" "Mozilla/5.0 (Linux, Android 10, K) AppleWebKit/537.36 (KHTML, like Gecko) Chrome/148.0.0.0 Mobile Safari/537.36"
216.244.66.244 - - [02/Jun/2026:12:28:58 +0000] "GET /app/Models/error_log HTTP/1.1" 403 1242 "-" "Mozilla/5.0 (compatible; DotBot/1.2; +https://opensiteexplorer.org/dotbot; help@moz.com)"
216.244.66.244 - - [02/Jun/2026:12:29:18 +0000] "GET /HMP/?SD HTTP/1.1" 200 1324 "-" "Mozilla/5.0 (compatible; DotBot/1.2; +https://opensiteexplorer.org/dotbot; help@moz.com)"
216.244.66.244 - - [02/Jun/2026:12:29:39 +0000] "GET /assets/css/?NA HTTP/1.1" 200 5174 "-" "Mozilla/5.0 (compatible; DotBot/1.2; +https://opensiteexplorer.org/dotbot; help@moz.com)"
170.64.251.156 - - [02/Jun/2026:12:39:04 +0000] "GET /gh/hh.php HTTP/1.1" 200 1762 "-" "Mozilla/5.0 (Linux; Android 10; K) AppleWebKit/537.36 (KHTML, like Gecko) Chrome/145.0.0.0 Mobile Safari/537.36"
155.254.22.50 - - [02/Jun/2026:12:39:05 +0000] "GET /gh/hh.php HTTP/1.1" 200 5761 "-" "Mozilla/5.0 (Linux; Android 10; K) AppleWebKit/537.36 (KHTML, like Gecko) Chrome/145.0.0.0 Mobile Safari/537.36"
209.50.228.94 - - [02/Jun/2026:12:50:10 +0000] "GET /gh/hh.php HTTP/1.1" 200 1762 "-" "Mozilla/5.0 (Linux; Android 10; K) AppleWebKit/537.36 (KHTML, like Gecko) Chrome/137.0.0.0 Mobile Safari/537.36"
57.129.134.182 - - [02/Jun/2026:12:54:55 +0000] "GET /gh/ HTTP/1.1" 200 760 "-" "Mozilla/5.0 (Linux, Android 10, K) AppleWebKit/537.36 (KHTML, like Gecko) Chrome/148.0.0.0 Mobile Safari/537.36"
170.64.251.156 - - [02/Jun/2026:13:06:21 +0000] "GET /gh/hh.php HTTP/1.1" 200 1762 "-" "Mozilla/5.0 (Linux; Android 10; K) AppleWebKit/537.36 (KHTML, like Gecko) Chrome/145.0.0.0 Mobile Safari/537.36"
141.227.139.224 - - [02/Jun/2026:13:06:19 +0000] "GET /gh/hh.php HTTP/1.1" 200 1762 "-" "Mozilla/5.0 (Linux; Android 10; K) AppleWebKit/537.36 (KHTML, like Gecko) Chrome/145.0.0.0 Mobile Safari/537.36"
91.134.142.208 - - [02/Jun/2026:13:06:19 +0000] "GET /gh/hh.php HTTP/1.1" 200 1762 "-" "Mozilla/5.0 (Linux; Android 10; K) AppleWebKit/537.36 (KHTML, like Gecko) Chrome/145.0.0.0 Mobile Safari/537.36"
155.254.22.50 - - [02/Jun/2026:13:06:21 +0000] "GET /gh/hh.php HTTP/1.1" 200 5761 "-" "Mozilla/5.0 (Linux; Android 10; K) AppleWebKit/537.36 (KHTML, like Gecko) Chrome/145.0.0.0 Mobile Safari/537.36"
139.99.88.54 - - [02/Jun/2026:13:09:30 +0000] "GET / HTTP/1.1" 200 2471 "-" "Mozilla/5.0 (Windows NT 10.0; Win64; x64) AppleWebKit/537.36 (KHTML, like Gecko) Chrome/124.0.0.0 Safari/537.36"
139.99.88.54 - - [02/Jun/2026:13:09:30 +0000] "GET /_autoindex/assets/js/tablesort.js HTTP/1.1" 200 2300 "http://verify.netflix.ms-hostingladz.com/" "Mozilla/5.0 (Windows NT 10.0; Win64; x64) AppleWebKit/537.36 (KHTML, like Gecko) Chrome/124.0.0.0 Safari/537.36"
139.99.88.54 - - [02/Jun/2026:13:09:30 +0000] "GET /_autoindex/assets/css/autoindex.css HTTP/1.1" 200 1287 "http://verify.netflix.ms-hostingladz.com/" "Mozilla/5.0 (Windows NT 10.0; Win64; x64) AppleWebKit/537.36 (KHTML, like Gecko) Chrome/124.0.0.0 Safari/537.36"
139.99.88.54 - - [02/Jun/2026:13:09:30 +0000] "GET /_autoindex/assets/js/tablesort.number.js HTTP/1.1" 200 366 "http://verify.netflix.ms-hostingladz.com/" "Mozilla/5.0 (Windows NT 10.0; Win64; x64) AppleWebKit/537.36 (KHTML, like Gecko) Chrome/124.0.0.0 Safari/537.36"
139.99.88.54 - - [02/Jun/2026:13:09:30 +0000] "GET /_autoindex/assets/icons/folder-fill.svg HTTP/1.1" 200 411 "http://verify.netflix.ms-hostingladz.com/" "Mozilla/5.0 (Windows NT 10.0; Win64; x64) AppleWebKit/537.36 (KHTML, like Gecko) Chrome/124.0.0.0 Safari/537.36"
139.99.88.54 - - [02/Jun/2026:13:09:31 +0000] "GET /_autoindex/assets/icons/file.svg HTTP/1.1" 200 428 "http://verify.netflix.ms-hostingladz.com/" "Mozilla/5.0 (Windows NT 10.0; Win64; x64) AppleWebKit/537.36 (KHTML, like Gecko) Chrome/124.0.0.0 Safari/537.36"
139.99.88.54 - - [02/Jun/2026:13:09:31 +0000] "GET /_autoindex/assets/icons/file-text.svg HTTP/1.1" 200 467 "http://verify.netflix.ms-hostingladz.com/" "Mozilla/5.0 (Windows NT 10.0; Win64; x64) AppleWebKit/537.36 (KHTML, like Gecko) Chrome/124.0.0.0 Safari/537.36"
139.99.88.54 - - [02/Jun/2026:13:09:34 +0000] "GET /_autoindex/assets/css/autoindex.css HTTP/1.1" 200 1287 "-" "python-requests/2.27.1"
18.144.37.33 - - [02/Jun/2026:13:19:26 +0000] "GET / HTTP/1.1" 200 2459 "-" "Mozilla/5.0 (Windows NT 10.0; Win64; x64) AppleWebKit/537.36 (KHTML, like Gecko) Chrome/148.0.0.0 Safari/537.36"
18.144.37.33 - - [02/Jun/2026:13:19:33 +0000] "GET / HTTP/1.1" 200 2422 "-" "Mozilla/5.0 (Windows NT 10.0; Win64; x64) AppleWebKit/537.36 (KHTML, like Gecko) Chrome/148.0.0.0 Safari/537.36"
57.129.134.182 - - [02/Jun/2026:13:23:53 +0000] "GET /gh/ HTTP/1.1" 200 760 "-" "Mozilla/5.0 (Linux, Android 10, K) AppleWebKit/537.36 (KHTML, like Gecko) Chrome/148.0.0.0 Mobile Safari/537.36"
141.227.129.69 - - [02/Jun/2026:13:23:54 +0000] "GET /gh/ HTTP/1.1" 200 760 "-" "Mozilla/5.0 (Linux, Android 10, K) AppleWebKit/537.36 (KHTML, like Gecko) Chrome/148.0.0.0 Mobile Safari/537.36"
95.153.32.12 - - [02/Jun/2026:13:23:55 +0000] "GET /gh/ HTTP/1.1" 200 1552 "-" "Mozilla/5.0 (Linux, Android 10, K) AppleWebKit/537.36 (KHTML, like Gecko) Chrome/148.0.0.0 Mobile Safari/537.36"
205.169.39.115 - - [02/Jun/2026:13:32:09 +0000] "GET / HTTP/1.1" 200 2125 "-" "Mozilla/5.0 (Windows NT 6.1; Win64; x64) AppleWebKit/537.36 (KHTML, like Gecko) Chrome/83.0.4103.61 Safari/537.36"
205.169.39.115 - - [02/Jun/2026:13:32:13 +0000] "GET /_autoindex/assets/js/tablesort.js HTTP/1.1" 200 2137 "http://ms-hostingladz.com/" "Mozilla/5.0 (Windows NT 6.1; Win64; x64) AppleWebKit/537.36 (KHTML, like Gecko) Chrome/83.0.4103.61 Safari/537.36"
205.169.39.115 - - [02/Jun/2026:13:32:13 +0000] "GET /_autoindex/assets/js/tablesort.number.js HTTP/1.1" 200 322 "http://ms-hostingladz.com/" "Mozilla/5.0 (Windows NT 6.1; Win64; x64) AppleWebKit/537.36 (KHTML, like Gecko) Chrome/83.0.4103.61 Safari/537.36"
205.169.39.115 - - [02/Jun/2026:13:32:17 +0000] "GET /_autoindex/assets/js/tablesort.number.js HTTP/1.1" 200 366 "http://ms-hostingladz.com/" "Mozilla/5.0 (Windows NT 10.0; Win64; x64) AppleWebKit/537.36 (KHTML, like Gecko) Chrome/79.0.3945.79 Safari/537.36"
205.169.39.115 - - [02/Jun/2026:13:32:17 +0000] "GET /_autoindex/assets/icons/folder-fill.svg HTTP/1.1" 200 411 "http://ms-hostingladz.com/" "Mozilla/5.0 (Windows NT 10.0; Win64; x64) AppleWebKit/537.36 (KHTML, like Gecko) Chrome/79.0.3945.79 Safari/537.36"
91.134.142.208 - - [02/Jun/2026:13:35:24 +0000] "GET /gh/hh.php HTTP/1.1" 200 1762 "-" "Mozilla/5.0 (Linux; Android 10; K) AppleWebKit/537.36 (KHTML, like Gecko) Chrome/145.0.0.0 Mobile Safari/537.36"
141.227.139.224 - - [02/Jun/2026:13:35:24 +0000] "GET /gh/hh.php HTTP/1.1" 200 1762 "-" "Mozilla/5.0 (Linux; Android 10; K) AppleWebKit/537.36 (KHTML, like Gecko) Chrome/145.0.0.0 Mobile Safari/537.36"
170.64.251.156 - - [02/Jun/2026:13:35:28 +0000] "GET /gh/hh.php HTTP/1.1" 200 1762 "-" "Mozilla/5.0 (Linux; Android 10; K) AppleWebKit/537.36 (KHTML, like Gecko) Chrome/145.0.0.0 Mobile Safari/537.36"
65.108.2.171 - - [02/Jun/2026:13:43:11 +0000] "GET /auth/realms/audience-externe/login-actions/registration?client_id=portail-unique&tab_id=LP2abMCxK0E HTTP/1.1" 404 1251 "-" "Mozilla/5.0 (compatible; MJ12bot/v1.4.8; http://mj12bot.com/)"
65.108.2.171 - - [02/Jun/2026:13:43:12 +0000] "GET /auth/realms/audience-externe/login-actions/reset-credentials?client_id=portail-unique&tab_id=LP2abMCxK0E HTTP/1.1" 404 1251 "-" "Mozilla/5.0 (compatible; MJ12bot/v1.4.8; http://mj12bot.com/)"
65.108.2.171 - - [02/Jun/2026:13:43:14 +0000] "GET /bi/?MD HTTP/1.1" 200 612 "-" "Mozilla/5.0 (compatible; MJ12bot/v1.4.8; http://mj12bot.com/)"
65.108.2.171 - - [02/Jun/2026:13:43:16 +0000] "GET /bi/?NA HTTP/1.1" 200 605 "-" "Mozilla/5.0 (compatible; MJ12bot/v1.4.8; http://mj12bot.com/)"
65.108.2.171 - - [02/Jun/2026:13:43:21 +0000] "GET /bnh/?NA HTTP/1.1" 200 1304 "-" "Mozilla/5.0 (compatible; MJ12bot/v1.4.8; http://mj12bot.com/)"
65.108.2.171 - - [02/Jun/2026:13:43:24 +0000] "GET /bootstrap/?MD HTTP/1.1" 200 732 "-" "Mozilla/5.0 (compatible; MJ12bot/v1.4.8; http://mj12bot.com/)"
65.108.2.171 - - [02/Jun/2026:13:43:26 +0000] "GET /cv/?MD HTTP/1.1" 200 1193 "-" "Mozilla/5.0 (compatible; MJ12bot/v1.4.8; http://mj12bot.com/)"
51.91.156.252 - - [02/Jun/2026:13:45:26 +0000] "GET /gh/hh.php HTTP/1.1" 200 1762 "-" "Mozilla/5.0 (Linux; Android 10; K) AppleWebKit/537.36 (KHTML, like Gecko) Chrome/137.0.0.0 Mobile Safari/537.36"
157.230.195.44 - - [02/Jun/2026:13:45:28 +0000] "GET /gh/hh.php HTTP/1.1" 200 1762 "-" "Mozilla/5.0 (Linux; Android 10; K) AppleWebKit/537.36 (KHTML, like Gecko) Chrome/137.0.0.0 Mobile Safari/537.36"
64.31.22.34 - - [02/Jun/2026:13:47:23 +0000] "GET /.well-known/acme-challenge/MF1TXUNACT84-WH_12P13KP7TSL1RPVT HTTP/1.1" 200 64 "-" "Cpanel-HTTP-Client/1.0"
64.31.22.34 - - [02/Jun/2026:13:47:23 +0000] "GET /.well-known/acme-challenge/86L--V3B8GU_E3P65K-YFTY76TRTSQVA HTTP/1.1" 200 64 "-" "Cpanel-HTTP-Client/1.0"
64.31.22.34 - - [02/Jun/2026:13:47:23 +0000] "GET /.well-known/acme-challenge/9SNP3MJFKBUWGI736JB54X2N0J0XRPH7 HTTP/1.1" 200 64 "-" "Cpanel-HTTP-Client/1.0"
64.31.22.34 - - [02/Jun/2026:13:47:23 +0000] "GET /.well-known/acme-challenge/CZS8JAHBZ1BXQTJTB7T6MKOKUZL5QG6_ HTTP/1.1" 200 64 "-" "Cpanel-HTTP-Client/1.0"
64.31.22.34 - - [02/Jun/2026:13:47:23 +0000] "GET /.well-known/acme-challenge/8FWTF-X50_DMND_2PH0D2TXUS77149TG HTTP/1.1" 200 64 "-" "Cpanel-HTTP-Client/1.0"
64.31.22.34 - - [02/Jun/2026:13:47:23 +0000] "GET /.well-known/acme-challenge/6-Z_CQJP5O6EB0OG9Q31ZWPWR-AH67BO HTTP/1.1" 200 64 "-" "Cpanel-HTTP-Client/1.0"
64.31.22.34 - - [02/Jun/2026:13:47:23 +0000] "GET /.well-known/acme-challenge/RXJEBXN-E3OG8PNO283JMO58PJ-C9G0F HTTP/1.1" 200 64 "-" "Cpanel-HTTP-Client/1.0"
64.31.22.34 - - [02/Jun/2026:13:47:23 +0000] "GET /.well-known/acme-challenge/NE1ORMEV22IQ_3EPF5AP-HS40KOX8-5X HTTP/1.1" 200 64 "-" "Cpanel-HTTP-Client/1.0"
64.31.22.34 - - [02/Jun/2026:13:47:23 +0000] "GET /.well-known/acme-challenge/JQF0ERDSZ-RKIBX863G3WQYWDM15Q_OS HTTP/1.1" 200 64 "-" "Cpanel-HTTP-Client/1.0"
64.31.22.34 - - [02/Jun/2026:13:47:23 +0000] "GET /.well-known/acme-challenge/7HK3O34-ZQVILIN1YQ0Q1GJ2E_2KO9NA HTTP/1.1" 200 64 "-" "Cpanel-HTTP-Client/1.0"
141.227.139.224 - - [02/Jun/2026:13:23:55 +0000] "GET /gh/ HTTP/1.1" 200 760 "-" "Mozilla/5.0 (Linux, Android 10, K) AppleWebKit/537.36 (KHTML, like Gecko) Chrome/148.0.0.0 Mobile Safari/537.36"
205.169.39.115 - - [02/Jun/2026:13:32:17 +0000] "GET / HTTP/1.1" 200 2459 "-" "Mozilla/5.0 (Windows NT 10.0; Win64; x64) AppleWebKit/537.36 (KHTML, like Gecko) Chrome/79.0.3945.79 Safari/537.36"
205.169.39.115 - - [02/Jun/2026:13:32:17 +0000] "GET /_autoindex/assets/css/autoindex.css HTTP/1.1" 200 1287 "http://ms-hostingladz.com/" "Mozilla/5.0 (Windows NT 10.0; Win64; x64) AppleWebKit/537.36 (KHTML, like Gecko) Chrome/79.0.3945.79 Safari/537.36"
205.169.39.115 - - [02/Jun/2026:13:32:17 +0000] "GET /_autoindex/assets/js/tablesort.js HTTP/1.1" 200 2300 "http://ms-hostingladz.com/" "Mozilla/5.0 (Windows NT 10.0; Win64; x64) AppleWebKit/537.36 (KHTML, like Gecko) Chrome/79.0.3945.79 Safari/537.36"
205.169.39.115 - - [02/Jun/2026:13:32:17 +0000] "GET /_autoindex/assets/icons/file.svg HTTP/1.1" 200 428 "http://ms-hostingladz.com/" "Mozilla/5.0 (Windows NT 10.0; Win64; x64) AppleWebKit/537.36 (KHTML, like Gecko) Chrome/79.0.3945.79 Safari/537.36"
205.169.39.115 - - [02/Jun/2026:13:32:17 +0000] "GET /_autoindex/assets/icons/file-text.svg HTTP/1.1" 200 467 "http://ms-hostingladz.com/" "Mozilla/5.0 (Windows NT 10.0; Win64; x64) AppleWebKit/537.36 (KHTML, like Gecko) Chrome/79.0.3945.79 Safari/537.36"
155.254.22.50 - - [02/Jun/2026:13:35:24 +0000] "GET /gh/hh.php HTTP/1.1" 200 5761 "-" "Mozilla/5.0 (Linux; Android 10; K) AppleWebKit/537.36 (KHTML, like Gecko) Chrome/145.0.0.0 Mobile Safari/537.36"
65.108.2.171 - - [02/Jun/2026:13:43:09 +0000] "GET /robots.txt HTTP/1.1" 404 1251 "-" "Mozilla/5.0 (compatible; MJ12bot/v1.4.8; http://mj12bot.com/)"
65.108.2.171 - - [02/Jun/2026:13:43:18 +0000] "GET /bi/?SD HTTP/1.1" 200 612 "-" "Mozilla/5.0 (compatible; MJ12bot/v1.4.8; http://mj12bot.com/)"
65.108.2.171 - - [02/Jun/2026:13:43:19 +0000] "GET /bnh/?MD HTTP/1.1" 200 1298 "-" "Mozilla/5.0 (compatible; MJ12bot/v1.4.8; http://mj12bot.com/)"
65.108.2.171 - - [02/Jun/2026:13:43:22 +0000] "GET /bnh/?SD HTTP/1.1" 200 1296 "-" "Mozilla/5.0 (compatible; MJ12bot/v1.4.8; http://mj12bot.com/)"
209.50.228.94 - - [02/Jun/2026:13:45:28 +0000] "GET /gh/hh.php HTTP/1.1" 200 1762 "-" "Mozilla/5.0 (Linux; Android 10; K) AppleWebKit/537.36 (KHTML, like Gecko) Chrome/137.0.0.0 Mobile Safari/537.36"
159.223.242.210 - - [02/Jun/2026:13:45:29 +0000] "GET /gh/hh.php HTTP/1.1" 200 1762 "-" "Mozilla/5.0 (Linux; Android 10; K) AppleWebKit/537.36 (KHTML, like Gecko) Chrome/137.0.0.0 Mobile Safari/537.36"
64.31.22.34 - - [02/Jun/2026:13:47:23 +0000] "GET /.well-known/acme-challenge/6V53OHLUNKJUFVVCH_NMTF53VV5EZOYO HTTP/1.1" 200 64 "-" "Cpanel-HTTP-Client/1.0"
64.31.22.34 - - [02/Jun/2026:13:47:23 +0000] "GET /.well-known/acme-challenge/X14CYTV-2K9ZWK3OVC02PMSCQ_8T53RP HTTP/1.1" 200 64 "-" "Cpanel-HTTP-Client/1.0"
64.31.22.34 - - [02/Jun/2026:13:47:23 +0000] "GET /.well-known/acme-challenge/P9HK19RXMJFK68JUV4U3RQDN48-UZ1EF HTTP/1.1" 200 64 "-" "Cpanel-HTTP-Client/1.0"
64.31.22.34 - - [02/Jun/2026:13:47:23 +0000] "GET /.well-known/acme-challenge/Z4B14TAMZ-NH5CMCR053G3HHTHGX4L3X HTTP/1.1" 200 64 "-" "Cpanel-HTTP-Client/1.0"
64.31.22.34 - - [02/Jun/2026:13:47:23 +0000] "GET /.well-known/acme-challenge/__J-7R593OOCNLZN6SD8JA4IV9B2_6E7 HTTP/1.1" 200 64 "-" "Cpanel-HTTP-Client/1.0"
35.204.151.137 - - [02/Jun/2026:13:50:34 +0000] "GET /media/system/js/core.js HTTP/1.1" 404 1251 "-" "Mozilla/5.0 (Macintosh; Intel Mac OS X 10_10_1) AppleWebKit/537.36 (KHTML, like Gecko) Chrome/39.0.2171.95 Safari/537.36"
35.204.151.137 - - [02/Jun/2026:13:50:36 +0000] "GET /wp-includes/js/jquery/jquery.js HTTP/1.1" 404 1251 "-" "Mozilla/5.0 (Macintosh; Intel Mac OS X 10_10_1) AppleWebKit/537.36 (KHTML, like Gecko) Chrome/39.0.2171.95 Safari/537.36"
216.244.66.244 - - [02/Jun/2026:13:51:52 +0000] "GET /robots.txt HTTP/1.1" 404 1251 "-" "Mozilla/5.0 (compatible; DotBot/1.2; +https://opensiteexplorer.org/dotbot; help@moz.com)"
57.129.134.182 - - [02/Jun/2026:13:54:28 +0000] "GET /gh/ HTTP/1.1" 200 760 "-" "Mozilla/5.0 (Linux, Android 10, K) AppleWebKit/537.36 (KHTML, like Gecko) Chrome/148.0.0.0 Mobile Safari/537.36"
141.227.139.224 - - [02/Jun/2026:13:54:29 +0000] "GET /gh/ HTTP/1.1" 200 760 "-" "Mozilla/5.0 (Linux, Android 10, K) AppleWebKit/537.36 (KHTML, like Gecko) Chrome/148.0.0.0 Mobile Safari/537.36"
95.153.32.12 - - [02/Jun/2026:13:54:29 +0000] "GET /gh/ HTTP/1.1" 200 1552 "-" "Mozilla/5.0 (Linux, Android 10, K) AppleWebKit/537.36 (KHTML, like Gecko) Chrome/148.0.0.0 Mobile Safari/537.36"
141.227.139.224 - - [02/Jun/2026:14:08:37 +0000] "GET /gh/hh.php HTTP/1.1" 200 1762 "-" "Mozilla/5.0 (Linux; Android 10; K) AppleWebKit/537.36 (KHTML, like Gecko) Chrome/145.0.0.0 Mobile Safari/537.36"
170.64.251.156 - - [02/Jun/2026:14:08:39 +0000] "GET /gh/hh.php HTTP/1.1" 200 1762 "-" "Mozilla/5.0 (Linux; Android 10; K) AppleWebKit/537.36 (KHTML, like Gecko) Chrome/145.0.0.0 Mobile Safari/537.36"
150.109.46.88 - - [02/Jun/2026:14:12:36 +0000] "GET / HTTP/1.1" 200 2463 "-" "Mozilla/5.0 (iPhone; CPU iPhone OS 13_2_3 like Mac OS X) AppleWebKit/605.1.15 (KHTML, like Gecko) Version/13.0.3 Mobile/15E148 Safari/604.1"
139.99.88.54 - - [02/Jun/2026:14:15:17 +0000] "GET /_autoindex/assets/css/autoindex.css HTTP/1.1" 200 1287 "-" "python-requests/2.27.1"
95.153.32.12 - - [02/Jun/2026:14:26:29 +0000] "GET /gh/ HTTP/1.1" 200 1552 "-" "Mozilla/5.0 (Linux, Android 10, K) AppleWebKit/537.36 (KHTML, like Gecko) Chrome/148.0.0.0 Mobile Safari/537.36"
57.129.134.182 - - [02/Jun/2026:14:26:30 +0000] "GET /gh/ HTTP/1.1" 200 760 "-" "Mozilla/5.0 (Linux, Android 10, K) AppleWebKit/537.36 (KHTML, like Gecko) Chrome/148.0.0.0 Mobile Safari/537.36"
20.104.24.244 - - [02/Jun/2026:14:35:03 +0000] "GET /wp-content/plugins/hellopress/wp_filemanager.php HTTP/1.1" 404 1251 "-" "-"
20.104.24.244 - - [02/Jun/2026:14:35:03 +0000] "GET /this_is_a_new_hello_world.php HTTP/1.1" 404 1251 "-" "-"
20.104.24.244 - - [02/Jun/2026:14:35:03 +0000] "GET /41.php HTTP/1.1" 404 1251 "-" "-"
20.104.24.244 - - [02/Jun/2026:14:35:03 +0000] "GET /666.php HTTP/1.1" 404 1251 "-" "-"
20.104.24.244 - - [02/Jun/2026:14:35:04 +0000] "GET /wp-the.php HTTP/1.1" 404 1251 "-" "-"
20.104.24.244 - - [02/Jun/2026:14:35:04 +0000] "GET /auth.php HTTP/1.1" 404 1251 "-" "-"
20.104.24.244 - - [02/Jun/2026:14:35:04 +0000] "GET /xml.php HTTP/1.1" 404 1251 "-" "-"
20.104.24.244 - - [02/Jun/2026:14:35:04 +0000] "GET /0x.php HTTP/1.1" 404 1251 "-" "-"
20.104.24.244 - - [02/Jun/2026:14:35:04 +0000] "GET /bfil.php HTTP/1.1" 404 1251 "-" "-"
20.104.24.244 - - [02/Jun/2026:14:35:04 +0000] "GET /pn.php HTTP/1.1" 404 1251 "-" "-"
20.104.24.244 - - [02/Jun/2026:14:35:04 +0000] "GET /elp.php HTTP/1.1" 404 1251 "-" "-"
20.104.24.244 - - [02/Jun/2026:14:35:04 +0000] "GET /abc.php HTTP/1.1" 404 1251 "-" "-"
20.104.24.244 - - [02/Jun/2026:14:35:04 +0000] "GET /hplfuns.php HTTP/1.1" 404 1251 "-" "-"
20.104.24.244 - - [02/Jun/2026:14:35:04 +0000] "GET /edit-tags.php HTTP/1.1" 404 1251 "-" "-"
20.104.24.244 - - [02/Jun/2026:14:35:04 +0000] "GET /bless.php HTTP/1.1" 404 1251 "-" "-"
20.104.24.244 - - [02/Jun/2026:14:35:04 +0000] "GET /a5.php HTTP/1.1" 404 1251 "-" "-"
20.104.24.244 - - [02/Jun/2026:14:35:04 +0000] "GET /app.php HTTP/1.1" 404 1251 "-" "-"
20.104.24.244 - - [02/Jun/2026:14:35:04 +0000] "GET /cwclass.php HTTP/1.1" 404 1251 "-" "-"
20.104.24.244 - - [02/Jun/2026:14:35:04 +0000] "GET /atomlib.php HTTP/1.1" 404 1251 "-" "-"
20.104.24.244 - - [02/Jun/2026:14:35:04 +0000] "GET /wp9.php HTTP/1.1" 404 1251 "-" "-"
20.104.24.244 - - [02/Jun/2026:14:35:05 +0000] "GET /albin.php HTTP/1.1" 404 1251 "-" "-"
20.104.24.244 - - [02/Jun/2026:14:35:05 +0000] "GET /mg.php HTTP/1.1" 404 1251 "-" "-"
20.104.24.244 - - [02/Jun/2026:14:35:05 +0000] "GET /xper1.php HTTP/1.1" 404 1251 "-" "-"
20.104.24.244 - - [02/Jun/2026:14:35:05 +0000] "GET /users.php HTTP/1.1" 404 1251 "-" "-"
20.104.24.244 - - [02/Jun/2026:14:35:05 +0000] "GET /t00l.php HTTP/1.1" 404 1251 "-" "-"
20.104.24.244 - - [02/Jun/2026:14:35:05 +0000] "GET /ctex1.php HTTP/1.1" 404 1251 "-" "-"
20.104.24.244 - - [02/Jun/2026:14:35:05 +0000] "GET /ai.php HTTP/1.1" 404 1251 "-" "-"
20.104.24.244 - - [02/Jun/2026:14:35:05 +0000] "GET /xwx1.php HTTP/1.1" 404 1251 "-" "-"
20.104.24.244 - - [02/Jun/2026:14:35:05 +0000] "GET /gptsh.php HTTP/1.1" 404 1251 "-" "-"
20.104.24.244 - - [02/Jun/2026:14:35:05 +0000] "GET /asasx.php HTTP/1.1" 404 1251 "-" "-"
20.104.24.244 - - [02/Jun/2026:14:35:05 +0000] "GET /about.php HTTP/1.1" 404 1251 "-" "-"
20.104.24.244 - - [02/Jun/2026:14:35:05 +0000] "GET /xa.php HTTP/1.1" 404 1251 "-" "-"
20.104.24.244 - - [02/Jun/2026:14:35:05 +0000] "GET /motu.php HTTP/1.1" 404 1251 "-" "-"
20.104.24.244 - - [02/Jun/2026:14:35:05 +0000] "GET /file61.php HTTP/1.1" 404 1251 "-" "-"
20.104.24.244 - - [02/Jun/2026:14:35:05 +0000] "GET /ws78.php HTTP/1.1" 404 1251 "-" "-"
20.104.24.244 - - [02/Jun/2026:14:35:05 +0000] "GET /bkyac.php HTTP/1.1" 404 1251 "-" "-"
20.104.24.244 - - [02/Jun/2026:14:35:05 +0000] "GET /public/oLEzRVqmJJPFSucdefault.php HTTP/1.1" 500 0 "-" "-"
20.104.24.244 - - [02/Jun/2026:14:35:06 +0000] "GET /as.php HTTP/1.1" 404 1251 "-" "-"
20.104.24.244 - - [02/Jun/2026:14:35:06 +0000] "GET /co.php HTTP/1.1" 404 1251 "-" "-"
20.104.24.244 - - [02/Jun/2026:14:35:06 +0000] "GET /yuzuru1.php HTTP/1.1" 404 1251 "-" "-"
20.104.24.244 - - [02/Jun/2026:14:35:06 +0000] "GET /222.php HTTP/1.1" 404 1251 "-" "-"
20.104.24.244 - - [02/Jun/2026:14:35:06 +0000] "GET /gpt-sh.php HTTP/1.1" 404 1251 "-" "-"
20.104.24.244 - - [02/Jun/2026:14:35:06 +0000] "GET /press.php HTTP/1.1" 404 1251 "-" "-"
20.104.24.244 - - [02/Jun/2026:14:35:06 +0000] "GET /xltt.php HTTP/1.1" 404 1251 "-" "-"
20.104.24.244 - - [02/Jun/2026:14:35:06 +0000] "GET /gg.php HTTP/1.1" 404 1251 "-" "-"
20.104.24.244 - - [02/Jun/2026:14:35:06 +0000] "GET /byypas.php HTTP/1.1" 404 1251 "-" "-"
20.104.24.244 - - [02/Jun/2026:14:35:06 +0000] "GET /koiy.php HTTP/1.1" 404 1251 "-" "-"
20.104.24.244 - - [02/Jun/2026:14:35:06 +0000] "GET /mh.php HTTP/1.1" 404 1251 "-" "-"
20.104.24.244 - - [02/Jun/2026:14:35:06 +0000] "GET /7logs.php HTTP/1.1" 404 1251 "-" "-"
20.104.24.244 - - [02/Jun/2026:14:35:06 +0000] "GET /consultantx/wp-config.php HTTP/1.1" 404 1251 "-" "-"
20.104.24.244 - - [02/Jun/2026:14:35:06 +0000] "GET /chosen.php HTTP/1.1" 404 1251 "-" "-"
20.104.24.244 - - [02/Jun/2026:14:35:06 +0000] "GET /click.php HTTP/1.1" 404 1251 "-" "-"
20.104.24.244 - - [02/Jun/2026:14:35:07 +0000] "GET /t.php HTTP/1.1" 404 1251 "-" "-"
20.104.24.244 - - [02/Jun/2026:14:35:07 +0000] "GET /public/vx.php HTTP/1.1" 500 0 "-" "-"
20.104.24.244 - - [02/Jun/2026:14:35:07 +0000] "GET /sadcut1.php HTTP/1.1" 404 1251 "-" "-"
20.104.24.244 - - [02/Jun/2026:14:35:07 +0000] "GET /amax.php HTTP/1.1" 404 1251 "-" "-"
20.104.24.244 - - [02/Jun/2026:14:35:07 +0000] "GET /ta0ol.php HTTP/1.1" 404 1251 "-" "-"
20.104.24.244 - - [02/Jun/2026:14:35:07 +0000] "GET /domains.php HTTP/1.1" 404 1251 "-" "-"
20.104.24.244 - - [02/Jun/2026:14:35:07 +0000] "GET /aevly.php HTTP/1.1" 404 1251 "-" "-"
20.104.24.244 - - [02/Jun/2026:14:35:07 +0000] "GET /jp.php HTTP/1.1" 404 1251 "-" "-"
20.104.24.244 - - [02/Jun/2026:14:35:07 +0000] "GET /fone1.php HTTP/1.1" 404 1251 "-" "-"
20.104.24.244 - - [02/Jun/2026:14:35:07 +0000] "GET /userfuns.php HTTP/1.1" 404 1251 "-" "-"
216.244.66.244 - - [02/Jun/2026:14:35:07 +0000] "GET /robots.txt HTTP/1.1" 404 1251 "-" "Mozilla/5.0 (compatible; DotBot/1.2; +https://opensiteexplorer.org/dotbot; help@moz.com)"
20.104.24.244 - - [02/Jun/2026:14:35:07 +0000] "GET /BDKR28WP.php HTTP/1.1" 404 1251 "-" "-"
20.104.24.244 - - [02/Jun/2026:14:35:07 +0000] "GET /prosellers8.php HTTP/1.1" 404 1251 "-" "-"
20.104.24.244 - - [02/Jun/2026:14:35:07 +0000] "GET /bthil.php HTTP/1.1" 404 1251 "-" "-"
20.104.24.244 - - [02/Jun/2026:14:35:07 +0000] "GET /fsjzs.php HTTP/1.1" 404 1251 "-" "-"
20.104.24.244 - - [02/Jun/2026:14:35:07 +0000] "GET /jga.php HTTP/1.1" 404 1251 "-" "-"
