20.104.24.244 - - [02/Jun/2026:14:35:07 +0000] "GET /jj.php HTTP/1.1" 404 1251 "-" "-"
20.104.24.244 - - [02/Jun/2026:14:35:07 +0000] "GET /tx79.php HTTP/1.1" 404 1251 "-" "-"
20.104.24.244 - - [02/Jun/2026:14:35:07 +0000] "GET /acp.php HTTP/1.1" 404 1251 "-" "-"
20.104.24.244 - - [02/Jun/2026:14:35:08 +0000] "GET /info2.php HTTP/1.1" 404 1251 "-" "-"
20.104.24.244 - - [02/Jun/2026:14:35:08 +0000] "GET /wp-png.php HTTP/1.1" 404 1251 "-" "-"
20.104.24.244 - - [02/Jun/2026:14:35:08 +0000] "GET /wziar1.php HTTP/1.1" 404 1251 "-" "-"
20.104.24.244 - - [02/Jun/2026:14:35:08 +0000] "GET /8573.php HTTP/1.1" 404 1251 "-" "-"
20.104.24.244 - - [02/Jun/2026:14:35:08 +0000] "GET /sa.php7 HTTP/1.1" 404 1251 "-" "-"
20.104.24.244 - - [02/Jun/2026:14:35:08 +0000] "GET /a7.php HTTP/1.1" 404 1251 "-" "-"
20.104.24.244 - - [02/Jun/2026:14:35:08 +0000] "GET /wmore1.php HTTP/1.1" 404 1251 "-" "-"
20.104.24.244 - - [02/Jun/2026:14:35:08 +0000] "GET /packsin1.php HTTP/1.1" 404 1251 "-" "-"
20.104.24.244 - - [02/Jun/2026:14:35:08 +0000] "GET /saorix1.php HTTP/1.1" 404 1251 "-" "-"
20.104.24.244 - - [02/Jun/2026:14:35:08 +0000] "GET /2026w.php HTTP/1.1" 404 1251 "-" "-"
20.104.24.244 - - [02/Jun/2026:14:35:08 +0000] "GET /x.php HTTP/1.1" 404 1251 "-" "-"
20.104.24.244 - - [02/Jun/2026:14:35:08 +0000] "GET /abrand.php HTTP/1.1" 404 1251 "-" "-"
20.104.24.244 - - [02/Jun/2026:14:35:08 +0000] "GET /classwithtostring.php HTTP/1.1" 404 1251 "-" "-"
20.104.24.244 - - [02/Jun/2026:14:35:08 +0000] "GET /amwxl.php HTTP/1.1" 404 1251 "-" "-"
20.104.24.244 - - [02/Jun/2026:14:35:08 +0000] "GET /8.php HTTP/1.1" 404 1251 "-" "-"
20.104.24.244 - - [02/Jun/2026:14:35:09 +0000] "GET /menu.php HTTP/1.1" 404 1251 "-" "-"
20.104.24.244 - - [02/Jun/2026:14:35:09 +0000] "GET /ww.php HTTP/1.1" 404 1251 "-" "-"
20.104.24.244 - - [02/Jun/2026:14:35:09 +0000] "GET /cilus.php HTTP/1.1" 404 1251 "-" "-"
20.104.24.244 - - [02/Jun/2026:14:35:09 +0000] "GET /epinyins.php HTTP/1.1" 404 1251 "-" "-"
20.104.24.244 - - [02/Jun/2026:14:35:09 +0000] "GET /zoper1.php HTTP/1.1" 404 1251 "-" "-"
20.104.24.244 - - [02/Jun/2026:14:35:09 +0000] "GET /gm.php HTTP/1.1" 404 1251 "-" "-"
20.104.24.244 - - [02/Jun/2026:14:35:09 +0000] "GET /crgio.php HTTP/1.1" 404 1251 "-" "-"
20.104.24.244 - - [02/Jun/2026:14:35:09 +0000] "GET /fvvff.php HTTP/1.1" 404 1251 "-" "-"
20.104.24.244 - - [02/Jun/2026:14:35:09 +0000] "GET /gecko.php HTTP/1.1" 404 1251 "-" "-"
20.104.24.244 - - [02/Jun/2026:14:35:09 +0000] "GET /lb.php HTTP/1.1" 404 1251 "-" "-"
20.104.24.244 - - [02/Jun/2026:14:35:09 +0000] "GET /bgymj.php HTTP/1.1" 404 1251 "-" "-"
20.104.24.244 - - [02/Jun/2026:14:35:09 +0000] "GET /Cap.php HTTP/1.1" 404 1251 "-" "-"
20.104.24.244 - - [02/Jun/2026:14:35:09 +0000] "GET /casp1.php HTTP/1.1" 404 1251 "-" "-"
20.104.24.244 - - [02/Jun/2026:14:35:09 +0000] "GET /aligk.php HTTP/1.1" 404 1251 "-" "-"
20.104.24.244 - - [02/Jun/2026:14:35:09 +0000] "GET /rip.php HTTP/1.1" 404 1251 "-" "-"
20.104.24.244 - - [02/Jun/2026:14:35:09 +0000] "GET /n3yUmQ6Q9xwQ8ocdefault.php HTTP/1.1" 404 1251 "-" "-"
20.104.24.244 - - [02/Jun/2026:14:35:10 +0000] "GET /wp-ac.php HTTP/1.1" 404 1251 "-" "-"
20.104.24.244 - - [02/Jun/2026:14:35:10 +0000] "GET /tfm.php HTTP/1.1" 404 1251 "-" "-"
20.104.24.244 - - [02/Jun/2026:14:35:10 +0000] "GET /wp-good.php HTTP/1.1" 404 1251 "-" "-"
20.104.24.244 - - [02/Jun/2026:14:35:10 +0000] "GET /100.php HTTP/1.1" 404 1251 "-" "-"
20.104.24.244 - - [02/Jun/2026:14:35:10 +0000] "GET /shop.php HTTP/1.1" 404 1251 "-" "-"
20.104.24.244 - - [02/Jun/2026:14:35:10 +0000] "GET /z60.php HTTP/1.1" 404 1251 "-" "-"
20.104.24.244 - - [02/Jun/2026:14:35:10 +0000] "GET /wp5.php HTTP/1.1" 404 1251 "-" "-"
20.104.24.244 - - [02/Jun/2026:14:35:10 +0000] "GET /zc-243.php HTTP/1.1" 404 1251 "-" "-"
20.104.24.244 - - [02/Jun/2026:14:35:10 +0000] "GET /public/mI35rZhMg1zJ1vuXdefault.php HTTP/1.1" 500 0 "-" "-"
20.104.24.244 - - [02/Jun/2026:14:35:10 +0000] "GET /acc.php HTTP/1.1" 404 1251 "-" "-"
20.104.24.244 - - [02/Jun/2026:14:35:10 +0000] "GET /bolt.php HTTP/1.1" 404 1251 "-" "-"
20.104.24.244 - - [02/Jun/2026:14:35:10 +0000] "GET /ortasekerli1.php HTTP/1.1" 404 1251 "-" "-"
141.227.129.69 - - [02/Jun/2026:13:54:29 +0000] "GET /gh/ HTTP/1.1" 200 760 "-" "Mozilla/5.0 (Linux, Android 10, K) AppleWebKit/537.36 (KHTML, like Gecko) Chrome/148.0.0.0 Mobile Safari/537.36"
216.244.66.244 - - [02/Jun/2026:13:55:57 +0000] "GET /resources/lang/?MD HTTP/1.1" 200 1579 "-" "Mozilla/5.0 (compatible; DotBot/1.2; +https://opensiteexplorer.org/dotbot; help@moz.com)"
216.244.66.244 - - [02/Jun/2026:13:56:02 +0000] "GET /https%3A/ms-hostingladz.com%3A3000/?ND HTTP/1.1" 200 1387 "-" "Mozilla/5.0 (compatible; DotBot/1.2; +https://opensiteexplorer.org/dotbot; help@moz.com)"
91.134.142.208 - - [02/Jun/2026:14:08:34 +0000] "GET /gh/hh.php HTTP/1.1" 200 1762 "-" "Mozilla/5.0 (Linux; Android 10; K) AppleWebKit/537.36 (KHTML, like Gecko) Chrome/145.0.0.0 Mobile Safari/537.36"
155.254.22.50 - - [02/Jun/2026:14:08:37 +0000] "GET /gh/hh.php HTTP/1.1" 200 5761 "-" "Mozilla/5.0 (Linux; Android 10; K) AppleWebKit/537.36 (KHTML, like Gecko) Chrome/145.0.0.0 Mobile Safari/537.36"
139.99.88.54 - - [02/Jun/2026:14:15:13 +0000] "GET / HTTP/1.1" 200 2471 "-" "Mozilla/5.0 (Windows NT 10.0; Win64; x64) AppleWebKit/537.36 (KHTML, like Gecko) Chrome/124.0.0.0 Safari/537.36"
139.99.88.54 - - [02/Jun/2026:14:15:13 +0000] "GET /_autoindex/assets/css/autoindex.css HTTP/1.1" 200 1287 "http://verify.netflix.ms-hostingladz.com/" "Mozilla/5.0 (Windows NT 10.0; Win64; x64) AppleWebKit/537.36 (KHTML, like Gecko) Chrome/124.0.0.0 Safari/537.36"
139.99.88.54 - - [02/Jun/2026:14:15:13 +0000] "GET /_autoindex/assets/js/tablesort.js HTTP/1.1" 200 2300 "http://verify.netflix.ms-hostingladz.com/" "Mozilla/5.0 (Windows NT 10.0; Win64; x64) AppleWebKit/537.36 (KHTML, like Gecko) Chrome/124.0.0.0 Safari/537.36"
139.99.88.54 - - [02/Jun/2026:14:15:13 +0000] "GET /_autoindex/assets/js/tablesort.number.js HTTP/1.1" 200 366 "http://verify.netflix.ms-hostingladz.com/" "Mozilla/5.0 (Windows NT 10.0; Win64; x64) AppleWebKit/537.36 (KHTML, like Gecko) Chrome/124.0.0.0 Safari/537.36"
139.99.88.54 - - [02/Jun/2026:14:15:13 +0000] "GET /_autoindex/assets/icons/folder-fill.svg HTTP/1.1" 200 411 "http://verify.netflix.ms-hostingladz.com/" "Mozilla/5.0 (Windows NT 10.0; Win64; x64) AppleWebKit/537.36 (KHTML, like Gecko) Chrome/124.0.0.0 Safari/537.36"
139.99.88.54 - - [02/Jun/2026:14:15:14 +0000] "GET /_autoindex/assets/icons/file.svg HTTP/1.1" 200 428 "http://verify.netflix.ms-hostingladz.com/" "Mozilla/5.0 (Windows NT 10.0; Win64; x64) AppleWebKit/537.36 (KHTML, like Gecko) Chrome/124.0.0.0 Safari/537.36"
139.99.88.54 - - [02/Jun/2026:14:15:14 +0000] "GET /_autoindex/assets/icons/file-text.svg HTTP/1.1" 200 467 "http://verify.netflix.ms-hostingladz.com/" "Mozilla/5.0 (Windows NT 10.0; Win64; x64) AppleWebKit/537.36 (KHTML, like Gecko) Chrome/124.0.0.0 Safari/537.36"
141.227.139.224 - - [02/Jun/2026:14:26:29 +0000] "GET /gh/ HTTP/1.1" 200 760 "-" "Mozilla/5.0 (Linux, Android 10, K) AppleWebKit/537.36 (KHTML, like Gecko) Chrome/148.0.0.0 Mobile Safari/537.36"
141.227.129.69 - - [02/Jun/2026:14:26:33 +0000] "GET /gh/ HTTP/1.1" 200 760 "-" "Mozilla/5.0 (Linux, Android 10, K) AppleWebKit/537.36 (KHTML, like Gecko) Chrome/148.0.0.0 Mobile Safari/537.36"
170.64.251.156 - - [02/Jun/2026:14:36:10 +0000] "GET /gh/hh.php HTTP/1.1" 200 1762 "-" "Mozilla/5.0 (Linux; Android 10; K) AppleWebKit/537.36 (KHTML, like Gecko) Chrome/145.0.0.0 Mobile Safari/537.36"
216.244.66.244 - - [02/Jun/2026:14:38:42 +0000] "GET /assets/scss/black-dashboard/ HTTP/1.1" 200 2139 "-" "Mozilla/5.0 (compatible; DotBot/1.2; +https://opensiteexplorer.org/dotbot; help@moz.com)"
42.200.231.39 - - [02/Jun/2026:14:43:13 +0000] "GET /robots.txt HTTP/1.1" 404 1251 "-" "Mozilla/5.0 (compatible; MJ12bot/v1.4.8; http://mj12bot.com/)"
42.200.231.39 - - [02/Jun/2026:14:43:15 +0000] "GET /app/?MD HTTP/1.1" 200 1470 "-" "Mozilla/5.0 (compatible; MJ12bot/v1.4.8; http://mj12bot.com/)"
42.200.231.39 - - [02/Jun/2026:14:43:20 +0000] "GET /app/?NA HTTP/1.1" 200 1474 "-" "Mozilla/5.0 (compatible; MJ12bot/v1.4.8; http://mj12bot.com/)"
42.200.231.39 - - [02/Jun/2026:14:43:23 +0000] "GET /app/?SD HTTP/1.1" 200 1476 "-" "Mozilla/5.0 (compatible; MJ12bot/v1.4.8; http://mj12bot.com/)"
42.200.231.39 - - [02/Jun/2026:14:43:29 +0000] "GET /app/Provider.php HTTP/1.1" 500 0 "-" "Mozilla/5.0 (compatible; MJ12bot/v1.4.8; http://mj12bot.com/)"
42.200.231.39 - - [02/Jun/2026:14:43:32 +0000] "GET /app/Receipt.php HTTP/1.1" 500 0 "-" "Mozilla/5.0 (compatible; MJ12bot/v1.4.8; http://mj12bot.com/)"
42.200.231.39 - - [02/Jun/2026:14:43:36 +0000] "GET /app/Refrence.php HTTP/1.1" 500 0 "-" "Mozilla/5.0 (compatible; MJ12bot/v1.4.8; http://mj12bot.com/)"
42.200.231.39 - - [02/Jun/2026:14:43:39 +0000] "GET /app/Sale.php HTTP/1.1" 500 0 "-" "Mozilla/5.0 (compatible; MJ12bot/v1.4.8; http://mj12bot.com/)"
42.200.231.39 - - [02/Jun/2026:14:43:43 +0000] "GET /app/SoldProduct.php HTTP/1.1" 500 0 "-" "Mozilla/5.0 (compatible; MJ12bot/v1.4.8; http://mj12bot.com/)"
42.200.231.39 - - [02/Jun/2026:14:43:47 +0000] "GET /app/Transaction.php HTTP/1.1" 500 0 "-" "Mozilla/5.0 (compatible; MJ12bot/v1.4.8; http://mj12bot.com/)"
42.200.231.39 - - [02/Jun/2026:14:43:50 +0000] "GET /app/TransactionType.php HTTP/1.1" 500 0 "-" "Mozilla/5.0 (compatible; MJ12bot/v1.4.8; http://mj12bot.com/)"
42.200.231.39 - - [02/Jun/2026:14:43:54 +0000] "GET /app/Transfer.php HTTP/1.1" 500 0 "-" "Mozilla/5.0 (compatible; MJ12bot/v1.4.8; http://mj12bot.com/)"
42.200.231.39 - - [02/Jun/2026:14:43:57 +0000] "GET /app/User.php HTTP/1.1" 500 0 "-" "Mozilla/5.0 (compatible; MJ12bot/v1.4.8; http://mj12bot.com/)"
42.200.231.39 - - [02/Jun/2026:14:44:01 +0000] "GET /app/error_log HTTP/1.1" 403 1242 "-" "Mozilla/5.0 (compatible; MJ12bot/v1.4.8; http://mj12bot.com/)"
42.200.231.39 - - [02/Jun/2026:14:44:04 +0000] "GET /app/helpers.php HTTP/1.1" 200 0 "-" "Mozilla/5.0 (compatible; MJ12bot/v1.4.8; http://mj12bot.com/)"
42.200.231.39 - - [02/Jun/2026:14:44:08 +0000] "GET /assets/?MA HTTP/1.1" 200 1097 "-" "Mozilla/5.0 (compatible; MJ12bot/v1.4.8; http://mj12bot.com/)"
42.200.231.39 - - [02/Jun/2026:14:44:13 +0000] "GET /assets/?ND HTTP/1.1" 200 1092 "-" "Mozilla/5.0 (compatible; MJ12bot/v1.4.8; http://mj12bot.com/)"
42.200.231.39 - - [02/Jun/2026:14:44:17 +0000] "GET /assets/?SA HTTP/1.1" 200 1093 "-" "Mozilla/5.0 (compatible; MJ12bot/v1.4.8; http://mj12bot.com/)"
51.91.156.252 - - [02/Jun/2026:14:50:29 +0000] "GET /gh/hh.php HTTP/1.1" 200 1762 "-" "Mozilla/5.0 (Linux; Android 10; K) AppleWebKit/537.36 (KHTML, like Gecko) Chrome/137.0.0.0 Mobile Safari/537.36"
209.50.228.94 - - [02/Jun/2026:14:50:30 +0000] "GET /gh/hh.php HTTP/1.1" 200 1762 "-" "Mozilla/5.0 (Linux; Android 10; K) AppleWebKit/537.36 (KHTML, like Gecko) Chrome/137.0.0.0 Mobile Safari/537.36"
157.230.195.44 - - [02/Jun/2026:14:50:33 +0000] "GET /gh/hh.php HTTP/1.1" 200 1762 "-" "Mozilla/5.0 (Linux; Android 10; K) AppleWebKit/537.36 (KHTML, like Gecko) Chrome/137.0.0.0 Mobile Safari/537.36"
95.153.32.12 - - [02/Jun/2026:14:58:45 +0000] "GET /gh/ HTTP/1.1" 200 1552 "-" "Mozilla/5.0 (Linux, Android 10, K) AppleWebKit/537.36 (KHTML, like Gecko) Chrome/148.0.0.0 Mobile Safari/537.36"
141.227.129.69 - - [02/Jun/2026:14:58:46 +0000] "GET /gh/ HTTP/1.1" 200 760 "-" "Mozilla/5.0 (Linux, Android 10, K) AppleWebKit/537.36 (KHTML, like Gecko) Chrome/148.0.0.0 Mobile Safari/537.36"
141.227.139.224 - - [02/Jun/2026:14:58:51 +0000] "GET /gh/ HTTP/1.1" 200 760 "-" "Mozilla/5.0 (Linux, Android 10, K) AppleWebKit/537.36 (KHTML, like Gecko) Chrome/148.0.0.0 Mobile Safari/537.36"
138.68.120.52 - - [02/Jun/2026:15:01:24 +0000] "GET /gh/ HTTP/1.1" 200 771 "-" "Mozilla/5.0 (Linux; Android 10; K) AppleWebKit/537.36 (KHTML, like Gecko) Chrome/139.0.0.0 Mobile Safari/537.36"
43.152.72.244 - - [02/Jun/2026:15:01:28 +0000] "GET / HTTP/1.1" 200 2459 "-" "Mozilla/5.0 (iPhone; CPU iPhone OS 13_2_3 like Mac OS X) AppleWebKit/605.1.15 (KHTML, like Gecko) Version/13.0.3 Mobile/15E148 Safari/604.1"
51.68.111.243 - - [02/Jun/2026:15:02:56 +0000] "GET /robots.txt HTTP/1.1" 404 1251 "-" "Mozilla/5.0 (compatible; MJ12bot/v2.0.5; http://mj12bot.com/)"
20.104.24.244 - - [02/Jun/2026:14:35:10 +0000] "GET /wp-home.php HTTP/1.1" 404 1251 "-" "-"
155.254.22.50 - - [02/Jun/2026:14:36:04 +0000] "GET /gh/hh.php HTTP/1.1" 200 5761 "-" "Mozilla/5.0 (Linux; Android 10; K) AppleWebKit/537.36 (KHTML, like Gecko) Chrome/145.0.0.0 Mobile Safari/537.36"
91.134.142.208 - - [02/Jun/2026:14:36:05 +0000] "GET /gh/hh.php HTTP/1.1" 200 1762 "-" "Mozilla/5.0 (Linux; Android 10; K) AppleWebKit/537.36 (KHTML, like Gecko) Chrome/145.0.0.0 Mobile Safari/537.36"
141.227.139.224 - - [02/Jun/2026:14:36:05 +0000] "GET /gh/hh.php HTTP/1.1" 200 1762 "-" "Mozilla/5.0 (Linux; Android 10; K) AppleWebKit/537.36 (KHTML, like Gecko) Chrome/145.0.0.0 Mobile Safari/537.36"
216.244.66.244 - - [02/Jun/2026:14:38:38 +0000] "GET /routes/?SD HTTP/1.1" 200 3381 "-" "Mozilla/5.0 (compatible; DotBot/1.2; +https://opensiteexplorer.org/dotbot; help@moz.com)"
216.244.66.244 - - [02/Jun/2026:14:38:46 +0000] "GET /bootstrap/cache/?NA HTTP/1.1" 200 2112 "-" "Mozilla/5.0 (compatible; DotBot/1.2; +https://opensiteexplorer.org/dotbot; help@moz.com)"
216.244.66.244 - - [02/Jun/2026:14:38:50 +0000] "GET /storage/logs/?MD HTTP/1.1" 200 1599 "-" "Mozilla/5.0 (compatible; DotBot/1.2; +https://opensiteexplorer.org/dotbot; help@moz.com)"
42.200.231.39 - - [02/Jun/2026:14:43:02 +0000] "GET /robots.txt HTTP/1.1" 404 1251 "-" "Mozilla/5.0 (compatible; MJ12bot/v1.4.8; http://mj12bot.com/)"
42.200.231.39 - - [02/Jun/2026:14:43:04 +0000] "GET /bootstrap/?NA HTTP/1.1" 200 724 "-" "Mozilla/5.0 (compatible; MJ12bot/v1.4.8; http://mj12bot.com/)"
42.200.231.39 - - [02/Jun/2026:14:43:06 +0000] "GET /bootstrap/?SD HTTP/1.1" 200 731 "-" "Mozilla/5.0 (compatible; MJ12bot/v1.4.8; http://mj12bot.com/)"
42.200.231.39 - - [02/Jun/2026:14:43:08 +0000] "GET /routes/?MD HTTP/1.1" 200 1088 "-" "Mozilla/5.0 (compatible; MJ12bot/v1.4.8; http://mj12bot.com/)"
42.200.231.39 - - [02/Jun/2026:14:43:10 +0000] "GET /routes/?SD HTTP/1.1" 200 1085 "-" "Mozilla/5.0 (compatible; MJ12bot/v1.4.8; http://mj12bot.com/)"
42.200.231.39 - - [02/Jun/2026:14:43:11 +0000] "GET /saudia/?MD HTTP/1.1" 200 539 "-" "Mozilla/5.0 (compatible; MJ12bot/v1.4.8; http://mj12bot.com/)"
159.223.242.210 - - [02/Jun/2026:14:50:31 +0000] "GET /gh/hh.php HTTP/1.1" 200 1762 "-" "Mozilla/5.0 (Linux; Android 10; K) AppleWebKit/537.36 (KHTML, like Gecko) Chrome/137.0.0.0 Mobile Safari/537.36"
57.129.134.182 - - [02/Jun/2026:14:58:45 +0000] "GET /gh/ HTTP/1.1" 200 760 "-" "Mozilla/5.0 (Linux, Android 10, K) AppleWebKit/537.36 (KHTML, like Gecko) Chrome/148.0.0.0 Mobile Safari/537.36"
57.131.13.108 - - [02/Jun/2026:15:01:23 +0000] "GET /gh/ HTTP/1.1" 200 771 "-" "Mozilla/5.0 (Linux; Android 10; K) AppleWebKit/537.36 (KHTML, like Gecko) Chrome/139.0.0.0 Mobile Safari/537.36"
146.190.190.67 - - [02/Jun/2026:15:01:23 +0000] "GET /gh/ HTTP/1.1" 200 771 "-" "Mozilla/5.0 (Linux; Android 10; K) AppleWebKit/537.36 (KHTML, like Gecko) Chrome/139.0.0.0 Mobile Safari/537.36"
209.38.173.77 - - [02/Jun/2026:15:01:24 +0000] "GET /gh/ HTTP/1.1" 200 771 "-" "Mozilla/5.0 (Linux; Android 10; K) AppleWebKit/537.36 (KHTML, like Gecko) Chrome/139.0.0.0 Mobile Safari/537.36"
155.254.22.50 - - [02/Jun/2026:15:04:21 +0000] "GET /gh/hh.php HTTP/1.1" 200 5761 "-" "Mozilla/5.0 (Linux; Android 10; K) AppleWebKit/537.36 (KHTML, like Gecko) Chrome/145.0.0.0 Mobile Safari/537.36"
170.64.251.156 - - [02/Jun/2026:15:04:24 +0000] "GET /gh/hh.php HTTP/1.1" 200 1762 "-" "Mozilla/5.0 (Linux; Android 10; K) AppleWebKit/537.36 (KHTML, like Gecko) Chrome/145.0.0.0 Mobile Safari/537.36"
141.227.139.224 - - [02/Jun/2026:15:04:25 +0000] "GET /gh/hh.php HTTP/1.1" 200 1762 "-" "Mozilla/5.0 (Linux; Android 10; K) AppleWebKit/537.36 (KHTML, like Gecko) Chrome/145.0.0.0 Mobile Safari/537.36"
51.75.118.97 - - [02/Jun/2026:15:18:26 +0000] "GET /robots.txt HTTP/1.1" 404 1251 "-" "Mozilla/5.0 (compatible; MJ12bot/v1.4.8; http://mj12bot.com/)"
51.75.118.97 - - [02/Jun/2026:15:18:27 +0000] "GET /bnh/?ND HTTP/1.1" 200 1297 "-" "Mozilla/5.0 (compatible; MJ12bot/v1.4.8; http://mj12bot.com/)"
51.75.118.97 - - [02/Jun/2026:15:18:32 +0000] "GET /cv/?MD HTTP/1.1" 200 1203 "-" "Mozilla/5.0 (compatible; MJ12bot/v1.4.8; http://mj12bot.com/)"
51.75.118.97 - - [02/Jun/2026:15:18:35 +0000] "GET /cv/?NA HTTP/1.1" 200 1194 "-" "Mozilla/5.0 (compatible; MJ12bot/v1.4.8; http://mj12bot.com/)"
51.75.118.97 - - [02/Jun/2026:15:18:38 +0000] "GET /cv/?SD HTTP/1.1" 200 1198 "-" "Mozilla/5.0 (compatible; MJ12bot/v1.4.8; http://mj12bot.com/)"
51.75.118.97 - - [02/Jun/2026:15:18:45 +0000] "GET /mwtrading/?NA HTTP/1.1" 200 551 "-" "Mozilla/5.0 (compatible; MJ12bot/v1.4.8; http://mj12bot.com/)"
51.75.118.97 - - [02/Jun/2026:15:18:47 +0000] "GET /mwtrading/?SD HTTP/1.1" 200 553 "-" "Mozilla/5.0 (compatible; MJ12bot/v1.4.8; http://mj12bot.com/)"
51.75.118.97 - - [02/Jun/2026:15:18:51 +0000] "GET /routes/web.php HTTP/1.1" 500 0 "-" "Mozilla/5.0 (compatible; MJ12bot/v1.4.8; http://mj12bot.com/)"
51.75.118.97 - - [02/Jun/2026:15:18:54 +0000] "GET /saudia/?MA HTTP/1.1" 200 548 "-" "Mozilla/5.0 (compatible; MJ12bot/v1.4.8; http://mj12bot.com/)"
51.75.118.97 - - [02/Jun/2026:15:18:57 +0000] "GET /saudia/?ND HTTP/1.1" 200 545 "-" "Mozilla/5.0 (compatible; MJ12bot/v1.4.8; http://mj12bot.com/)"
51.75.118.97 - - [02/Jun/2026:15:19:00 +0000] "GET /saudia/?SA HTTP/1.1" 200 550 "-" "Mozilla/5.0 (compatible; MJ12bot/v1.4.8; http://mj12bot.com/)"
51.75.118.97 - - [02/Jun/2026:15:19:03 +0000] "GET /saudiapost/?MA HTTP/1.1" 200 700 "-" "Mozilla/5.0 (compatible; MJ12bot/v1.4.8; http://mj12bot.com/)"
51.75.118.97 - - [02/Jun/2026:15:19:06 +0000] "GET /saudiapost/?ND HTTP/1.1" 200 700 "-" "Mozilla/5.0 (compatible; MJ12bot/v1.4.8; http://mj12bot.com/)"
51.75.118.97 - - [02/Jun/2026:15:19:10 +0000] "GET /saudiapost/?SA HTTP/1.1" 200 698 "-" "Mozilla/5.0 (compatible; MJ12bot/v1.4.8; http://mj12bot.com/)"
51.75.118.97 - - [02/Jun/2026:15:19:12 +0000] "GET /storage/?MA HTTP/1.1" 200 681 "-" "Mozilla/5.0 (compatible; MJ12bot/v1.4.8; http://mj12bot.com/)"
51.75.118.97 - - [02/Jun/2026:15:19:16 +0000] "GET /storage/?ND HTTP/1.1" 200 671 "-" "Mozilla/5.0 (compatible; MJ12bot/v1.4.8; http://mj12bot.com/)"
51.75.118.97 - - [02/Jun/2026:15:19:18 +0000] "GET /storage/?SA HTTP/1.1" 200 679 "-" "Mozilla/5.0 (compatible; MJ12bot/v1.4.8; http://mj12bot.com/)"
51.75.118.97 - - [02/Jun/2026:15:19:22 +0000] "GET /tests/?MA HTTP/1.1" 200 798 "-" "Mozilla/5.0 (compatible; MJ12bot/v1.4.8; http://mj12bot.com/)"
51.75.118.97 - - [02/Jun/2026:15:19:25 +0000] "GET /tests/?SA HTTP/1.1" 200 801 "-" "Mozilla/5.0 (compatible; MJ12bot/v1.4.8; http://mj12bot.com/)"
51.75.118.97 - - [02/Jun/2026:15:19:28 +0000] "GET /tests/CreatesApplication.php HTTP/1.1" 200 0 "-" "Mozilla/5.0 (compatible; MJ12bot/v1.4.8; http://mj12bot.com/)"
51.75.118.97 - - [02/Jun/2026:15:19:31 +0000] "GET /tests/TestCase.php HTTP/1.1" 500 0 "-" "Mozilla/5.0 (compatible; MJ12bot/v1.4.8; http://mj12bot.com/)"
51.75.118.97 - - [02/Jun/2026:15:19:32 +0000] "GET /tests/error_log HTTP/1.1" 403 1242 "-" "Mozilla/5.0 (compatible; MJ12bot/v1.4.8; http://mj12bot.com/)"
139.99.88.54 - - [02/Jun/2026:15:20:38 +0000] "GET / HTTP/1.1" 200 2471 "-" "Mozilla/5.0 (Windows NT 10.0; Win64; x64) AppleWebKit/537.36 (KHTML, like Gecko) Chrome/124.0.0.0 Safari/537.36"
139.99.88.54 - - [02/Jun/2026:15:20:38 +0000] "GET /_autoindex/assets/css/autoindex.css HTTP/1.1" 200 1287 "http://verify.netflix.ms-hostingladz.com/" "Mozilla/5.0 (Windows NT 10.0; Win64; x64) AppleWebKit/537.36 (KHTML, like Gecko) Chrome/124.0.0.0 Safari/537.36"
139.99.88.54 - - [02/Jun/2026:15:20:38 +0000] "GET /_autoindex/assets/js/tablesort.js HTTP/1.1" 200 2300 "http://verify.netflix.ms-hostingladz.com/" "Mozilla/5.0 (Windows NT 10.0; Win64; x64) AppleWebKit/537.36 (KHTML, like Gecko) Chrome/124.0.0.0 Safari/537.36"
216.244.66.244 - - [02/Jun/2026:15:18:08 +0000] "GET /robots.txt HTTP/1.1" 404 1251 "-" "Mozilla/5.0 (compatible; DotBot/1.2; +https://opensiteexplorer.org/dotbot; help@moz.com)"
139.99.88.54 - - [02/Jun/2026:15:20:39 +0000] "GET /_autoindex/assets/js/tablesort.number.js HTTP/1.1" 200 366 "http://verify.netflix.ms-hostingladz.com/" "Mozilla/5.0 (Windows NT 10.0; Win64; x64) AppleWebKit/537.36 (KHTML, like Gecko) Chrome/124.0.0.0 Safari/537.36"
139.99.88.54 - - [02/Jun/2026:15:20:39 +0000] "GET /_autoindex/assets/icons/file.svg HTTP/1.1" 200 428 "http://verify.netflix.ms-hostingladz.com/" "Mozilla/5.0 (Windows NT 10.0; Win64; x64) AppleWebKit/537.36 (KHTML, like Gecko) Chrome/124.0.0.0 Safari/537.36"
216.244.66.244 - - [02/Jun/2026:15:22:04 +0000] "GET /app/Providers/BroadcastServiceProvider.php HTTP/1.1" 500 0 "-" "Mozilla/5.0 (compatible; DotBot/1.2; +https://opensiteexplorer.org/dotbot; help@moz.com)"
216.244.66.244 - - [02/Jun/2026:15:22:16 +0000] "GET /opco/?MD HTTP/1.1" 200 5951 "-" "Mozilla/5.0 (compatible; DotBot/1.2; +https://opensiteexplorer.org/dotbot; help@moz.com)"
139.99.88.54 - - [02/Jun/2026:15:20:39 +0000] "GET /_autoindex/assets/icons/folder-fill.svg HTTP/1.1" 200 411 "http://verify.netflix.ms-hostingladz.com/" "Mozilla/5.0 (Windows NT 10.0; Win64; x64) AppleWebKit/537.36 (KHTML, like Gecko) Chrome/124.0.0.0 Safari/537.36"
139.99.88.54 - - [02/Jun/2026:15:20:39 +0000] "GET /_autoindex/assets/icons/file-text.svg HTTP/1.1" 200 467 "http://verify.netflix.ms-hostingladz.com/" "Mozilla/5.0 (Windows NT 10.0; Win64; x64) AppleWebKit/537.36 (KHTML, like Gecko) Chrome/124.0.0.0 Safari/537.36"
139.99.88.54 - - [02/Jun/2026:15:20:42 +0000] "GET /_autoindex/assets/css/autoindex.css HTTP/1.1" 200 1287 "-" "python-requests/2.27.1"
216.244.66.244 - - [02/Jun/2026:15:22:25 +0000] "GET /resources/views/auth/register.blade.php HTTP/1.1" 200 4182 "-" "Mozilla/5.0 (compatible; DotBot/1.2; +https://opensiteexplorer.org/dotbot; help@moz.com)"
119.45.7.86 - - [02/Jun/2026:15:28:51 +0000] "GET / HTTP/1.1" 200 2459 "-" "Mozilla/5.0 (iPhone; CPU iPhone OS 13_2_3 like Mac OS X) AppleWebKit/605.1.15 (KHTML, like Gecko) Version/13.0.3 Mobile/15E148 Safari/604.1"
141.227.129.69 - - [02/Jun/2026:15:29:09 +0000] "GET /gh/ HTTP/1.1" 200 760 "-" "Mozilla/5.0 (Linux, Android 10, K) AppleWebKit/537.36 (KHTML, like Gecko) Chrome/148.0.0.0 Mobile Safari/537.36"
141.227.139.224 - - [02/Jun/2026:15:29:13 +0000] "GET /gh/ HTTP/1.1" 200 760 "-" "Mozilla/5.0 (Linux, Android 10, K) AppleWebKit/537.36 (KHTML, like Gecko) Chrome/148.0.0.0 Mobile Safari/537.36"
57.129.134.182 - - [02/Jun/2026:15:29:13 +0000] "GET /gh/ HTTP/1.1" 200 760 "-" "Mozilla/5.0 (Linux, Android 10, K) AppleWebKit/537.36 (KHTML, like Gecko) Chrome/148.0.0.0 Mobile Safari/537.36"
91.134.142.208 - - [02/Jun/2026:15:37:21 +0000] "GET /gh/hh.php HTTP/1.1" 200 1762 "-" "Mozilla/5.0 (Linux; Android 10; K) AppleWebKit/537.36 (KHTML, like Gecko) Chrome/145.0.0.0 Mobile Safari/537.36"
170.64.251.156 - - [02/Jun/2026:15:37:23 +0000] "GET /gh/hh.php HTTP/1.1" 200 1762 "-" "Mozilla/5.0 (Linux; Android 10; K) AppleWebKit/537.36 (KHTML, like Gecko) Chrome/145.0.0.0 Mobile Safari/537.36"
155.254.22.50 - - [02/Jun/2026:15:37:25 +0000] "GET /gh/hh.php HTTP/1.1" 200 5761 "-" "Mozilla/5.0 (Linux; Android 10; K) AppleWebKit/537.36 (KHTML, like Gecko) Chrome/145.0.0.0 Mobile Safari/537.36"
159.223.242.210 - - [02/Jun/2026:15:50:44 +0000] "GET /gh/hh.php HTTP/1.1" 200 1762 "-" "Mozilla/5.0 (Linux; Android 10; K) AppleWebKit/537.36 (KHTML, like Gecko) Chrome/137.0.0.0 Mobile Safari/537.36"
178.150.14.250 - - [02/Jun/2026:15:55:20 +0000] "GET /robots.txt HTTP/1.1" 404 1251 "-" "Mozilla/5.0 (compatible; MJ12bot/v1.4.8; http://mj12bot.com/)"
178.150.14.250 - - [02/Jun/2026:15:55:22 +0000] "GET /assets/?MD HTTP/1.1" 200 1092 "-" "Mozilla/5.0 (compatible; MJ12bot/v1.4.8; http://mj12bot.com/)"
178.150.14.250 - - [02/Jun/2026:15:55:25 +0000] "GET /assets/?NA HTTP/1.1" 200 1092 "-" "Mozilla/5.0 (compatible; MJ12bot/v1.4.8; http://mj12bot.com/)"
178.150.14.250 - - [02/Jun/2026:15:55:27 +0000] "GET /assets/?SD HTTP/1.1" 200 1094 "-" "Mozilla/5.0 (compatible; MJ12bot/v1.4.8; http://mj12bot.com/)"
178.150.14.250 - - [02/Jun/2026:15:55:32 +0000] "GET /bootstrap/?NA HTTP/1.1" 200 734 "-" "Mozilla/5.0 (compatible; MJ12bot/v1.4.8; http://mj12bot.com/)"
178.150.14.250 - - [02/Jun/2026:15:55:33 +0000] "GET /opco/error_log HTTP/1.1" 403 1242 "-" "Mozilla/5.0 (compatible; MJ12bot/v1.4.8; http://mj12bot.com/)"
178.150.14.250 - - [02/Jun/2026:15:55:36 +0000] "GET /resources/?MD HTTP/1.1" 200 717 "-" "Mozilla/5.0 (compatible; MJ12bot/v1.4.8; http://mj12bot.com/)"
178.150.14.250 - - [02/Jun/2026:15:55:38 +0000] "GET /resources/?ND HTTP/1.1" 200 705 "-" "Mozilla/5.0 (compatible; MJ12bot/v1.4.8; http://mj12bot.com/)"
178.150.14.250 - - [02/Jun/2026:15:55:41 +0000] "GET /resources/?SA HTTP/1.1" 200 716 "-" "Mozilla/5.0 (compatible; MJ12bot/v1.4.8; http://mj12bot.com/)"
178.150.14.250 - - [02/Jun/2026:15:55:50 +0000] "GET /robots.txt HTTP/1.1" 404 1251 "-" "Mozilla/5.0 (compatible; MJ12bot/v1.4.8; http://mj12bot.com/)"
178.150.14.250 - - [02/Jun/2026:15:55:52 +0000] "GET /app/PaymentMethod.php HTTP/1.1" 500 0 "-" "Mozilla/5.0 (compatible; MJ12bot/v1.4.8; http://mj12bot.com/)"
178.150.14.250 - - [02/Jun/2026:15:55:55 +0000] "GET /app/Product.php HTTP/1.1" 500 0 "-" "Mozilla/5.0 (compatible; MJ12bot/v1.4.8; http://mj12bot.com/)"
178.150.14.250 - - [02/Jun/2026:15:55:58 +0000] "GET /app/ProductCategory.php HTTP/1.1" 500 0 "-" "Mozilla/5.0 (compatible; MJ12bot/v1.4.8; http://mj12bot.com/)"
178.150.14.250 - - [02/Jun/2026:15:56:01 +0000] "GET /app/Provider.php HTTP/1.1" 500 0 "-" "Mozilla/5.0 (compatible; MJ12bot/v1.4.8; http://mj12bot.com/)"
178.150.14.250 - - [02/Jun/2026:15:56:04 +0000] "GET /app/Receipt.php HTTP/1.1" 500 0 "-" "Mozilla/5.0 (compatible; MJ12bot/v1.4.8; http://mj12bot.com/)"
178.150.14.250 - - [02/Jun/2026:15:56:07 +0000] "GET /app/ReceivedProduct.php HTTP/1.1" 500 0 "-" "Mozilla/5.0 (compatible; MJ12bot/v1.4.8; http://mj12bot.com/)"
178.150.14.250 - - [02/Jun/2026:15:56:10 +0000] "GET /app/Refrence.php HTTP/1.1" 500 0 "-" "Mozilla/5.0 (compatible; MJ12bot/v1.4.8; http://mj12bot.com/)"
178.150.14.250 - - [02/Jun/2026:15:56:13 +0000] "GET /app/Sale.php HTTP/1.1" 500 0 "-" "Mozilla/5.0 (compatible; MJ12bot/v1.4.8; http://mj12bot.com/)"
95.153.32.12 - - [02/Jun/2026:15:29:10 +0000] "GET /gh/ HTTP/1.1" 200 1552 "-" "Mozilla/5.0 (Linux, Android 10, K) AppleWebKit/537.36 (KHTML, like Gecko) Chrome/148.0.0.0 Mobile Safari/537.36"
141.227.139.224 - - [02/Jun/2026:15:37:22 +0000] "GET /gh/hh.php HTTP/1.1" 200 1762 "-" "Mozilla/5.0 (Linux; Android 10; K) AppleWebKit/537.36 (KHTML, like Gecko) Chrome/145.0.0.0 Mobile Safari/537.36"
51.91.156.252 - - [02/Jun/2026:15:50:44 +0000] "GET /gh/hh.php HTTP/1.1" 200 1762 "-" "Mozilla/5.0 (Linux; Android 10; K) AppleWebKit/537.36 (KHTML, like Gecko) Chrome/137.0.0.0 Mobile Safari/537.36"
209.50.228.94 - - [02/Jun/2026:15:50:45 +0000] "GET /gh/hh.php HTTP/1.1" 200 1762 "-" "Mozilla/5.0 (Linux; Android 10; K) AppleWebKit/537.36 (KHTML, like Gecko) Chrome/137.0.0.0 Mobile Safari/537.36"
157.230.195.44 - - [02/Jun/2026:15:50:46 +0000] "GET /gh/hh.php HTTP/1.1" 200 1762 "-" "Mozilla/5.0 (Linux; Android 10; K) AppleWebKit/537.36 (KHTML, like Gecko) Chrome/137.0.0.0 Mobile Safari/537.36"
95.153.32.12 - - [02/Jun/2026:15:57:49 +0000] "GET /gh/ HTTP/1.1" 200 1552 "-" "Mozilla/5.0 (Linux, Android 10, K) AppleWebKit/537.36 (KHTML, like Gecko) Chrome/148.0.0.0 Mobile Safari/537.36"
57.129.134.182 - - [02/Jun/2026:15:57:50 +0000] "GET /gh/ HTTP/1.1" 200 760 "-" "Mozilla/5.0 (Linux, Android 10, K) AppleWebKit/537.36 (KHTML, like Gecko) Chrome/148.0.0.0 Mobile Safari/537.36"
141.227.129.69 - - [02/Jun/2026:15:57:52 +0000] "GET /gh/ HTTP/1.1" 200 760 "-" "Mozilla/5.0 (Linux, Android 10, K) AppleWebKit/537.36 (KHTML, like Gecko) Chrome/148.0.0.0 Mobile Safari/537.36"
216.244.66.244 - - [02/Jun/2026:16:05:01 +0000] "GET /resources/views/pages/typography.blade.php HTTP/1.1" 200 6140 "-" "Mozilla/5.0 (compatible; DotBot/1.2; +https://opensiteexplorer.org/dotbot; help@moz.com)"
216.244.66.244 - - [02/Jun/2026:16:05:06 +0000] "GET /resources/views/profile/?MA HTTP/1.1" 200 1895 "-" "Mozilla/5.0 (compatible; DotBot/1.2; +https://opensiteexplorer.org/dotbot; help@moz.com)"
141.227.139.224 - - [02/Jun/2026:16:08:03 +0000] "GET /gh/hh.php HTTP/1.1" 200 1762 "-" "Mozilla/5.0 (Linux; Android 10; K) AppleWebKit/537.36 (KHTML, like Gecko) Chrome/145.0.0.0 Mobile Safari/537.36"
91.134.142.208 - - [02/Jun/2026:16:08:05 +0000] "GET /gh/hh.php HTTP/1.1" 200 1762 "-" "Mozilla/5.0 (Linux; Android 10; K) AppleWebKit/537.36 (KHTML, like Gecko) Chrome/145.0.0.0 Mobile Safari/537.36"
155.254.22.50 - - [02/Jun/2026:16:08:05 +0000] "GET /gh/hh.php HTTP/1.1" 200 5761 "-" "Mozilla/5.0 (Linux; Android 10; K) AppleWebKit/537.36 (KHTML, like Gecko) Chrome/145.0.0.0 Mobile Safari/537.36"
139.99.88.54 - - [02/Jun/2026:16:25:11 +0000] "GET / HTTP/1.1" 200 2471 "-" "Mozilla/5.0 (Windows NT 10.0; Win64; x64) AppleWebKit/537.36 (KHTML, like Gecko) Chrome/124.0.0.0 Safari/537.36"
139.99.88.54 - - [02/Jun/2026:16:25:11 +0000] "GET /_autoindex/assets/css/autoindex.css HTTP/1.1" 200 1287 "http://verify.netflix.ms-hostingladz.com/" "Mozilla/5.0 (Windows NT 10.0; Win64; x64) AppleWebKit/537.36 (KHTML, like Gecko) Chrome/124.0.0.0 Safari/537.36"
139.99.88.54 - - [02/Jun/2026:16:25:12 +0000] "GET /_autoindex/assets/js/tablesort.js HTTP/1.1" 200 2300 "http://verify.netflix.ms-hostingladz.com/" "Mozilla/5.0 (Windows NT 10.0; Win64; x64) AppleWebKit/537.36 (KHTML, like Gecko) Chrome/124.0.0.0 Safari/537.36"
139.99.88.54 - - [02/Jun/2026:16:25:12 +0000] "GET /_autoindex/assets/js/tablesort.number.js HTTP/1.1" 200 366 "http://verify.netflix.ms-hostingladz.com/" "Mozilla/5.0 (Windows NT 10.0; Win64; x64) AppleWebKit/537.36 (KHTML, like Gecko) Chrome/124.0.0.0 Safari/537.36"
139.99.88.54 - - [02/Jun/2026:16:25:12 +0000] "GET /_autoindex/assets/icons/folder-fill.svg HTTP/1.1" 200 411 "http://verify.netflix.ms-hostingladz.com/" "Mozilla/5.0 (Windows NT 10.0; Win64; x64) AppleWebKit/537.36 (KHTML, like Gecko) Chrome/124.0.0.0 Safari/537.36"
178.150.14.250 - - [02/Jun/2026:15:56:16 +0000] "GET /app/SoldProduct.php HTTP/1.1" 500 0 "-" "Mozilla/5.0 (compatible; MJ12bot/v1.4.8; http://mj12bot.com/)"
178.150.14.250 - - [02/Jun/2026:15:56:19 +0000] "GET /app/Transaction.php HTTP/1.1" 500 0 "-" "Mozilla/5.0 (compatible; MJ12bot/v1.4.8; http://mj12bot.com/)"
178.150.14.250 - - [02/Jun/2026:15:56:22 +0000] "GET /app/TransactionType.php HTTP/1.1" 500 0 "-" "Mozilla/5.0 (compatible; MJ12bot/v1.4.8; http://mj12bot.com/)"
178.150.14.250 - - [02/Jun/2026:15:56:25 +0000] "GET /app/Transfer.php HTTP/1.1" 500 0 "-" "Mozilla/5.0 (compatible; MJ12bot/v1.4.8; http://mj12bot.com/)"
178.150.14.250 - - [02/Jun/2026:15:56:29 +0000] "GET /app/User.php HTTP/1.1" 500 0 "-" "Mozilla/5.0 (compatible; MJ12bot/v1.4.8; http://mj12bot.com/)"
178.150.14.250 - - [02/Jun/2026:15:56:32 +0000] "GET /app/error_log HTTP/1.1" 403 1242 "-" "Mozilla/5.0 (compatible; MJ12bot/v1.4.8; http://mj12bot.com/)"
178.150.14.250 - - [02/Jun/2026:15:56:35 +0000] "GET /app/helpers.php HTTP/1.1" 200 0 "-" "Mozilla/5.0 (compatible; MJ12bot/v1.4.8; http://mj12bot.com/)"
178.150.14.250 - - [02/Jun/2026:15:56:38 +0000] "GET /assets/?MA HTTP/1.1" 200 1097 "-" "Mozilla/5.0 (compatible; MJ12bot/v1.4.8; http://mj12bot.com/)"
178.150.14.250 - - [02/Jun/2026:15:56:41 +0000] "GET /assets/?ND HTTP/1.1" 200 1091 "-" "Mozilla/5.0 (compatible; MJ12bot/v1.4.8; http://mj12bot.com/)"
178.150.14.250 - - [02/Jun/2026:15:56:45 +0000] "GET /assets/?SA HTTP/1.1" 200 1096 "-" "Mozilla/5.0 (compatible; MJ12bot/v1.4.8; http://mj12bot.com/)"
178.150.14.250 - - [02/Jun/2026:15:56:48 +0000] "GET /assets/calendar.html HTTP/1.1" 200 1254 "-" "Mozilla/5.0 (compatible; MJ12bot/v1.4.8; http://mj12bot.com/)"
178.150.14.250 - - [02/Jun/2026:15:56:51 +0000] "GET /bi/?MA HTTP/1.1" 200 626 "-" "Mozilla/5.0 (compatible; MJ12bot/v1.4.8; http://mj12bot.com/)"
178.150.14.250 - - [02/Jun/2026:15:56:55 +0000] "GET /bi/?ND HTTP/1.1" 200 618 "-" "Mozilla/5.0 (compatible; MJ12bot/v1.4.8; http://mj12bot.com/)"
141.227.139.224 - - [02/Jun/2026:15:57:50 +0000] "GET /gh/ HTTP/1.1" 200 760 "-" "Mozilla/5.0 (Linux, Android 10, K) AppleWebKit/537.36 (KHTML, like Gecko) Chrome/148.0.0.0 Mobile Safari/537.36"
216.244.66.244 - - [02/Jun/2026:16:01:32 +0000] "GET /robots.txt HTTP/1.1" 404 1251 "-" "Mozilla/5.0 (compatible; DotBot/1.2; +https://opensiteexplorer.org/dotbot; help@moz.com)"
216.244.66.244 - - [02/Jun/2026:16:05:10 +0000] "GET /resources/views/reference/?MA HTTP/1.1" 200 3698 "-" "Mozilla/5.0 (compatible; DotBot/1.2; +https://opensiteexplorer.org/dotbot; help@moz.com)"
170.64.251.156 - - [02/Jun/2026:16:08:06 +0000] "GET /gh/hh.php HTTP/1.1" 200 1762 "-" "Mozilla/5.0 (Linux; Android 10; K) AppleWebKit/537.36 (KHTML, like Gecko) Chrome/145.0.0.0 Mobile Safari/537.36"
178.105.183.10 - - [02/Jun/2026:16:14:40 +0000] "GET / HTTP/1.1" 200 2459 "-" "2ip bot/1.1 (+https://2ip.io)"
139.99.88.54 - - [02/Jun/2026:16:25:15 +0000] "GET /_autoindex/assets/css/autoindex.css HTTP/1.1" 200 1287 "-" "python-requests/2.27.1"
141.227.129.69 - - [02/Jun/2026:16:26:52 +0000] "GET /gh/ HTTP/1.1" 200 760 "-" "Mozilla/5.0 (Linux, Android 10, K) AppleWebKit/537.36 (KHTML, like Gecko) Chrome/148.0.0.0 Mobile Safari/537.36"
65.108.125.120 - - [02/Jun/2026:16:32:36 +0000] "GET /bootstrap/?SD HTTP/1.1" 200 741 "-" "Mozilla/5.0 (compatible; MJ12bot/v1.4.8; http://mj12bot.com/)"
65.108.125.120 - - [02/Jun/2026:16:32:40 +0000] "GET /routes/?NA HTTP/1.1" 200 1097 "-" "Mozilla/5.0 (compatible; MJ12bot/v1.4.8; http://mj12bot.com/)"
91.134.142.208 - - [02/Jun/2026:16:36:51 +0000] "GET /gh/hh.php HTTP/1.1" 200 1762 "-" "Mozilla/5.0 (Linux; Android 10; K) AppleWebKit/537.36 (KHTML, like Gecko) Chrome/145.0.0.0 Mobile Safari/537.36"
141.227.139.224 - - [02/Jun/2026:16:36:52 +0000] "GET /gh/hh.php HTTP/1.1" 200 1762 "-" "Mozilla/5.0 (Linux; Android 10; K) AppleWebKit/537.36 (KHTML, like Gecko) Chrome/145.0.0.0 Mobile Safari/537.36"
139.99.88.54 - - [02/Jun/2026:16:25:12 +0000] "GET /_autoindex/assets/icons/file-text.svg HTTP/1.1" 200 467 "http://verify.netflix.ms-hostingladz.com/" "Mozilla/5.0 (Windows NT 10.0; Win64; x64) AppleWebKit/537.36 (KHTML, like Gecko) Chrome/124.0.0.0 Safari/537.36"
139.99.88.54 - - [02/Jun/2026:16:25:12 +0000] "GET /_autoindex/assets/icons/file.svg HTTP/1.1" 200 428 "http://verify.netflix.ms-hostingladz.com/" "Mozilla/5.0 (Windows NT 10.0; Win64; x64) AppleWebKit/537.36 (KHTML, like Gecko) Chrome/124.0.0.0 Safari/537.36"
57.129.134.182 - - [02/Jun/2026:16:26:50 +0000] "GET /gh/ HTTP/1.1" 200 760 "-" "Mozilla/5.0 (Linux, Android 10, K) AppleWebKit/537.36 (KHTML, like Gecko) Chrome/148.0.0.0 Mobile Safari/537.36"
141.227.139.224 - - [02/Jun/2026:16:26:51 +0000] "GET /gh/ HTTP/1.1" 200 760 "-" "Mozilla/5.0 (Linux, Android 10, K) AppleWebKit/537.36 (KHTML, like Gecko) Chrome/148.0.0.0 Mobile Safari/537.36"
95.153.32.12 - - [02/Jun/2026:16:26:53 +0000] "GET /gh/ HTTP/1.1" 200 1552 "-" "Mozilla/5.0 (Linux, Android 10, K) AppleWebKit/537.36 (KHTML, like Gecko) Chrome/148.0.0.0 Mobile Safari/537.36"
65.108.125.120 - - [02/Jun/2026:16:32:35 +0000] "GET /robots.txt HTTP/1.1" 404 1251 "-" "Mozilla/5.0 (compatible; MJ12bot/v1.4.8; http://mj12bot.com/)"
65.108.125.120 - - [02/Jun/2026:16:32:38 +0000] "GET /nb/?MD HTTP/1.1" 200 547 "-" "Mozilla/5.0 (compatible; MJ12bot/v1.4.8; http://mj12bot.com/)"
155.254.22.50 - - [02/Jun/2026:16:36:52 +0000] "GET /gh/hh.php HTTP/1.1" 200 5761 "-" "Mozilla/5.0 (Linux; Android 10; K) AppleWebKit/537.36 (KHTML, like Gecko) Chrome/145.0.0.0 Mobile Safari/537.36"
216.244.66.244 - - [02/Jun/2026:16:44:11 +0000] "GET /robots.txt HTTP/1.1" 404 1251 "-" "Mozilla/5.0 (compatible; DotBot/1.2; +https://opensiteexplorer.org/dotbot; help@moz.com)"
64.31.22.34 - - [02/Jun/2026:16:47:52 +0000] "GET /.well-known/acme-challenge/WKB563YPJWNFLFYVO_21E43P0V2GX4OZ HTTP/1.1" 200 64 "-" "Cpanel-HTTP-Client/1.0"
64.31.22.34 - - [02/Jun/2026:16:47:52 +0000] "GET /.well-known/acme-challenge/C0D38W66-_VS832UFBI02-37NRWY1AT- HTTP/1.1" 200 64 "-" "Cpanel-HTTP-Client/1.0"
64.31.22.34 - - [02/Jun/2026:16:47:52 +0000] "GET /.well-known/acme-challenge/S8EGQ0LQKMVLH0V04A13PUNQ2M88OSO0 HTTP/1.1" 200 64 "-" "Cpanel-HTTP-Client/1.0"
64.31.22.34 - - [02/Jun/2026:16:47:53 +0000] "GET /.well-known/acme-challenge/_W1XHPOW3ZTV01AUWT718AYN5WVZ9PM- HTTP/1.1" 200 64 "-" "Cpanel-HTTP-Client/1.0"
64.31.22.34 - - [02/Jun/2026:16:47:53 +0000] "GET /.well-known/acme-challenge/95H--0238CUNIKSR1A8ZLR3V_14M70FN HTTP/1.1" 200 64 "-" "Cpanel-HTTP-Client/1.0"
64.31.22.34 - - [02/Jun/2026:16:47:53 +0000] "GET /.well-known/acme-challenge/_ZESXGROMLRQLV_K4UHB3ORS1DB3IDA9 HTTP/1.1" 200 64 "-" "Cpanel-HTTP-Client/1.0"
170.64.251.156 - - [02/Jun/2026:16:36:53 +0000] "GET /gh/hh.php HTTP/1.1" 200 1762 "-" "Mozilla/5.0 (Linux; Android 10; K) AppleWebKit/537.36 (KHTML, like Gecko) Chrome/145.0.0.0 Mobile Safari/537.36"
216.244.66.244 - - [02/Jun/2026:16:47:46 +0000] "GET /ar/ HTTP/1.1" 404 1251 "-" "Mozilla/5.0 (compatible; DotBot/1.2; +https://opensiteexplorer.org/dotbot; help@moz.com)"
216.244.66.244 - - [02/Jun/2026:16:47:51 +0000] "GET /resources/js/objects/?MA HTTP/1.1" 200 1370 "-" "Mozilla/5.0 (compatible; DotBot/1.2; +https://opensiteexplorer.org/dotbot; help@moz.com)"
64.31.22.34 - - [02/Jun/2026:16:47:52 +0000] "GET /.well-known/acme-challenge/R5L-097BSGRSNBKVMRSQMIX6CKUVA1ZS HTTP/1.1" 200 64 "-" "Cpanel-HTTP-Client/1.0"
64.31.22.34 - - [02/Jun/2026:16:47:52 +0000] "GET /.well-known/acme-challenge/SOCQR5E30E7BD6XK1Q7QFC_OK0UC-C5Y HTTP/1.1" 200 64 "-" "Cpanel-HTTP-Client/1.0"
64.31.22.34 - - [02/Jun/2026:16:47:52 +0000] "GET /.well-known/acme-challenge/F9YO6WO7304ABY5LKXIV85FS4CFDA22R HTTP/1.1" 200 64 "-" "Cpanel-HTTP-Client/1.0"
64.31.22.34 - - [02/Jun/2026:16:47:53 +0000] "GET /.well-known/acme-challenge/TDPAJW9MO_P3C4KJX-WJJC8AS-G7F_AD HTTP/1.1" 200 64 "-" "Cpanel-HTTP-Client/1.0"
64.31.22.34 - - [02/Jun/2026:16:47:53 +0000] "GET /.well-known/acme-challenge/GILD6H0EOG4F_VAYP_V5D24KRO7K6G32 HTTP/1.1" 200 64 "-" "Cpanel-HTTP-Client/1.0"
64.31.22.34 - - [02/Jun/2026:16:47:53 +0000] "GET /.well-known/acme-challenge/Q7D4YHPAWD-DOHMUDP9VQ4I82V0XCAM1 HTTP/1.1" 200 64 "-" "Cpanel-HTTP-Client/1.0"
64.31.22.34 - - [02/Jun/2026:16:47:53 +0000] "GET /.well-known/acme-challenge/LDMLT2BA1_-DEZB7QTLG7-WB75Z0XDUZ HTTP/1.1" 200 64 "-" "Cpanel-HTTP-Client/1.0"
64.31.22.34 - - [02/Jun/2026:16:47:53 +0000] "GET /.well-known/acme-challenge/96LTJLVRPEJDRY5E82UNKBUKKYOIR6BF HTTP/1.1" 200 64 "-" "Cpanel-HTTP-Client/1.0"
64.31.22.34 - - [02/Jun/2026:16:47:53 +0000] "GET /.well-known/acme-challenge/6BGL6TFLFF6T18N7JGJJAGM_4OU82AZU HTTP/1.1" 200 64 "-" "Cpanel-HTTP-Client/1.0"
157.230.195.44 - - [02/Jun/2026:16:54:18 +0000] "GET /gh/hh.php HTTP/1.1" 200 1762 "-" "Mozilla/5.0 (Linux; Android 10; K) AppleWebKit/537.36 (KHTML, like Gecko) Chrome/137.0.0.0 Mobile Safari/537.36"
209.50.228.94 - - [02/Jun/2026:16:54:18 +0000] "GET /gh/hh.php HTTP/1.1" 200 1762 "-" "Mozilla/5.0 (Linux; Android 10; K) AppleWebKit/537.36 (KHTML, like Gecko) Chrome/137.0.0.0 Mobile Safari/537.36"
169.239.183.74 - - [02/Jun/2026:16:57:39 +0000] "POST /wp-admin/admin-ajax.php HTTP/1.1" 404 1251 "-" "Mozilla/5.0 (Windows NT 10.0; Win64; x64) AppleWebKit/537.36 (KHTML, like Gecko) Chrome/121.0.0.0 Safari/537.36"
95.153.32.12 - - [02/Jun/2026:16:58:09 +0000] "GET /gh/ HTTP/1.1" 200 1552 "-" "Mozilla/5.0 (Linux, Android 10, K) AppleWebKit/537.36 (KHTML, like Gecko) Chrome/148.0.0.0 Mobile Safari/537.36"
141.227.129.69 - - [02/Jun/2026:16:58:09 +0000] "GET /gh/ HTTP/1.1" 200 760 "-" "Mozilla/5.0 (Linux, Android 10, K) AppleWebKit/537.36 (KHTML, like Gecko) Chrome/148.0.0.0 Mobile Safari/537.36"
141.227.139.224 - - [02/Jun/2026:16:58:10 +0000] "GET /gh/ HTTP/1.1" 200 760 "-" "Mozilla/5.0 (Linux, Android 10, K) AppleWebKit/537.36 (KHTML, like Gecko) Chrome/148.0.0.0 Mobile Safari/537.36"
193.70.33.35 - - [02/Jun/2026:17:03:21 +0000] "GET /robots.txt HTTP/1.1" 404 1251 "-" "Mozilla/5.0 (compatible; MJ12bot/v1.4.8; http://mj12bot.com/)"
193.70.33.35 - - [02/Jun/2026:17:03:23 +0000] "GET /app/ReceivedProduct.php HTTP/1.1" 500 0 "-" "Mozilla/5.0 (compatible; MJ12bot/v1.4.8; http://mj12bot.com/)"
193.70.33.35 - - [02/Jun/2026:17:03:24 +0000] "GET /auth/realms/audience-externe/login-actions/registration?client_id=portail-unique&tab_id=LP2abMCxK0E HTTP/1.1" 404 1251 "-" "Mozilla/5.0 (compatible; MJ12bot/v1.4.8; http://mj12bot.com/)"
193.70.33.35 - - [02/Jun/2026:17:03:29 +0000] "GET /auth/realms/audience-externe/login-actions/reset-credentials?client_id=portail-unique&tab_id=LP2abMCxK0E HTTP/1.1" 404 1251 "-" "Mozilla/5.0 (compatible; MJ12bot/v1.4.8; http://mj12bot.com/)"
193.70.33.35 - - [02/Jun/2026:17:03:32 +0000] "GET /bi/?MA HTTP/1.1" 200 622 "-" "Mozilla/5.0 (compatible; MJ12bot/v1.4.8; http://mj12bot.com/)"
193.70.33.35 - - [02/Jun/2026:17:03:34 +0000] "GET /bi/?ND HTTP/1.1" 200 614 "-" "Mozilla/5.0 (compatible; MJ12bot/v1.4.8; http://mj12bot.com/)"
193.70.33.35 - - [02/Jun/2026:17:03:38 +0000] "GET /bi/?SA HTTP/1.1" 200 623 "-" "Mozilla/5.0 (compatible; MJ12bot/v1.4.8; http://mj12bot.com/)"
193.70.33.35 - - [02/Jun/2026:17:03:41 +0000] "GET /bnh/?MA HTTP/1.1" 200 1296 "-" "Mozilla/5.0 (compatible; MJ12bot/v1.4.8; http://mj12bot.com/)"
193.70.33.35 - - [02/Jun/2026:17:03:44 +0000] "GET /bnh/?NA HTTP/1.1" 200 1314 "-" "Mozilla/5.0 (compatible; MJ12bot/v1.4.8; http://mj12bot.com/)"
193.70.33.35 - - [02/Jun/2026:17:03:46 +0000] "GET /bnh/?SA HTTP/1.1" 200 1293 "-" "Mozilla/5.0 (compatible; MJ12bot/v1.4.8; http://mj12bot.com/)"
193.70.33.35 - - [02/Jun/2026:17:03:49 +0000] "GET /bootstrap/?MD HTTP/1.1" 200 741 "-" "Mozilla/5.0 (compatible; MJ12bot/v1.4.8; http://mj12bot.com/)"
193.70.33.35 - - [02/Jun/2026:17:03:52 +0000] "GET /saudiapost/?NA HTTP/1.1" 200 696 "-" "Mozilla/5.0 (compatible; MJ12bot/v1.4.8; http://mj12bot.com/)"
193.70.33.35 - - [02/Jun/2026:17:03:55 +0000] "GET /saudiapost/?SD HTTP/1.1" 200 699 "-" "Mozilla/5.0 (compatible; MJ12bot/v1.4.8; http://mj12bot.com/)"
193.70.33.35 - - [02/Jun/2026:17:03:58 +0000] "GET /storage/?MD HTTP/1.1" 200 673 "-" "Mozilla/5.0 (compatible; MJ12bot/v1.4.8; http://mj12bot.com/)"
193.70.33.35 - - [02/Jun/2026:17:04:01 +0000] "GET /storage/?NA HTTP/1.1" 200 675 "-" "Mozilla/5.0 (compatible; MJ12bot/v1.4.8; http://mj12bot.com/)"
193.70.33.35 - - [02/Jun/2026:17:04:04 +0000] "GET /storage/?SD HTTP/1.1" 200 675 "-" "Mozilla/5.0 (compatible; MJ12bot/v1.4.8; http://mj12bot.com/)"
193.70.33.35 - - [02/Jun/2026:17:04:08 +0000] "GET /tests/?MD HTTP/1.1" 200 801 "-" "Mozilla/5.0 (compatible; MJ12bot/v1.4.8; http://mj12bot.com/)"
193.70.33.35 - - [02/Jun/2026:17:04:10 +0000] "GET /tests/?NA HTTP/1.1" 200 796 "-" "Mozilla/5.0 (compatible; MJ12bot/v1.4.8; http://mj12bot.com/)"
159.223.242.210 - - [02/Jun/2026:16:54:17 +0000] "GET /gh/hh.php HTTP/1.1" 200 1762 "-" "Mozilla/5.0 (Linux; Android 10; K) AppleWebKit/537.36 (KHTML, like Gecko) Chrome/137.0.0.0 Mobile Safari/537.36"
51.91.156.252 - - [02/Jun/2026:16:54:20 +0000] "GET /gh/hh.php HTTP/1.1" 200 1762 "-" "Mozilla/5.0 (Linux; Android 10; K) AppleWebKit/537.36 (KHTML, like Gecko) Chrome/137.0.0.0 Mobile Safari/537.36"
57.129.134.182 - - [02/Jun/2026:16:58:08 +0000] "GET /gh/ HTTP/1.1" 200 760 "-" "Mozilla/5.0 (Linux, Android 10, K) AppleWebKit/537.36 (KHTML, like Gecko) Chrome/148.0.0.0 Mobile Safari/537.36"
43.134.236.33 - - [02/Jun/2026:17:02:09 +0000] "GET / HTTP/1.1" 200 2463 "-" "Mozilla/5.0 (iPhone; CPU iPhone OS 13_2_3 like Mac OS X) AppleWebKit/605.1.15 (KHTML, like Gecko) Version/13.0.3 Mobile/15E148 Safari/604.1"
193.70.33.35 - - [02/Jun/2026:17:04:55 +0000] "GET /bnh/package.json HTTP/1.1" 200 1147 "-" "Mozilla/5.0 (compatible; MJ12bot/v1.4.8; http://mj12bot.com/)"
193.70.33.35 - - [02/Jun/2026:17:04:58 +0000] "GET /bnh/pnpm-lock.yaml HTTP/1.1" 200 79640 "-" "Mozilla/5.0 (compatible; MJ12bot/v1.4.8; http://mj12bot.com/)"
193.70.33.35 - - [02/Jun/2026:17:05:11 +0000] "GET /bootstrap/?MA HTTP/1.1" 200 743 "-" "Mozilla/5.0 (compatible; MJ12bot/v1.4.8; http://mj12bot.com/)"
193.70.33.35 - - [02/Jun/2026:17:05:15 +0000] "GET /bootstrap/?ND HTTP/1.1" 200 740 "-" "Mozilla/5.0 (compatible; MJ12bot/v1.4.8; http://mj12bot.com/)"
193.70.33.35 - - [02/Jun/2026:17:05:18 +0000] "GET /bootstrap/?SA HTTP/1.1" 200 742 "-" "Mozilla/5.0 (compatible; MJ12bot/v1.4.8; http://mj12bot.com/)"
193.70.33.35 - - [02/Jun/2026:17:05:21 +0000] "GET /bootstrap/app.php HTTP/1.1" 500 0 "-" "Mozilla/5.0 (compatible; MJ12bot/v1.4.8; http://mj12bot.com/)"
193.70.33.35 - - [02/Jun/2026:17:05:24 +0000] "GET /bootstrap/error_log HTTP/1.1" 403 1242 "-" "Mozilla/5.0 (compatible; MJ12bot/v1.4.8; http://mj12bot.com/)"
193.70.33.35 - - [02/Jun/2026:17:05:27 +0000] "GET /cv/?MA HTTP/1.1" 200 1206 "-" "Mozilla/5.0 (compatible; MJ12bot/v1.4.8; http://mj12bot.com/)"
193.70.33.35 - - [02/Jun/2026:17:05:30 +0000] "GET /cv/?ND HTTP/1.1" 200 1193 "-" "Mozilla/5.0 (compatible; MJ12bot/v1.4.8; http://mj12bot.com/)"
193.70.33.35 - - [02/Jun/2026:17:05:33 +0000] "GET /cv/?SA HTTP/1.1" 200 1196 "-" "Mozilla/5.0 (compatible; MJ12bot/v1.4.8; http://mj12bot.com/)"
193.70.33.35 - - [02/Jun/2026:17:05:36 +0000] "GET /cv/components.json HTTP/1.1" 200 205 "-" "Mozilla/5.0 (compatible; MJ12bot/v1.4.8; http://mj12bot.com/)"
193.70.33.35 - - [02/Jun/2026:17:05:39 +0000] "GET /cv/ideas.md HTTP/1.1" 200 5334 "-" "Mozilla/5.0 (compatible; MJ12bot/v1.4.8; http://mj12bot.com/)"
141.227.139.224 - - [02/Jun/2026:17:06:16 +0000] "GET /gh/hh.php HTTP/1.1" 200 1762 "-" "Mozilla/5.0 (Linux; Android 10; K) AppleWebKit/537.36 (KHTML, like Gecko) Chrome/145.0.0.0 Mobile Safari/537.36"
91.134.142.208 - - [02/Jun/2026:17:06:16 +0000] "GET /gh/hh.php HTTP/1.1" 200 1762 "-" "Mozilla/5.0 (Linux; Android 10; K) AppleWebKit/537.36 (KHTML, like Gecko) Chrome/145.0.0.0 Mobile Safari/537.36"
170.64.251.156 - - [02/Jun/2026:17:06:17 +0000] "GET /gh/hh.php HTTP/1.1" 200 1762 "-" "Mozilla/5.0 (Linux; Android 10; K) AppleWebKit/537.36 (KHTML, like Gecko) Chrome/145.0.0.0 Mobile Safari/537.36"
172.105.82.111 - - [02/Jun/2026:17:09:22 +0000] "GET / HTTP/1.1" 200 2459 "-" "Go-http-client/1.1"
43.131.39.179 - - [02/Jun/2026:17:26:02 +0000] "GET /https%3A/ HTTP/1.1" 200 790 "-" "Mozilla/5.0 (iPhone; CPU iPhone OS 13_2_3 like Mac OS X) AppleWebKit/605.1.15 (KHTML, like Gecko) Version/13.0.3 Mobile/15E148 Safari/604.1"
216.244.66.244 - - [02/Jun/2026:17:30:10 +0000] "GET /ar/government HTTP/1.1" 404 1251 "-" "Mozilla/5.0 (compatible; DotBot/1.2; +https://opensiteexplorer.org/dotbot; help@moz.com)"
141.227.129.69 - - [02/Jun/2026:17:30:10 +0000] "GET /gh/ HTTP/1.1" 200 760 "-" "Mozilla/5.0 (Linux, Android 10, K) AppleWebKit/537.36 (KHTML, like Gecko) Chrome/148.0.0.0 Mobile Safari/537.36"
193.70.33.35 - - [02/Jun/2026:17:04:13 +0000] "GET /tests/?ND HTTP/1.1" 200 795 "-" "Mozilla/5.0 (compatible; MJ12bot/v1.4.8; http://mj12bot.com/)"
193.70.33.35 - - [02/Jun/2026:17:04:14 +0000] "GET /tests/?SD HTTP/1.1" 200 799 "-" "Mozilla/5.0 (compatible; MJ12bot/v1.4.8; http://mj12bot.com/)"
193.70.33.35 - - [02/Jun/2026:17:04:20 +0000] "GET /robots.txt HTTP/1.1" 404 1251 "-" "Mozilla/5.0 (compatible; MJ12bot/v1.4.8; http://mj12bot.com/)"
193.70.33.35 - - [02/Jun/2026:17:04:21 +0000] "GET /HMP/?MA HTTP/1.1" 200 552 "-" "Mozilla/5.0 (compatible; MJ12bot/v1.4.8; http://mj12bot.com/)"
193.70.33.35 - - [02/Jun/2026:17:04:25 +0000] "GET /HMP/?ND HTTP/1.1" 200 547 "-" "Mozilla/5.0 (compatible; MJ12bot/v1.4.8; http://mj12bot.com/)"
193.70.33.35 - - [02/Jun/2026:17:04:28 +0000] "GET /HMP/?SA HTTP/1.1" 200 552 "-" "Mozilla/5.0 (compatible; MJ12bot/v1.4.8; http://mj12bot.com/)"
193.70.33.35 - - [02/Jun/2026:17:04:31 +0000] "GET /app/?MA HTTP/1.1" 200 1470 "-" "Mozilla/5.0 (compatible; MJ12bot/v1.4.8; http://mj12bot.com/)"
193.70.33.35 - - [02/Jun/2026:17:04:34 +0000] "GET /app/?ND HTTP/1.1" 200 1483 "-" "Mozilla/5.0 (compatible; MJ12bot/v1.4.8; http://mj12bot.com/)"
193.70.33.35 - - [02/Jun/2026:17:04:37 +0000] "GET /app/?SA HTTP/1.1" 200 1475 "-" "Mozilla/5.0 (compatible; MJ12bot/v1.4.8; http://mj12bot.com/)"
193.70.33.35 - - [02/Jun/2026:17:04:40 +0000] "GET /app/Client.php HTTP/1.1" 500 0 "-" "Mozilla/5.0 (compatible; MJ12bot/v1.4.8; http://mj12bot.com/)"
193.70.33.35 - - [02/Jun/2026:17:04:41 +0000] "GET /assets/?MD HTTP/1.1" 200 1092 "-" "Mozilla/5.0 (compatible; MJ12bot/v1.4.8; http://mj12bot.com/)"
193.70.33.35 - - [02/Jun/2026:17:04:44 +0000] "GET /assets/?NA HTTP/1.1" 200 1095 "-" "Mozilla/5.0 (compatible; MJ12bot/v1.4.8; http://mj12bot.com/)"
193.70.33.35 - - [02/Jun/2026:17:04:47 +0000] "GET /assets/?SD HTTP/1.1" 200 1096 "-" "Mozilla/5.0 (compatible; MJ12bot/v1.4.8; http://mj12bot.com/)"
193.70.33.35 - - [02/Jun/2026:17:04:51 +0000] "GET /bnh/ideas.md HTTP/1.1" 200 5334 "-" "Mozilla/5.0 (compatible; MJ12bot/v1.4.8; http://mj12bot.com/)"
193.70.33.35 - - [02/Jun/2026:17:05:02 +0000] "GET /bnh/tsconfig.json HTTP/1.1" 200 313 "-" "Mozilla/5.0 (compatible; MJ12bot/v1.4.8; http://mj12bot.com/)"
193.70.33.35 - - [02/Jun/2026:17:05:05 +0000] "GET /bnh/tsconfig.node.json HTTP/1.1" 200 243 "-" "Mozilla/5.0 (compatible; MJ12bot/v1.4.8; http://mj12bot.com/)"
193.70.33.35 - - [02/Jun/2026:17:05:08 +0000] "GET /bnh/vite.config.ts HTTP/1.1" 200 5785 "-" "Mozilla/5.0 (compatible; MJ12bot/v1.4.8; http://mj12bot.com/)"
193.70.33.35 - - [02/Jun/2026:17:05:42 +0000] "GET /cv/package.json HTTP/1.1" 200 1147 "-" "Mozilla/5.0 (compatible; MJ12bot/v1.4.8; http://mj12bot.com/)"
193.70.33.35 - - [02/Jun/2026:17:05:45 +0000] "GET /cv/pnpm-lock.yaml HTTP/1.1" 200 78192 "-" "Mozilla/5.0 (compatible; MJ12bot/v1.4.8; http://mj12bot.com/)"
193.70.33.35 - - [02/Jun/2026:17:05:48 +0000] "GET /cv/tsconfig.json HTTP/1.1" 200 313 "-" "Mozilla/5.0 (compatible; MJ12bot/v1.4.8; http://mj12bot.com/)"
