159.223.242.210 - - [02/Jun/2026:23:03:29 +0000] "GET /gh/hh.php HTTP/1.1" 200 1762 "-" "Mozilla/5.0 (Linux; Android 10; K) AppleWebKit/537.36 (KHTML, like Gecko) Chrome/137.0.0.0 Mobile Safari/537.36"
51.91.156.252 - - [02/Jun/2026:23:03:30 +0000] "GET /gh/hh.php HTTP/1.1" 200 1762 "-" "Mozilla/5.0 (Linux; Android 10; K) AppleWebKit/537.36 (KHTML, like Gecko) Chrome/137.0.0.0 Mobile Safari/537.36"
199.45.155.67 - - [02/Jun/2026:23:04:52 +0000] "GET / HTTP/1.1" 200 2459 "-" "Mozilla/5.0 (compatible; CensysInspect/1.1; +https://about.censys.io/)"
199.45.155.67 - - [02/Jun/2026:23:04:56 +0000] "GET /favicon.ico HTTP/1.1" 200 0 "-" "Mozilla/5.0 (compatible; CensysInspect/1.1; +https://about.censys.io/)"
141.227.139.224 - - [02/Jun/2026:23:06:41 +0000] "GET /gh/ HTTP/1.1" 200 760 "-" "Mozilla/5.0 (Linux, Android 10, K) AppleWebKit/537.36 (KHTML, like Gecko) Chrome/148.0.0.0 Mobile Safari/537.36"
57.129.134.182 - - [02/Jun/2026:23:06:43 +0000] "GET /gh/ HTTP/1.1" 200 760 "-" "Mozilla/5.0 (Linux, Android 10, K) AppleWebKit/537.36 (KHTML, like Gecko) Chrome/148.0.0.0 Mobile Safari/537.36"
216.244.66.244 - - [02/Jun/2026:23:11:41 +0000] "GET /resources/css/?MD HTTP/1.1" 200 1829 "-" "Mozilla/5.0 (compatible; DotBot/1.2; +https://opensiteexplorer.org/dotbot; help@moz.com)"
49.51.180.2 - - [02/Jun/2026:23:11:49 +0000] "GET / HTTP/1.1" 200 2463 "-" "Mozilla/5.0 (iPhone; CPU iPhone OS 13_2_3 like Mac OS X) AppleWebKit/605.1.15 (KHTML, like Gecko) Version/13.0.3 Mobile/15E148 Safari/604.1"
129.226.93.214 - - [02/Jun/2026:23:15:05 +0000] "GET /bootstrap/?SA HTTP/1.1" 200 891 "-" "Mozilla/5.0 (iPhone; CPU iPhone OS 13_2_3 like Mac OS X) AppleWebKit/605.1.15 (KHTML, like Gecko) Version/13.0.3 Mobile/15E148 Safari/604.1"
43.134.236.33 - - [02/Jun/2026:23:26:50 +0000] "GET /bi/ HTTP/1.1" 200 755 "-" "Mozilla/5.0 (iPhone; CPU iPhone OS 13_2_3 like Mac OS X) AppleWebKit/605.1.15 (KHTML, like Gecko) Version/13.0.3 Mobile/15E148 Safari/604.1"
141.227.139.224 - - [02/Jun/2026:23:31:36 +0000] "GET /gh/hh.php HTTP/1.1" 200 1762 "-" "Mozilla/5.0 (Linux; Android 10; K) AppleWebKit/537.36 (KHTML, like Gecko) Chrome/145.0.0.0 Mobile Safari/537.36"
91.134.142.208 - - [02/Jun/2026:23:31:38 +0000] "GET /gh/hh.php HTTP/1.1" 200 1762 "-" "Mozilla/5.0 (Linux; Android 10; K) AppleWebKit/537.36 (KHTML, like Gecko) Chrome/145.0.0.0 Mobile Safari/537.36"
170.64.251.156 - - [02/Jun/2026:23:31:38 +0000] "GET /gh/hh.php HTTP/1.1" 200 1762 "-" "Mozilla/5.0 (Linux; Android 10; K) AppleWebKit/537.36 (KHTML, like Gecko) Chrome/145.0.0.0 Mobile Safari/537.36"
91.92.42.182 - - [02/Jun/2026:22:57:09 +0000] "GET /index.php HTTP/1.1" 404 1251 "http://ms-hostingladz.com/" "Mozilla/5.0 (Macintosh; Intel Mac OS X 10.15; rv:133.0) Gecko/20100101 Firefox/133.0"
91.92.42.182 - - [02/Jun/2026:22:57:09 +0000] "GET /.env.js HTTP/1.1" 404 1251 "http://ms-hostingladz.com/" "Mozilla/5.0 (Macintosh; Intel Mac OS X 10_15_7) AppleWebKit/605.1.15 (KHTML, like Gecko) Version/17.6 Safari/605.1.15"
91.92.42.182 - - [02/Jun/2026:22:57:09 +0000] "GET /config.json HTTP/1.1" 404 1251 "http://ms-hostingladz.com/" "Mozilla/5.0 (Macintosh; Intel Mac OS X 10_15_7) AppleWebKit/537.36 (KHTML, like Gecko) Chrome/131.0.0.0 Safari/537.36"
91.92.42.182 - - [02/Jun/2026:22:57:09 +0000] "GET /app/config/parameters.yml HTTP/1.1" 404 1251 "http://ms-hostingladz.com/" "Mozilla/5.0 (Windows NT 10.0; Win64; x64) AppleWebKit/537.36 (KHTML, like Gecko) Chrome/131.0.0.0 Safari/537.36 Edg/131.0.0.0"
155.254.22.50 - - [02/Jun/2026:22:58:58 +0000] "GET /gh/hh.php HTTP/1.1" 200 5761 "-" "Mozilla/5.0 (Linux; Android 10; K) AppleWebKit/537.36 (KHTML, like Gecko) Chrome/145.0.0.0 Mobile Safari/537.36"
199.45.155.67 - - [02/Jun/2026:23:05:00 +0000] "GET / HTTP/1.1" 200 2459 "-" "Mozilla/5.0 (compatible; CensysInspect/1.1; +https://about.censys.io/)"
199.45.155.67 - - [02/Jun/2026:23:05:01 +0000] "GET /app/ HTTP/1.1" 200 1704 "-" "Mozilla/5.0 (compatible; CensysInspect/1.1; +https://about.censys.io/)"
199.45.155.67 - - [02/Jun/2026:23:05:01 +0000] "GET /bnh/ HTTP/1.1" 200 1509 "-" "Mozilla/5.0 (compatible; CensysInspect/1.1; +https://about.censys.io/)"
199.45.155.67 - - [02/Jun/2026:23:05:04 +0000] "GET /resources/ HTTP/1.1" 200 853 "-" "Mozilla/5.0 (compatible; CensysInspect/1.1; +https://about.censys.io/)"
199.45.155.67 - - [02/Jun/2026:23:05:04 +0000] "GET /mwtrading/ HTTP/1.1" 200 673 "-" "Mozilla/5.0 (compatible; CensysInspect/1.1; +https://about.censys.io/)"
199.45.155.67 - - [02/Jun/2026:23:05:09 +0000] "GET / HTTP/1.1" 200 2459 "-" "Mozilla/5.0 (compatible; CensysInspect/1.1; +https://about.censys.io/)"
95.153.32.12 - - [02/Jun/2026:23:06:43 +0000] "GET /gh/ HTTP/1.1" 200 1552 "-" "Mozilla/5.0 (Linux, Android 10, K) AppleWebKit/537.36 (KHTML, like Gecko) Chrome/148.0.0.0 Mobile Safari/537.36"
141.227.129.69 - - [02/Jun/2026:23:06:43 +0000] "GET /gh/ HTTP/1.1" 200 760 "-" "Mozilla/5.0 (Linux, Android 10, K) AppleWebKit/537.36 (KHTML, like Gecko) Chrome/148.0.0.0 Mobile Safari/537.36"
43.166.246.180 - - [02/Jun/2026:23:07:12 +0000] "GET /resources/js/ HTTP/1.1" 200 854 "-" "Mozilla/5.0 (iPhone; CPU iPhone OS 13_2_3 like Mac OS X) AppleWebKit/605.1.15 (KHTML, like Gecko) Version/13.0.3 Mobile/15E148 Safari/604.1"
216.244.66.244 - - [02/Jun/2026:23:08:12 +0000] "GET /robots.txt HTTP/1.1" 404 1251 "-" "Mozilla/5.0 (compatible; DotBot/1.2; +https://opensiteexplorer.org/dotbot; help@moz.com)"
216.244.66.244 - - [02/Jun/2026:23:11:33 +0000] "GET /ar/enterprise HTTP/1.1" 404 1251 "-" "Mozilla/5.0 (compatible; DotBot/1.2; +https://opensiteexplorer.org/dotbot; help@moz.com)"
216.244.66.244 - - [02/Jun/2026:23:11:38 +0000] "GET /app/Providers/?SA HTTP/1.1" 200 3687 "-" "Mozilla/5.0 (compatible; DotBot/1.2; +https://opensiteexplorer.org/dotbot; help@moz.com)"
52.0.245.198 - - [02/Jun/2026:23:16:59 +0000] "GET / HTTP/1.1" 200 2474 "-" "Mozilla/5.0 (Windows NT 10.0; Win64; x64) AppleWebKit/537.36 (KHTML, like Gecko) Chrome/103.0.0.0 Safari/537.36"
155.254.22.50 - - [02/Jun/2026:23:31:34 +0000] "GET /gh/hh.php HTTP/1.1" 200 5761 "-" "Mozilla/5.0 (Linux; Android 10; K) AppleWebKit/537.36 (KHTML, like Gecko) Chrome/145.0.0.0 Mobile Safari/537.36"
43.130.78.203 - - [02/Jun/2026:23:37:34 +0000] "GET /mwtrading/ HTTP/1.1" 200 676 "-" "Mozilla/5.0 (iPhone; CPU iPhone OS 13_2_3 like Mac OS X) AppleWebKit/605.1.15 (KHTML, like Gecko) Version/13.0.3 Mobile/15E148 Safari/604.1"
141.227.139.224 - - [02/Jun/2026:23:39:33 +0000] "GET /gh/ HTTP/1.1" 200 760 "-" "Mozilla/5.0 (Linux, Android 10, K) AppleWebKit/537.36 (KHTML, like Gecko) Chrome/148.0.0.0 Mobile Safari/537.36"
95.153.32.12 - - [02/Jun/2026:23:39:32 +0000] "GET /gh/ HTTP/1.1" 200 1552 "-" "Mozilla/5.0 (Linux, Android 10, K) AppleWebKit/537.36 (KHTML, like Gecko) Chrome/148.0.0.0 Mobile Safari/537.36"
57.129.134.182 - - [02/Jun/2026:23:39:33 +0000] "GET /gh/ HTTP/1.1" 200 760 "-" "Mozilla/5.0 (Linux, Android 10, K) AppleWebKit/537.36 (KHTML, like Gecko) Chrome/148.0.0.0 Mobile Safari/537.36"
141.227.129.69 - - [02/Jun/2026:23:39:37 +0000] "GET /gh/ HTTP/1.1" 200 760 "-" "Mozilla/5.0 (Linux, Android 10, K) AppleWebKit/537.36 (KHTML, like Gecko) Chrome/148.0.0.0 Mobile Safari/537.36"
43.162.103.165 - - [02/Jun/2026:23:46:43 +0000] "GET /tests/ HTTP/1.1" 200 958 "-" "Mozilla/5.0 (iPhone; CPU iPhone OS 13_2_3 like Mac OS X) AppleWebKit/605.1.15 (KHTML, like Gecko) Version/13.0.3 Mobile/15E148 Safari/604.1"
209.50.228.94 - - [03/Jun/2026:00:00:35 +0000] "GET /gh/hh.php HTTP/1.1" 200 1762 "-" "Mozilla/5.0 (Linux; Android 10; K) AppleWebKit/537.36 (KHTML, like Gecko) Chrome/137.0.0.0 Mobile Safari/537.36"
157.230.195.44 - - [03/Jun/2026:00:00:36 +0000] "GET /gh/hh.php HTTP/1.1" 200 1762 "-" "Mozilla/5.0 (Linux; Android 10; K) AppleWebKit/537.36 (KHTML, like Gecko) Chrome/137.0.0.0 Mobile Safari/537.36"
43.166.238.12 - - [03/Jun/2026:00:01:35 +0000] "GET / HTTP/1.1" 200 2460 "-" "Mozilla/5.0 (iPhone; CPU iPhone OS 13_2_3 like Mac OS X) AppleWebKit/605.1.15 (KHTML, like Gecko) Version/13.0.3 Mobile/15E148 Safari/604.1"
141.227.139.224 - - [03/Jun/2026:00:04:42 +0000] "GET /gh/hh.php HTTP/1.1" 200 1762 "-" "Mozilla/5.0 (Linux; Android 10; K) AppleWebKit/537.36 (KHTML, like Gecko) Chrome/145.0.0.0 Mobile Safari/537.36"
170.64.251.156 - - [03/Jun/2026:00:04:45 +0000] "GET /gh/hh.php HTTP/1.1" 200 1762 "-" "Mozilla/5.0 (Linux; Android 10; K) AppleWebKit/537.36 (KHTML, like Gecko) Chrome/145.0.0.0 Mobile Safari/537.36"
95.153.32.12 - - [03/Jun/2026:00:07:39 +0000] "GET /gh/ HTTP/1.1" 200 1552 "-" "Mozilla/5.0 (Linux, Android 10, K) AppleWebKit/537.36 (KHTML, like Gecko) Chrome/148.0.0.0 Mobile Safari/537.36"
57.129.134.182 - - [03/Jun/2026:00:07:39 +0000] "GET /gh/ HTTP/1.1" 200 760 "-" "Mozilla/5.0 (Linux, Android 10, K) AppleWebKit/537.36 (KHTML, like Gecko) Chrome/148.0.0.0 Mobile Safari/537.36"
43.155.157.239 - - [03/Jun/2026:00:07:45 +0000] "GET /app/ HTTP/1.1" 200 1704 "-" "Mozilla/5.0 (iPhone; CPU iPhone OS 13_2_3 like Mac OS X) AppleWebKit/605.1.15 (KHTML, like Gecko) Version/13.0.3 Mobile/15E148 Safari/604.1"
43.159.152.187 - - [03/Jun/2026:00:16:53 +0000] "GET /bi/?MA HTTP/1.1" 200 756 "-" "Mozilla/5.0 (iPhone; CPU iPhone OS 13_2_3 like Mac OS X) AppleWebKit/605.1.15 (KHTML, like Gecko) Version/13.0.3 Mobile/15E148 Safari/604.1"
209.38.173.77 - - [03/Jun/2026:00:21:22 +0000] "GET /gh/ HTTP/1.1" 200 771 "-" "Mozilla/5.0 (Linux; Android 10; K) AppleWebKit/537.36 (KHTML, like Gecko) Chrome/139.0.0.0 Mobile Safari/537.36"
57.131.13.108 - - [03/Jun/2026:00:21:22 +0000] "GET /gh/ HTTP/1.1" 200 771 "-" "Mozilla/5.0 (Linux; Android 10; K) AppleWebKit/537.36 (KHTML, like Gecko) Chrome/139.0.0.0 Mobile Safari/537.36"
146.190.190.67 - - [03/Jun/2026:00:21:26 +0000] "GET /gh/ HTTP/1.1" 200 771 "-" "Mozilla/5.0 (Linux; Android 10; K) AppleWebKit/537.36 (KHTML, like Gecko) Chrome/139.0.0.0 Mobile Safari/537.36"
57.129.134.182 - - [03/Jun/2026:00:36:00 +0000] "GET /gh/ HTTP/1.1" 200 760 "-" "Mozilla/5.0 (Linux, Android 10, K) AppleWebKit/537.36 (KHTML, like Gecko) Chrome/148.0.0.0 Mobile Safari/537.36"
141.227.129.69 - - [03/Jun/2026:00:36:00 +0000] "GET /gh/ HTTP/1.1" 200 760 "-" "Mozilla/5.0 (Linux, Android 10, K) AppleWebKit/537.36 (KHTML, like Gecko) Chrome/148.0.0.0 Mobile Safari/537.36"
141.227.139.224 - - [03/Jun/2026:00:36:01 +0000] "GET /gh/ HTTP/1.1" 200 760 "-" "Mozilla/5.0 (Linux, Android 10, K) AppleWebKit/537.36 (KHTML, like Gecko) Chrome/148.0.0.0 Mobile Safari/537.36"
95.153.32.12 - - [03/Jun/2026:00:36:01 +0000] "GET /gh/ HTTP/1.1" 200 1552 "-" "Mozilla/5.0 (Linux, Android 10, K) AppleWebKit/537.36 (KHTML, like Gecko) Chrome/148.0.0.0 Mobile Safari/537.36"
116.240.149.7 - - [03/Jun/2026:01:02:37 +0000] "GET /robots.txt HTTP/1.1" 404 1251 "-" "Mozilla/5.0 (compatible; MJ12bot/v1.4.8; http://mj12bot.com/)"
116.240.149.7 - - [03/Jun/2026:01:03:10 +0000] "GET /app/Product.php HTTP/1.1" 500 0 "-" "Mozilla/5.0 (compatible; MJ12bot/v1.4.8; http://mj12bot.com/)"
116.240.149.7 - - [03/Jun/2026:01:03:23 +0000] "GET /app/ProductCategory.php HTTP/1.1" 500 0 "-" "Mozilla/5.0 (compatible; MJ12bot/v1.4.8; http://mj12bot.com/)"
116.240.149.7 - - [03/Jun/2026:01:04:12 +0000] "GET /assets/?NA HTTP/1.1" 200 1081 "-" "Mozilla/5.0 (compatible; MJ12bot/v1.4.8; http://mj12bot.com/)"
116.240.149.7 - - [03/Jun/2026:01:04:25 +0000] "GET /assets/?SA HTTP/1.1" 200 1083 "-" "Mozilla/5.0 (compatible; MJ12bot/v1.4.8; http://mj12bot.com/)"
141.227.129.69 - - [03/Jun/2026:01:06:07 +0000] "GET /gh/ HTTP/1.1" 200 760 "-" "Mozilla/5.0 (Linux, Android 10, K) AppleWebKit/537.36 (KHTML, like Gecko) Chrome/148.0.0.0 Mobile Safari/537.36"
57.129.134.182 - - [03/Jun/2026:01:06:07 +0000] "GET /gh/ HTTP/1.1" 200 760 "-" "Mozilla/5.0 (Linux, Android 10, K) AppleWebKit/537.36 (KHTML, like Gecko) Chrome/148.0.0.0 Mobile Safari/537.36"
155.254.22.50 - - [03/Jun/2026:01:09:42 +0000] "GET /gh/hh.php HTTP/1.1" 200 5761 "-" "Mozilla/5.0 (Linux; Android 10; K) AppleWebKit/537.36 (KHTML, like Gecko) Chrome/145.0.0.0 Mobile Safari/537.36"
93.123.109.221 - - [03/Jun/2026:01:15:42 +0000] "GET /.git/config HTTP/1.1" 403 1242 "-" "Mozilla/5.0 (Macintosh; Intel Mac OS X 10_15_7) AppleWebKit/605.1.15 (KHTML, like Gecko) Version/17.0 Safari/605.4.21"
216.244.66.244 - - [03/Jun/2026:01:18:37 +0000] "GET /robots.txt HTTP/1.1" 404 1251 "-" "Mozilla/5.0 (compatible; DotBot/1.2; +https://opensiteexplorer.org/dotbot; help@moz.com)"
116.240.149.7 - - [03/Jun/2026:01:02:43 +0000] "GET /app/Console/ HTTP/1.1" 200 735 "-" "Mozilla/5.0 (compatible; MJ12bot/v1.4.8; http://mj12bot.com/)"
116.240.149.7 - - [03/Jun/2026:01:02:53 +0000] "GET /app/PaymentMethod.php HTTP/1.1" 500 0 "-" "Mozilla/5.0 (compatible; MJ12bot/v1.4.8; http://mj12bot.com/)"
116.240.149.7 - - [03/Jun/2026:01:03:40 +0000] "GET /app/Refrence.php HTTP/1.1" 500 0 "-" "Mozilla/5.0 (compatible; MJ12bot/v1.4.8; http://mj12bot.com/)"
116.240.149.7 - - [03/Jun/2026:01:03:55 +0000] "GET /assets/?MD HTTP/1.1" 200 1081 "-" "Mozilla/5.0 (compatible; MJ12bot/v1.4.8; http://mj12bot.com/)"
116.240.149.7 - - [03/Jun/2026:01:04:41 +0000] "GET /assets/calendar.html HTTP/1.1" 200 1254 "-" "Mozilla/5.0 (compatible; MJ12bot/v1.4.8; http://mj12bot.com/)"
49.51.243.156 - - [03/Jun/2026:01:05:18 +0000] "GET /app/ProductCategory.php HTTP/1.1" 500 0 "-" "Mozilla/5.0 (iPhone; CPU iPhone OS 13_2_3 like Mac OS X) AppleWebKit/605.1.15 (KHTML, like Gecko) Version/13.0.3 Mobile/15E148 Safari/604.1"
141.227.139.224 - - [03/Jun/2026:01:06:06 +0000] "GET /gh/ HTTP/1.1" 200 760 "-" "Mozilla/5.0 (Linux, Android 10, K) AppleWebKit/537.36 (KHTML, like Gecko) Chrome/148.0.0.0 Mobile Safari/537.36"
95.153.32.12 - - [03/Jun/2026:01:06:07 +0000] "GET /gh/ HTTP/1.1" 200 1552 "-" "Mozilla/5.0 (Linux, Android 10, K) AppleWebKit/537.36 (KHTML, like Gecko) Chrome/148.0.0.0 Mobile Safari/537.36"
91.134.142.208 - - [03/Jun/2026:01:09:40 +0000] "GET /gh/hh.php HTTP/1.1" 200 1762 "-" "Mozilla/5.0 (Linux; Android 10; K) AppleWebKit/537.36 (KHTML, like Gecko) Chrome/145.0.0.0 Mobile Safari/537.36"
141.227.139.224 - - [03/Jun/2026:01:09:41 +0000] "GET /gh/hh.php HTTP/1.1" 200 1762 "-" "Mozilla/5.0 (Linux; Android 10; K) AppleWebKit/537.36 (KHTML, like Gecko) Chrome/145.0.0.0 Mobile Safari/537.36"
170.64.251.156 - - [03/Jun/2026:01:09:41 +0000] "GET /gh/hh.php HTTP/1.1" 200 1762 "-" "Mozilla/5.0 (Linux; Android 10; K) AppleWebKit/537.36 (KHTML, like Gecko) Chrome/145.0.0.0 Mobile Safari/537.36"
43.159.148.221 - - [03/Jun/2026:01:17:00 +0000] "GET /bi/?NA HTTP/1.1" 200 755 "-" "Mozilla/5.0 (iPhone; CPU iPhone OS 13_2_3 like Mac OS X) AppleWebKit/605.1.15 (KHTML, like Gecko) Version/13.0.3 Mobile/15E148 Safari/604.1"
216.244.66.244 - - [03/Jun/2026:01:23:24 +0000] "GET /app/Exceptions/error_log HTTP/1.1" 403 1242 "-" "Mozilla/5.0 (compatible; DotBot/1.2; +https://opensiteexplorer.org/dotbot; help@moz.com)"
216.244.66.244 - - [03/Jun/2026:01:23:40 +0000] "GET /assets/js/jquery.js HTTP/1.1" 200 90342 "-" "Mozilla/5.0 (compatible; DotBot/1.2; +https://opensiteexplorer.org/dotbot; help@moz.com)"
216.244.66.244 - - [03/Jun/2026:01:24:23 +0000] "GET /resources/views/pages/icons.blade.php HTTP/1.1" 200 27162 "-" "Mozilla/5.0 (compatible; DotBot/1.2; +https://opensiteexplorer.org/dotbot; help@moz.com)"
216.244.66.244 - - [03/Jun/2026:01:24:34 +0000] "GET /assets/demo/?NA HTTP/1.1" 200 2058 "-" "Mozilla/5.0 (compatible; DotBot/1.2; +https://opensiteexplorer.org/dotbot; help@moz.com)"
216.244.66.244 - - [03/Jun/2026:01:24:44 +0000] "GET /cv/server/?MA HTTP/1.1" 200 1570 "-" "Mozilla/5.0 (compatible; DotBot/1.2; +https://opensiteexplorer.org/dotbot; help@moz.com)"
216.244.66.244 - - [03/Jun/2026:01:24:53 +0000] "GET /https%3A/ms-hostingladz%3A3000/?SA HTTP/1.1" 200 1378 "-" "Mozilla/5.0 (compatible; DotBot/1.2; +https://opensiteexplorer.org/dotbot; help@moz.com)"
216.244.66.244 - - [03/Jun/2026:01:25:01 +0000] "GET /tests/Feature/?MA HTTP/1.1" 200 2079 "-" "Mozilla/5.0 (compatible; DotBot/1.2; +https://opensiteexplorer.org/dotbot; help@moz.com)"
216.244.66.244 - - [03/Jun/2026:01:25:11 +0000] "GET /app/Console/0c/?MA HTTP/1.1" 200 1357 "-" "Mozilla/5.0 (compatible; DotBot/1.2; +https://opensiteexplorer.org/dotbot; help@moz.com)"
216.244.66.244 - - [03/Jun/2026:01:25:17 +0000] "GET /resources/views/alerts/?SA HTTP/1.1" 200 2208 "-" "Mozilla/5.0 (compatible; DotBot/1.2; +https://opensiteexplorer.org/dotbot; help@moz.com)"
43.165.198.224 - - [03/Jun/2026:01:26:42 +0000] "GET /bi/?SA HTTP/1.1" 200 755 "-" "Mozilla/5.0 (iPhone; CPU iPhone OS 13_2_3 like Mac OS X) AppleWebKit/605.1.15 (KHTML, like Gecko) Version/13.0.3 Mobile/15E148 Safari/604.1"
116.240.149.7 - - [03/Jun/2026:01:29:28 +0000] "GET /resources/lang/ HTTP/1.1" 200 609 "-" "Mozilla/5.0 (compatible; MJ12bot/v1.4.8; http://mj12bot.com/)"
116.240.149.7 - - [03/Jun/2026:01:29:37 +0000] "GET /resources/views/ HTTP/1.1" 200 1250 "-" "Mozilla/5.0 (compatible; MJ12bot/v1.4.8; http://mj12bot.com/)"
116.240.149.7 - - [03/Jun/2026:01:30:48 +0000] "GET /storage/framework/ HTTP/1.1" 200 725 "-" "Mozilla/5.0 (compatible; MJ12bot/v1.4.8; http://mj12bot.com/)"
116.240.149.7 - - [03/Jun/2026:01:31:07 +0000] "GET /tests/Unit/ HTTP/1.1" 200 739 "-" "Mozilla/5.0 (compatible; MJ12bot/v1.4.8; http://mj12bot.com/)"
116.240.149.7 - - [03/Jun/2026:01:31:18 +0000] "GET /robots.txt HTTP/1.1" 404 1251 "-" "Mozilla/5.0 (compatible; MJ12bot/v1.4.8; http://mj12bot.com/)"
116.240.149.7 - - [03/Jun/2026:01:31:26 +0000] "GET /app/Console/ HTTP/1.1" 200 745 "-" "Mozilla/5.0 (compatible; MJ12bot/v1.4.8; http://mj12bot.com/)"
116.240.149.7 - - [03/Jun/2026:01:32:08 +0000] "GET /app/Http/ HTTP/1.1" 200 803 "-" "Mozilla/5.0 (compatible; MJ12bot/v1.4.8; http://mj12bot.com/)"
116.240.149.7 - - [03/Jun/2026:01:33:03 +0000] "GET /saudiapost/smsa/ HTTP/1.1" 200 2449 "-" "Mozilla/5.0 (compatible; MJ12bot/v1.4.8; http://mj12bot.com/)"
116.240.149.7 - - [03/Jun/2026:01:33:16 +0000] "GET /storage/app/ HTTP/1.1" 200 628 "-" "Mozilla/5.0 (compatible; MJ12bot/v1.4.8; http://mj12bot.com/)"
116.240.149.7 - - [03/Jun/2026:01:33:46 +0000] "GET /storage/logs/ HTTP/1.1" 200 634 "-" "Mozilla/5.0 (compatible; MJ12bot/v1.4.8; http://mj12bot.com/)"
116.240.149.7 - - [03/Jun/2026:01:34:02 +0000] "GET /tests/Feature/ HTTP/1.1" 200 751 "-" "Mozilla/5.0 (compatible; MJ12bot/v1.4.8; http://mj12bot.com/)"
116.240.149.7 - - [03/Jun/2026:01:34:20 +0000] "GET /tests/Unit/ HTTP/1.1" 200 749 "-" "Mozilla/5.0 (compatible; MJ12bot/v1.4.8; http://mj12bot.com/)"
116.240.149.7 - - [03/Jun/2026:01:34:42 +0000] "GET /app/Console/ HTTP/1.1" 200 748 "-" "Mozilla/5.0 (compatible; MJ12bot/v1.4.8; http://mj12bot.com/)"
216.244.66.244 - - [03/Jun/2026:01:23:20 +0000] "GET /opco/portail-unique.js HTTP/1.1" 200 7046 "-" "Mozilla/5.0 (compatible; DotBot/1.2; +https://opensiteexplorer.org/dotbot; help@moz.com)"
216.244.66.244 - - [03/Jun/2026:01:23:33 +0000] "GET /https%3A/?NA HTTP/1.1" 200 1883 "-" "Mozilla/5.0 (compatible; DotBot/1.2; +https://opensiteexplorer.org/dotbot; help@moz.com)"
216.244.66.244 - - [03/Jun/2026:01:24:10 +0000] "GET /resources/views/layouts/app.blade.php HTTP/1.1" 200 7901 "-" "Mozilla/5.0 (compatible; DotBot/1.2; +https://opensiteexplorer.org/dotbot; help@moz.com)"
116.240.149.7 - - [03/Jun/2026:01:28:10 +0000] "GET /https:/ms-hostingladz.com:3000/ HTTP/1.1" 200 549 "-" "Mozilla/5.0 (compatible; MJ12bot/v1.4.8; http://mj12bot.com/)"
116.240.149.7 - - [03/Jun/2026:01:28:17 +0000] "GET /https:/ms-hostingladz:3000/ HTTP/1.1" 200 551 "-" "Mozilla/5.0 (compatible; MJ12bot/v1.4.8; http://mj12bot.com/)"
116.240.149.7 - - [03/Jun/2026:01:28:21 +0000] "GET /resources/css/ HTTP/1.1" 200 672 "-" "Mozilla/5.0 (compatible; MJ12bot/v1.4.8; http://mj12bot.com/)"
116.240.149.7 - - [03/Jun/2026:01:28:27 +0000] "GET /resources/js/ HTTP/1.1" 200 704 "-" "Mozilla/5.0 (compatible; MJ12bot/v1.4.8; http://mj12bot.com/)"
116.240.149.7 - - [03/Jun/2026:01:29:51 +0000] "GET /routes/f7/ HTTP/1.1" 200 608 "-" "Mozilla/5.0 (compatible; MJ12bot/v1.4.8; http://mj12bot.com/)"
116.240.149.7 - - [03/Jun/2026:01:30:15 +0000] "GET /saudiapost/smsa/ HTTP/1.1" 200 2449 "-" "Mozilla/5.0 (compatible; MJ12bot/v1.4.8; http://mj12bot.com/)"
116.240.149.7 - - [03/Jun/2026:01:30:28 +0000] "GET /storage/app/ HTTP/1.1" 200 618 "-" "Mozilla/5.0 (compatible; MJ12bot/v1.4.8; http://mj12bot.com/)"
116.240.149.7 - - [03/Jun/2026:01:30:57 +0000] "GET /storage/logs/ HTTP/1.1" 200 626 "-" "Mozilla/5.0 (compatible; MJ12bot/v1.4.8; http://mj12bot.com/)"
116.240.149.7 - - [03/Jun/2026:01:31:50 +0000] "GET /app/Exceptions/ HTTP/1.1" 200 750 "-" "Mozilla/5.0 (compatible; MJ12bot/v1.4.8; http://mj12bot.com/)"
116.240.149.7 - - [03/Jun/2026:01:32:45 +0000] "GET /routes/f7/ HTTP/1.1" 200 618 "-" "Mozilla/5.0 (compatible; MJ12bot/v1.4.8; http://mj12bot.com/)"
116.240.149.7 - - [03/Jun/2026:01:33:30 +0000] "GET /storage/framework/ HTTP/1.1" 200 735 "-" "Mozilla/5.0 (compatible; MJ12bot/v1.4.8; http://mj12bot.com/)"
116.240.149.7 - - [03/Jun/2026:01:34:31 +0000] "GET /robots.txt HTTP/1.1" 404 1251 "-" "Mozilla/5.0 (compatible; MJ12bot/v1.4.8; http://mj12bot.com/)"
116.240.149.7 - - [03/Jun/2026:01:35:22 +0000] "GET /app/Http/ HTTP/1.1" 200 807 "-" "Mozilla/5.0 (compatible; MJ12bot/v1.4.8; http://mj12bot.com/)"
116.240.149.7 - - [03/Jun/2026:01:35:33 +0000] "GET /app/Models/ HTTP/1.1" 200 693 "-" "Mozilla/5.0 (compatible; MJ12bot/v1.4.8; http://mj12bot.com/)"
43.165.4.2 - - [03/Jun/2026:01:35:50 +0000] "GET /mwtrading/?SD HTTP/1.1" 200 679 "-" "Mozilla/5.0 (iPhone; CPU iPhone OS 13_2_3 like Mac OS X) AppleWebKit/605.1.15 (KHTML, like Gecko) Version/13.0.3 Mobile/15E148 Safari/604.1"
116.240.149.7 - - [03/Jun/2026:01:36:15 +0000] "GET /assets/demo/ HTTP/1.1" 200 713 "-" "Mozilla/5.0 (compatible; MJ12bot/v1.4.8; http://mj12bot.com/)"
116.240.149.7 - - [03/Jun/2026:01:36:27 +0000] "GET /assets/fonts/ HTTP/1.1" 200 695 "-" "Mozilla/5.0 (compatible; MJ12bot/v1.4.8; http://mj12bot.com/)"
116.240.149.7 - - [03/Jun/2026:01:37:04 +0000] "GET /assets/scss/ HTTP/1.1" 200 694 "-" "Mozilla/5.0 (compatible; MJ12bot/v1.4.8; http://mj12bot.com/)"
141.227.129.69 - - [03/Jun/2026:01:37:22 +0000] "GET /gh/ HTTP/1.1" 200 760 "-" "Mozilla/5.0 (Linux, Android 10, K) AppleWebKit/537.36 (KHTML, like Gecko) Chrome/148.0.0.0 Mobile Safari/537.36"
116.240.149.7 - - [03/Jun/2026:01:37:23 +0000] "GET /bi/binance2025/login.php HTTP/1.1" 302 0 "-" "Mozilla/5.0 (compatible; MJ12bot/v1.4.8; http://mj12bot.com/)"
57.129.134.182 - - [03/Jun/2026:01:37:23 +0000] "GET /gh/ HTTP/1.1" 200 760 "-" "Mozilla/5.0 (Linux, Android 10, K) AppleWebKit/537.36 (KHTML, like Gecko) Chrome/148.0.0.0 Mobile Safari/537.36"
141.227.139.224 - - [03/Jun/2026:01:37:23 +0000] "GET /gh/ HTTP/1.1" 200 760 "-" "Mozilla/5.0 (Linux, Android 10, K) AppleWebKit/537.36 (KHTML, like Gecko) Chrome/148.0.0.0 Mobile Safari/537.36"
155.254.22.50 - - [03/Jun/2026:01:37:40 +0000] "GET /gh/hh.php HTTP/1.1" 200 5761 "-" "Mozilla/5.0 (Linux; Android 10; K) AppleWebKit/537.36 (KHTML, like Gecko) Chrome/145.0.0.0 Mobile Safari/537.36"
170.64.251.156 - - [03/Jun/2026:01:37:43 +0000] "GET /gh/hh.php HTTP/1.1" 200 1762 "-" "Mozilla/5.0 (Linux; Android 10; K) AppleWebKit/537.36 (KHTML, like Gecko) Chrome/145.0.0.0 Mobile Safari/537.36"
116.240.149.7 - - [03/Jun/2026:01:38:09 +0000] "GET /bnh/dist/ HTTP/1.1" 200 670 "-" "Mozilla/5.0 (compatible; MJ12bot/v1.4.8; http://mj12bot.com/)"
116.240.149.7 - - [03/Jun/2026:01:38:44 +0000] "GET /bnh/shared/ HTTP/1.1" 200 627 "-" "Mozilla/5.0 (compatible; MJ12bot/v1.4.8; http://mj12bot.com/)"
116.240.149.7 - - [03/Jun/2026:01:39:10 +0000] "GET /cv/client/ HTTP/1.1" 200 354 "-" "Mozilla/5.0 (compatible; MJ12bot/v1.4.8; http://mj12bot.com/)"
116.240.149.7 - - [03/Jun/2026:01:39:34 +0000] "GET /cv/patches/ HTTP/1.1" 200 641 "-" "Mozilla/5.0 (compatible; MJ12bot/v1.4.8; http://mj12bot.com/)"
116.240.149.7 - - [03/Jun/2026:01:39:58 +0000] "GET /cv/shared/ HTTP/1.1" 200 627 "-" "Mozilla/5.0 (compatible; MJ12bot/v1.4.8; http://mj12bot.com/)"
116.240.149.7 - - [03/Jun/2026:01:40:13 +0000] "GET /dfrr/formati/ HTTP/1.1" 200 647 "-" "Mozilla/5.0 (compatible; MJ12bot/v1.4.8; http://mj12bot.com/)"
116.240.149.7 - - [03/Jun/2026:01:40:25 +0000] "GET /https:/ms-hostingladz.com:3000/ HTTP/1.1" 200 562 "-" "Mozilla/5.0 (compatible; MJ12bot/v1.4.8; http://mj12bot.com/)"
116.240.149.7 - - [03/Jun/2026:01:40:45 +0000] "GET /resources/css/ HTTP/1.1" 200 686 "-" "Mozilla/5.0 (compatible; MJ12bot/v1.4.8; http://mj12bot.com/)"
116.240.149.7 - - [03/Jun/2026:01:40:57 +0000] "GET /resources/js/ HTTP/1.1" 200 719 "-" "Mozilla/5.0 (compatible; MJ12bot/v1.4.8; http://mj12bot.com/)"
116.240.149.7 - - [03/Jun/2026:01:41:28 +0000] "GET /routes/f7/ HTTP/1.1" 200 621 "-" "Mozilla/5.0 (compatible; MJ12bot/v1.4.8; http://mj12bot.com/)"
116.240.149.7 - - [03/Jun/2026:01:41:40 +0000] "GET /saudiapost/smsa/ HTTP/1.1" 200 2449 "-" "Mozilla/5.0 (compatible; MJ12bot/v1.4.8; http://mj12bot.com/)"
116.240.149.7 - - [03/Jun/2026:01:42:01 +0000] "GET /storage/framework/ HTTP/1.1" 200 740 "-" "Mozilla/5.0 (compatible; MJ12bot/v1.4.8; http://mj12bot.com/)"
116.240.149.7 - - [03/Jun/2026:01:42:11 +0000] "GET /storage/logs/ HTTP/1.1" 200 639 "-" "Mozilla/5.0 (compatible; MJ12bot/v1.4.8; http://mj12bot.com/)"
116.240.149.7 - - [03/Jun/2026:01:42:32 +0000] "GET /tests/?SD HTTP/1.1" 200 805 "-" "Mozilla/5.0 (compatible; MJ12bot/v1.4.8; http://mj12bot.com/)"
116.240.149.7 - - [03/Jun/2026:01:42:35 +0000] "GET /tests/CreatesApplication.php HTTP/1.1" 200 0 "-" "Mozilla/5.0 (compatible; MJ12bot/v1.4.8; http://mj12bot.com/)"
43.134.141.244 - - [03/Jun/2026:01:46:08 +0000] "GET /tests/Unit/?SA HTTP/1.1" 200 900 "-" "Mozilla/5.0 (iPhone; CPU iPhone OS 13_2_3 like Mac OS X) AppleWebKit/605.1.15 (KHTML, like Gecko) Version/13.0.3 Mobile/15E148 Safari/604.1"
116.240.149.7 - - [03/Jun/2026:01:36:40 +0000] "GET /assets/img/ HTTP/1.1" 200 1154 "-" "Mozilla/5.0 (compatible; MJ12bot/v1.4.8; http://mj12bot.com/)"
116.240.149.7 - - [03/Jun/2026:01:36:52 +0000] "GET /assets/js/ HTTP/1.1" 200 1188 "-" "Mozilla/5.0 (compatible; MJ12bot/v1.4.8; http://mj12bot.com/)"
116.240.149.7 - - [03/Jun/2026:01:37:17 +0000] "GET /bi/binance2025/ HTTP/1.1" 302 0 "-" "Mozilla/5.0 (compatible; MJ12bot/v1.4.8; http://mj12bot.com/)"
95.153.32.12 - - [03/Jun/2026:01:37:23 +0000] "GET /gh/ HTTP/1.1" 200 1552 "-" "Mozilla/5.0 (Linux, Android 10, K) AppleWebKit/537.36 (KHTML, like Gecko) Chrome/148.0.0.0 Mobile Safari/537.36"
91.134.142.208 - - [03/Jun/2026:01:37:40 +0000] "GET /gh/hh.php HTTP/1.1" 200 1762 "-" "Mozilla/5.0 (Linux; Android 10; K) AppleWebKit/537.36 (KHTML, like Gecko) Chrome/145.0.0.0 Mobile Safari/537.36"
141.227.139.224 - - [03/Jun/2026:01:37:40 +0000] "GET /gh/hh.php HTTP/1.1" 200 1762 "-" "Mozilla/5.0 (Linux; Android 10; K) AppleWebKit/537.36 (KHTML, like Gecko) Chrome/145.0.0.0 Mobile Safari/537.36"
116.240.149.7 - - [03/Jun/2026:01:37:57 +0000] "GET /bnh/client/ HTTP/1.1" 200 354 "-" "Mozilla/5.0 (compatible; MJ12bot/v1.4.8; http://mj12bot.com/)"
116.240.149.7 - - [03/Jun/2026:01:38:18 +0000] "GET /bnh/patches/ HTTP/1.1" 200 642 "-" "Mozilla/5.0 (compatible; MJ12bot/v1.4.8; http://mj12bot.com/)"
116.240.149.7 - - [03/Jun/2026:01:38:30 +0000] "GET /bnh/server/ HTTP/1.1" 200 627 "-" "Mozilla/5.0 (compatible; MJ12bot/v1.4.8; http://mj12bot.com/)"
116.240.149.7 - - [03/Jun/2026:01:38:58 +0000] "GET /bootstrap/cache/ HTTP/1.1" 200 722 "-" "Mozilla/5.0 (compatible; MJ12bot/v1.4.8; http://mj12bot.com/)"
116.240.149.7 - - [03/Jun/2026:01:39:22 +0000] "GET /cv/dist/ HTTP/1.1" 200 670 "-" "Mozilla/5.0 (compatible; MJ12bot/v1.4.8; http://mj12bot.com/)"
116.240.149.7 - - [03/Jun/2026:01:39:48 +0000] "GET /cv/server/ HTTP/1.1" 200 628 "-" "Mozilla/5.0 (compatible; MJ12bot/v1.4.8; http://mj12bot.com/)"
116.240.149.7 - - [03/Jun/2026:01:40:34 +0000] "GET /https:/ms-hostingladz:3000/ HTTP/1.1" 200 563 "-" "Mozilla/5.0 (compatible; MJ12bot/v1.4.8; http://mj12bot.com/)"
116.240.149.7 - - [03/Jun/2026:01:41:06 +0000] "GET /resources/lang/ HTTP/1.1" 200 623 "-" "Mozilla/5.0 (compatible; MJ12bot/v1.4.8; http://mj12bot.com/)"
116.240.149.7 - - [03/Jun/2026:01:41:19 +0000] "GET /resources/views/ HTTP/1.1" 200 1265 "-" "Mozilla/5.0 (compatible; MJ12bot/v1.4.8; http://mj12bot.com/)"
116.240.149.7 - - [03/Jun/2026:01:41:50 +0000] "GET /storage/app/ HTTP/1.1" 200 631 "-" "Mozilla/5.0 (compatible; MJ12bot/v1.4.8; http://mj12bot.com/)"
116.240.149.7 - - [03/Jun/2026:01:42:47 +0000] "GET /tests/Feature/ HTTP/1.1" 200 754 "-" "Mozilla/5.0 (compatible; MJ12bot/v1.4.8; http://mj12bot.com/)"
116.240.149.7 - - [03/Jun/2026:01:42:56 +0000] "GET /tests/TestCase.php HTTP/1.1" 500 0 "-" "Mozilla/5.0 (compatible; MJ12bot/v1.4.8; http://mj12bot.com/)"
116.240.149.7 - - [03/Jun/2026:01:43:03 +0000] "GET /tests/Unit/ HTTP/1.1" 200 753 "-" "Mozilla/5.0 (compatible; MJ12bot/v1.4.8; http://mj12bot.com/)"
64.31.22.34 - - [03/Jun/2026:01:47:24 +0000] "GET /.well-known/acme-challenge/W90ORS4TIBG8COW4XIPTKW4KQN3KUQGQ HTTP/1.1" 200 64 "-" "Cpanel-HTTP-Client/1.0"
64.31.22.34 - - [03/Jun/2026:01:47:24 +0000] "GET /.well-known/acme-challenge/3IONQ-9HYO0KAP6CMWG8L_7MHKV7BDKG HTTP/1.1" 200 64 "-" "Cpanel-HTTP-Client/1.0"
64.31.22.34 - - [03/Jun/2026:01:47:24 +0000] "GET /.well-known/acme-challenge/R7TDR6LL78KH06DB26YEQEN0BCNRB44F HTTP/1.1" 200 64 "-" "Cpanel-HTTP-Client/1.0"
64.31.22.34 - - [03/Jun/2026:01:47:24 +0000] "GET /.well-known/acme-challenge/Y4W4A1IB4JDPR-QMI6ICC1RUSEMXQV99 HTTP/1.1" 200 64 "-" "Cpanel-HTTP-Client/1.0"
64.31.22.34 - - [03/Jun/2026:01:47:24 +0000] "GET /.well-known/acme-challenge/-GUATWR4LE-TBKRDHJOSOIA385HC9_3- HTTP/1.1" 200 64 "-" "Cpanel-HTTP-Client/1.0"
64.31.22.34 - - [03/Jun/2026:01:47:24 +0000] "GET /.well-known/acme-challenge/4O3L0Y8-7WX5_SJWHB8ZS9HRVBI44014 HTTP/1.1" 200 64 "-" "Cpanel-HTTP-Client/1.0"
81.167.26.57 - - [03/Jun/2026:01:46:48 +0000] "GET /robots.txt HTTP/1.1" 404 1251 "-" "Mozilla/5.0 (compatible; MJ12bot/v1.4.8; http://mj12bot.com/)"
81.167.26.57 - - [03/Jun/2026:01:46:49 +0000] "GET /app/Exceptions/ HTTP/1.1" 200 742 "-" "Mozilla/5.0 (compatible; MJ12bot/v1.4.8; http://mj12bot.com/)"
81.167.26.57 - - [03/Jun/2026:01:46:50 +0000] "GET /robots.txt HTTP/1.1" 404 1251 "-" "Mozilla/5.0 (compatible; MJ12bot/v1.4.8; http://mj12bot.com/)"
81.167.26.57 - - [03/Jun/2026:01:46:52 +0000] "GET /cv/client/ HTTP/1.1" 200 354 "-" "Mozilla/5.0 (compatible; MJ12bot/v1.4.8; http://mj12bot.com/)"
64.31.22.34 - - [03/Jun/2026:01:47:24 +0000] "GET /.well-known/acme-challenge/AB4C81PKHD662O3215AFZR6_KXQT0BJS HTTP/1.1" 200 64 "-" "Cpanel-HTTP-Client/1.0"
64.31.22.34 - - [03/Jun/2026:01:47:24 +0000] "GET /.well-known/acme-challenge/IZMF4AWEN24MQNLOOC12_DIRM3IBDDC5 HTTP/1.1" 200 64 "-" "Cpanel-HTTP-Client/1.0"
64.31.22.34 - - [03/Jun/2026:01:47:24 +0000] "GET /.well-known/acme-challenge/E_0J9K3C8YP_O44KLS-DKN7LK7YQSBD1 HTTP/1.1" 200 64 "-" "Cpanel-HTTP-Client/1.0"
64.31.22.34 - - [03/Jun/2026:01:47:24 +0000] "GET /.well-known/acme-challenge/KZF_UG1OV68N_2DZZWU_D0VGZ8M39K4K HTTP/1.1" 200 64 "-" "Cpanel-HTTP-Client/1.0"
64.31.22.34 - - [03/Jun/2026:01:47:24 +0000] "GET /.well-known/acme-challenge/R63XN8D02_94W-M05Y89T666F7NOV23P HTTP/1.1" 200 64 "-" "Cpanel-HTTP-Client/1.0"
64.31.22.34 - - [03/Jun/2026:01:47:24 +0000] "GET /.well-known/acme-challenge/TLY8H2H5Q1AVFFPMH_OQKBE2KTXJ0X8N HTTP/1.1" 200 64 "-" "Cpanel-HTTP-Client/1.0"
64.31.22.34 - - [03/Jun/2026:01:47:24 +0000] "GET /.well-known/acme-challenge/IYBQPK4H6N35N6RS0UK5UY9O9LM7IT6U HTTP/1.1" 200 64 "-" "Cpanel-HTTP-Client/1.0"
64.31.22.34 - - [03/Jun/2026:01:47:24 +0000] "GET /.well-known/acme-challenge/86E3C2YQRX5UBB-9DFQ3D6-HJGYAGN2Y HTTP/1.1" 200 64 "-" "Cpanel-HTTP-Client/1.0"
88.151.33.237 - - [03/Jun/2026:01:52:26 +0000] "GET / HTTP/1.1" 200 2475 "-" "Mozilla/5.0 (Windows NT 10.0; Win64; x64) AppleWebKit/537.36 (KHTML, like Gecko) Chrome/131.0.0.0 Safari/537.36 Edg/131.0.0.0"
88.151.33.237 - - [03/Jun/2026:01:52:36 +0000] "GET /.git/config HTTP/1.1" 403 1242 "-" "Mozilla/5.0 AppleWebKit/537.36 (KHTML, like Gecko); compatible; Perplexity-User/1.0; +https://perplexity.ai/perplexity-user"
88.151.33.237 - - [03/Jun/2026:01:52:38 +0000] "GET /.aws/credentials HTTP/1.1" 404 1251 "-" "Mozilla/5.0 (compatible; Bytespider; spider-feedback@bytedance.com)"
88.151.33.237 - - [03/Jun/2026:01:52:38 +0000] "GET /vault.env HTTP/1.1" 404 1251 "-" "Mozilla/5.0 AppleWebKit/537.36 (KHTML, like Gecko); compatible; Perplexity-User/1.0; +https://perplexity.ai/perplexity-user"
88.151.33.237 - - [03/Jun/2026:01:52:41 +0000] "GET /secrets.yml HTTP/1.1" 404 1251 "-" "CCBot/2.0 (https://commoncrawl.org/faq/)"
88.151.33.237 - - [03/Jun/2026:01:52:45 +0000] "GET /secrets.json HTTP/1.1" 404 1251 "-" "CCBot/2.0 (https://commoncrawl.org/faq/)"
88.151.33.237 - - [03/Jun/2026:01:52:45 +0000] "GET /application.properties HTTP/1.1" 404 1251 "-" "Mozilla/5.0 (compatible; Bytespider; spider-feedback@bytedance.com)"
88.151.33.237 - - [03/Jun/2026:01:52:50 +0000] "GET /.env.local HTTP/1.1" 404 1251 "-" "CCBot/2.0 (https://commoncrawl.org/faq/)"
88.151.33.237 - - [03/Jun/2026:01:52:50 +0000] "GET /.env.example HTTP/1.1" 404 1251 "-" "Mozilla/5.0 (compatible; Googlebot/2.1; +http://www.google.com/bot.html)"
88.151.33.237 - - [03/Jun/2026:01:52:50 +0000] "GET /.env.production HTTP/1.1" 404 1251 "-" "Mozilla/5.0 AppleWebKit/537.36 (KHTML, like Gecko); compatible; ChatGPT-User/1.0; +https://openai.com/bot"
88.151.33.237 - - [03/Jun/2026:01:52:55 +0000] "GET /_autoindex/assets/js/tablesort.number.js.map HTTP/1.1" 404 1251 "-" "Mozilla/5.0 (iPhone; CPU iPhone OS 18_0 like Mac OS X) AppleWebKit/605.1.15 (KHTML, like Gecko) Version/18.0 Mobile/15E148 Safari/604.1"
88.151.33.237 - - [03/Jun/2026:01:53:00 +0000] "GET /config.json HTTP/1.1" 404 1251 "-" "Mozilla/5.0 AppleWebKit/537.36 (KHTML, like Gecko); compatible; OAI-SearchBot/1.0; +https://openai.com/searchbot"
64.31.22.34 - - [03/Jun/2026:01:47:24 +0000] "GET /.well-known/acme-challenge/L7D7W2U80IP1DE56ZLGVU0ZTESLS_597 HTTP/1.1" 200 64 "-" "Cpanel-HTTP-Client/1.0"
88.151.33.237 - - [03/Jun/2026:01:52:38 +0000] "GET /application.yml HTTP/1.1" 404 1251 "-" "Mozilla/5.0 AppleWebKit/537.36 (KHTML, like Gecko); compatible; OAI-SearchBot/1.0; +https://openai.com/searchbot"
88.151.33.237 - - [03/Jun/2026:01:52:38 +0000] "GET /_autoindex/assets/js/tablesort.js HTTP/1.1" 200 2300 "-" "Mozilla/5.0 (X11; Linux x86_64) AppleWebKit/537.36 (KHTML, like Gecko) Chrome/130.0.0.0 Safari/537.36"
88.151.33.237 - - [03/Jun/2026:01:52:38 +0000] "GET /_autoindex/assets/js/tablesort.number.js HTTP/1.1" 200 366 "-" "Mozilla/5.0 (Windows NT 10.0; Win64; x64) AppleWebKit/537.36 (KHTML, like Gecko) Chrome/124.0.0.0 YaBrowser/24.10.0.0 Safari/537.36"
88.151.33.237 - - [03/Jun/2026:01:52:45 +0000] "GET /config/secrets.yml HTTP/1.1" 404 1251 "-" "Mozilla/5.0 (compatible; Google-Extended/1.0; +http://www.google.com/bot.html)"
88.151.33.237 - - [03/Jun/2026:01:52:45 +0000] "GET /config/application.properties HTTP/1.1" 404 1251 "-" "Mozilla/5.0 AppleWebKit/537.36 (KHTML, like Gecko); compatible; ClaudeBot/1.0; +mailto:support@anthropic.com"
88.151.33.237 - - [03/Jun/2026:01:52:49 +0000] "GET /.env HTTP/1.1" 200 1395 "-" "Mozilla/5.0 (compatible; Bytespider; spider-feedback@bytedance.com)"
88.151.33.237 - - [03/Jun/2026:01:52:52 +0000] "GET /.env.development HTTP/1.1" 404 1251 "-" "Mozilla/5.0 AppleWebKit/537.36 (KHTML, like Gecko); compatible; Perplexity-User/1.0; +https://perplexity.ai/perplexity-user"
88.151.33.237 - - [03/Jun/2026:01:52:49 +0000] "GET /storage/logs/laravel.log HTTP/1.1" 200 590784 "-" "Mozilla/5.0 (compatible; Bytespider; spider-feedback@bytedance.com)"
88.151.33.237 - - [03/Jun/2026:01:52:58 +0000] "GET /_autoindex/assets/js/tablesort.js.map HTTP/1.1" 404 1251 "-" "Mozilla/5.0 (Macintosh; Intel Mac OS X 10_15_7) AppleWebKit/537.36 (KHTML, like Gecko) Chrome/131.0.0.0 Safari/537.36"
88.151.33.237 - - [03/Jun/2026:01:53:00 +0000] "GET /config.js HTTP/1.1" 404 1251 "-" "Mozilla/5.0 AppleWebKit/537.36 (KHTML, like Gecko); compatible; ClaudeBot/1.0; +mailto:support@anthropic.com"
88.151.33.237 - - [03/Jun/2026:01:53:04 +0000] "GET /__/firebase/init.json HTTP/1.1" 404 1251 "-" "meta-externalagent/1.1 (+https://developers.facebook.com/docs/sharing/webmasters/crawler)"
88.151.33.237 - - [03/Jun/2026:01:53:06 +0000] "GET /api/v1/settings HTTP/1.1" 404 1251 "-" "Mozilla/5.0 AppleWebKit/537.36 (KHTML, like Gecko); compatible; ChatGPT-User/1.0; +https://openai.com/bot"
88.151.33.237 - - [03/Jun/2026:01:53:07 +0000] "GET /api/settings HTTP/1.1" 404 1251 "-" "Mozilla/5.0 AppleWebKit/537.36 (KHTML, like Gecko); compatible; ClaudeBot/1.0; +mailto:support@anthropic.com"
88.151.33.237 - - [03/Jun/2026:01:53:12 +0000] "GET /env.js HTTP/1.1" 404 1251 "-" "Mozilla/5.0 AppleWebKit/537.36 (KHTML, like Gecko); compatible; ChatGPT-User/1.0; +https://openai.com/bot"
88.151.33.237 - - [03/Jun/2026:01:53:13 +0000] "GET /env.json HTTP/1.1" 404 1251 "-" "Mozilla/5.0 (compatible; cohere-ai/1.0; +https://cohere.com)"
88.151.33.237 - - [03/Jun/2026:01:53:13 +0000] "GET /settings.json HTTP/1.1" 404 1251 "-" "Mozilla/5.0 (compatible; Claude-Web/1.0; +https://www.anthropic.com)"
88.151.33.237 - - [03/Jun/2026:01:53:16 +0000] "GET /.well-known/jwks.json HTTP/1.1" 404 1251 "-" "Mozilla/5.0 (compatible; Bytespider; spider-feedback@bytedance.com)"
88.151.33.237 - - [03/Jun/2026:01:53:17 +0000] "GET /api/v2/config HTTP/1.1" 404 1251 "-" "Mozilla/5.0 AppleWebKit/537.36 (KHTML, like Gecko); compatible; OAI-SearchBot/1.0; +https://openai.com/searchbot"
88.151.33.237 - - [03/Jun/2026:01:53:04 +0000] "GET /api/config HTTP/1.1" 404 1251 "-" "Mozilla/5.0 AppleWebKit/537.36 (KHTML, like Gecko); compatible; ChatGPT-User/1.0; +https://openai.com/bot"
88.151.33.237 - - [03/Jun/2026:01:53:13 +0000] "GET /firebase-config.json HTTP/1.1" 404 1251 "-" "Mozilla/5.0 AppleWebKit/537.36 (KHTML, like Gecko); compatible; Perplexity-User/1.0; +https://perplexity.ai/perplexity-user"
88.151.33.237 - - [03/Jun/2026:01:53:20 +0000] "GET /api/v1/config HTTP/1.1" 404 1251 "-" "Mozilla/5.0 AppleWebKit/537.36 (KHTML, like Gecko); compatible; Perplexity-User/1.0; +https://perplexity.ai/perplexity-user"
88.151.33.237 - - [03/Jun/2026:01:53:33 +0000] "GET /robots.txt HTTP/1.1" 404 1251 "-" "Mozilla/5.0 (Macintosh; Intel Mac OS X 10_15_7) AppleWebKit/537.36 (KHTML, like Gecko) Chrome/131.0.0.0 Safari/537.36 OPR/116.0.0.0"
88.151.33.237 - - [03/Jun/2026:01:53:34 +0000] "GET /sitemap.xml HTTP/1.1" 404 1251 "-" "Mozilla/5.0 (Macintosh; Intel Mac OS X 10_15_7) AppleWebKit/537.36 (KHTML, like Gecko) Chrome/129.0.0.0 Safari/537.36"
88.151.33.237 - - [03/Jun/2026:01:53:38 +0000] "GET /webpack-stats.json HTTP/1.1" 404 1251 "-" "Mozilla/5.0 (Linux; Android 14; 23021RAAEG) AppleWebKit/537.36 (KHTML, like Gecko) Chrome/131.0.0.0 Mobile Safari/537.36"
88.151.33.237 - - [03/Jun/2026:01:53:38 +0000] "GET /asset-manifest.json HTTP/1.1" 404 1251 "-" "Mozilla/5.0 (Windows NT 10.0; Win64; x64) AppleWebKit/537.36 (KHTML, like Gecko) Chrome/128.0.0.0 Safari/537.36"
88.151.33.237 - - [03/Jun/2026:01:53:40 +0000] "GET /manifest.json HTTP/1.1" 404 1251 "-" "Mozilla/5.0 (Windows NT 10.0; Win64; x64) AppleWebKit/537.36 (KHTML, like Gecko) Chrome/132.0.0.0 Safari/537.36 Edg/132.0.0.0"
88.151.33.237 - - [03/Jun/2026:01:53:43 +0000] "GET /_next/static/buildManifest.js HTTP/1.1" 404 1251 "-" "Mozilla/5.0 (Windows NT 10.0; Win64; x64) AppleWebKit/537.36 (KHTML, like Gecko) Chrome/129.0.0.0 Safari/537.36"
88.151.33.237 - - [03/Jun/2026:01:53:43 +0000] "GET /build-manifest.json HTTP/1.1" 404 1251 "-" "Mozilla/5.0 (Windows NT 10.0; Win64; x64) AppleWebKit/537.36 (KHTML, like Gecko) Chrome/130.0.0.0 Safari/537.36"
88.151.33.237 - - [03/Jun/2026:01:53:43 +0000] "GET /_next/build-manifest.json HTTP/1.1" 404 1251 "-" "Mozilla/5.0 (Macintosh; Intel Mac OS X 10_15_7) AppleWebKit/605.1.15 (KHTML, like Gecko) Version/18.1 Safari/605.1.15"
88.151.33.237 - - [03/Jun/2026:01:53:45 +0000] "GET /.next/build-manifest.json HTTP/1.1" 404 1251 "-" "Mozilla/5.0 (Macintosh; Intel Mac OS X 10_15_7) AppleWebKit/537.36 (KHTML, like Gecko) Chrome/131.0.0.0 Safari/537.36 OPR/116.0.0.0"
88.151.33.237 - - [03/Jun/2026:01:53:52 +0000] "GET /build/manifest.json HTTP/1.1" 404 1251 "-" "Mozilla/5.0 (Macintosh; Intel Mac OS X 10_15_7) AppleWebKit/605.1.15 (KHTML, like Gecko) Version/17.5 Safari/605.1.15"
88.151.33.237 - - [03/Jun/2026:01:53:52 +0000] "GET /.vite/manifest.json HTTP/1.1" 404 1251 "-" "Mozilla/5.0 (Macintosh; Intel Mac OS X 10_15_7) AppleWebKit/537.36 (KHTML, like Gecko) Chrome/130.0.0.0 Safari/537.36"
88.151.33.237 - - [03/Jun/2026:01:53:52 +0000] "GET /dist/manifest.json HTTP/1.1" 404 1251 "-" "Mozilla/5.0 (X11; Linux x86_64) AppleWebKit/537.36 (KHTML, like Gecko) Chrome/131.0.0.0 Safari/537.36"
88.151.33.237 - - [03/Jun/2026:01:53:57 +0000] "GET /_nuxt/manifest.json HTTP/1.1" 404 1251 "-" "Mozilla/5.0 (iPhone; CPU iPhone OS 18_0 like Mac OS X) AppleWebKit/605.1.15 (KHTML, like Gecko) Version/18.0 Mobile/15E148 Safari/604.1"
88.151.33.237 - - [03/Jun/2026:01:53:57 +0000] "GET /dist/.vite/manifest.json HTTP/1.1" 404 1251 "-" "Mozilla/5.0 (iPhone; CPU iPhone OS 17_6_1 like Mac OS X) AppleWebKit/605.1.15 (KHTML, like Gecko) Version/17.6 Mobile/15E148 Safari/604.1"
124.156.225.181 - - [03/Jun/2026:01:55:18 +0000] "GET /app/Console/ HTTP/1.1" 200 890 "-" "Mozilla/5.0 (iPhone; CPU iPhone OS 13_2_3 like Mac OS X) AppleWebKit/605.1.15 (KHTML, like Gecko) Version/13.0.3 Mobile/15E148 Safari/604.1"
51.91.156.252 - - [03/Jun/2026:01:57:40 +0000] "GET /gh/hh.php HTTP/1.1" 200 1762 "-" "Mozilla/5.0 (Linux; Android 10; K) AppleWebKit/537.36 (KHTML, like Gecko) Chrome/137.0.0.0 Mobile Safari/537.36"
159.223.242.210 - - [03/Jun/2026:01:57:47 +0000] "GET /gh/hh.php HTTP/1.1" 200 1762 "-" "Mozilla/5.0 (Linux; Android 10; K) AppleWebKit/537.36 (KHTML, like Gecko) Chrome/137.0.0.0 Mobile Safari/537.36"
157.230.195.44 - - [03/Jun/2026:01:57:43 +0000] "GET /gh/hh.php HTTP/1.1" 200 1762 "-" "Mozilla/5.0 (Linux; Android 10; K) AppleWebKit/537.36 (KHTML, like Gecko) Chrome/137.0.0.0 Mobile Safari/537.36"
209.50.228.94 - - [03/Jun/2026:01:57:44 +0000] "GET /gh/hh.php HTTP/1.1" 200 1762 "-" "Mozilla/5.0 (Linux; Android 10; K) AppleWebKit/537.36 (KHTML, like Gecko) Chrome/137.0.0.0 Mobile Safari/537.36"
216.244.66.244 - - [03/Jun/2026:02:03:25 +0000] "GET /robots.txt HTTP/1.1" 404 1251 "-" "Mozilla/5.0 (compatible; DotBot/1.2; +https://opensiteexplorer.org/dotbot; help@moz.com)"
95.153.32.12 - - [03/Jun/2026:02:07:19 +0000] "GET /gh/ HTTP/1.1" 200 1552 "-" "Mozilla/5.0 (Linux, Android 10, K) AppleWebKit/537.36 (KHTML, like Gecko) Chrome/148.0.0.0 Mobile Safari/537.36"
57.129.134.182 - - [03/Jun/2026:02:07:21 +0000] "GET /gh/ HTTP/1.1" 200 760 "-" "Mozilla/5.0 (Linux, Android 10, K) AppleWebKit/537.36 (KHTML, like Gecko) Chrome/148.0.0.0 Mobile Safari/537.36"
216.244.66.244 - - [03/Jun/2026:02:08:34 +0000] "GET /assets/demo/config/ HTTP/1.1" 200 1593 "-" "Mozilla/5.0 (compatible; DotBot/1.2; +https://opensiteexplorer.org/dotbot; help@moz.com)"
216.244.66.244 - - [03/Jun/2026:02:08:38 +0000] "GET /cv/dist/?ND HTTP/1.1" 200 1800 "-" "Mozilla/5.0 (compatible; DotBot/1.2; +https://opensiteexplorer.org/dotbot; help@moz.com)"
91.134.142.208 - - [03/Jun/2026:02:09:39 +0000] "GET /gh/hh.php HTTP/1.1" 200 1762 "-" "Mozilla/5.0 (Linux; Android 10; K) AppleWebKit/537.36 (KHTML, like Gecko) Chrome/145.0.0.0 Mobile Safari/537.36"
170.64.251.156 - - [03/Jun/2026:02:09:39 +0000] "GET /gh/hh.php HTTP/1.1" 200 1762 "-" "Mozilla/5.0 (Linux; Android 10; K) AppleWebKit/537.36 (KHTML, like Gecko) Chrome/145.0.0.0 Mobile Safari/537.36"
141.227.139.224 - - [03/Jun/2026:02:09:40 +0000] "GET /gh/hh.php HTTP/1.1" 200 1762 "-" "Mozilla/5.0 (Linux; Android 10; K) AppleWebKit/537.36 (KHTML, like Gecko) Chrome/145.0.0.0 Mobile Safari/537.36"
141.227.139.224 - - [03/Jun/2026:02:07:20 +0000] "GET /gh/ HTTP/1.1" 200 760 "-" "Mozilla/5.0 (Linux, Android 10, K) AppleWebKit/537.36 (KHTML, like Gecko) Chrome/148.0.0.0 Mobile Safari/537.36"
141.227.129.69 - - [03/Jun/2026:02:07:21 +0000] "GET /gh/ HTTP/1.1" 200 760 "-" "Mozilla/5.0 (Linux, Android 10, K) AppleWebKit/537.36 (KHTML, like Gecko) Chrome/148.0.0.0 Mobile Safari/537.36"
155.254.22.50 - - [03/Jun/2026:02:09:42 +0000] "GET /gh/hh.php HTTP/1.1" 200 5761 "-" "Mozilla/5.0 (Linux; Android 10; K) AppleWebKit/537.36 (KHTML, like Gecko) Chrome/145.0.0.0 Mobile Safari/537.36"
66.132.172.108 - - [03/Jun/2026:02:19:25 +0000] "GET / HTTP/1.1" 200 2470 "-" "Mozilla/5.0 (compatible; CensysInspect/1.1; +https://about.censys.io/)"
66.132.172.108 - - [03/Jun/2026:02:19:26 +0000] "GET /https%3A/ HTTP/1.1" 200 797 "-" "Mozilla/5.0 (compatible; CensysInspect/1.1; +https://about.censys.io/)"
66.132.172.108 - - [03/Jun/2026:02:19:34 +0000] "GET /live-dashboard/ HTTP/1.1" 503 807 "-" "Mozilla/5.0 (compatible; CensysInspect/1.1; +https://about.censys.io/)"
66.132.172.108 - - [03/Jun/2026:02:19:47 +0000] "GET / HTTP/1.1" 200 2470 "-" "Mozilla/5.0 (compatible; CensysInspect/1.1; +https://about.censys.io/)"
66.132.172.108 - - [03/Jun/2026:02:18:42 +0000] "GET / HTTP/1.1" 200 2470 "-" "Mozilla/5.0 (compatible; CensysInspect/1.1; +https://about.censys.io/)"
66.132.172.108 - - [03/Jun/2026:02:18:59 +0000] "GET /favicon.ico HTTP/1.1" 200 0 "-" "Mozilla/5.0 (compatible; CensysInspect/1.1; +https://about.censys.io/)"
66.132.172.108 - - [03/Jun/2026:02:19:36 +0000] "GET /saudia/ HTTP/1.1" 200 682 "-" "Mozilla/5.0 (compatible; CensysInspect/1.1; +https://about.censys.io/)"
124.156.226.179 - - [03/Jun/2026:02:26:57 +0000] "GET / HTTP/1.1" 200 2463 "-" "Mozilla/5.0 (iPhone; CPU iPhone OS 13_2_3 like Mac OS X) AppleWebKit/605.1.15 (KHTML, like Gecko) Version/13.0.3 Mobile/15E148 Safari/604.1"
57.129.134.182 - - [03/Jun/2026:02:40:09 +0000] "GET /gh/ HTTP/1.1" 200 760 "-" "Mozilla/5.0 (Linux, Android 10, K) AppleWebKit/537.36 (KHTML, like Gecko) Chrome/148.0.0.0 Mobile Safari/537.36"
95.153.32.12 - - [03/Jun/2026:02:40:10 +0000] "GET /gh/ HTTP/1.1" 200 1552 "-" "Mozilla/5.0 (Linux, Android 10, K) AppleWebKit/537.36 (KHTML, like Gecko) Chrome/148.0.0.0 Mobile Safari/537.36"
141.227.129.69 - - [03/Jun/2026:02:40:10 +0000] "GET /gh/ HTTP/1.1" 200 760 "-" "Mozilla/5.0 (Linux, Android 10, K) AppleWebKit/537.36 (KHTML, like Gecko) Chrome/148.0.0.0 Mobile Safari/537.36"
141.227.139.224 - - [03/Jun/2026:02:40:10 +0000] "GET /gh/ HTTP/1.1" 200 760 "-" "Mozilla/5.0 (Linux, Android 10, K) AppleWebKit/537.36 (KHTML, like Gecko) Chrome/148.0.0.0 Mobile Safari/537.36"
81.167.26.57 - - [03/Jun/2026:02:41:40 +0000] "GET /robots.txt HTTP/1.1" 404 1251 "-" "Mozilla/5.0 (compatible; MJ12bot/v1.4.8; http://mj12bot.com/)"
81.167.26.57 - - [03/Jun/2026:02:41:42 +0000] "GET /app/Http/ HTTP/1.1" 200 793 "-" "Mozilla/5.0 (compatible; MJ12bot/v1.4.8; http://mj12bot.com/)"
81.167.26.57 - - [03/Jun/2026:02:41:43 +0000] "GET /robots.txt HTTP/1.1" 404 1251 "-" "Mozilla/5.0 (compatible; MJ12bot/v1.4.8; http://mj12bot.com/)"
81.167.26.57 - - [03/Jun/2026:02:41:44 +0000] "GET /bnh/server/ HTTP/1.1" 200 624 "-" "Mozilla/5.0 (compatible; MJ12bot/v1.4.8; http://mj12bot.com/)"
81.167.26.57 - - [03/Jun/2026:02:41:48 +0000] "GET /bnh/shared/ HTTP/1.1" 200 623 "-" "Mozilla/5.0 (compatible; MJ12bot/v1.4.8; http://mj12bot.com/)"
81.167.26.57 - - [03/Jun/2026:02:41:51 +0000] "GET /bootstrap/cache/ HTTP/1.1" 200 716 "-" "Mozilla/5.0 (compatible; MJ12bot/v1.4.8; http://mj12bot.com/)"
141.227.139.224 - - [03/Jun/2026:02:41:52 +0000] "GET /gh/hh.php HTTP/1.1" 200 1762 "-" "Mozilla/5.0 (Linux; Android 10; K) AppleWebKit/537.36 (KHTML, like Gecko) Chrome/145.0.0.0 Mobile Safari/537.36"
155.254.22.50 - - [03/Jun/2026:02:41:53 +0000] "GET /gh/hh.php HTTP/1.1" 200 5761 "-" "Mozilla/5.0 (Linux; Android 10; K) AppleWebKit/537.36 (KHTML, like Gecko) Chrome/145.0.0.0 Mobile Safari/537.36"
91.134.142.208 - - [03/Jun/2026:02:41:54 +0000] "GET /gh/hh.php HTTP/1.1" 200 1762 "-" "Mozilla/5.0 (Linux; Android 10; K) AppleWebKit/537.36 (KHTML, like Gecko) Chrome/145.0.0.0 Mobile Safari/537.36"
175.178.110.121 - - [03/Jun/2026:02:40:15 +0000] "GET / HTTP/1.1" 200 2460 "-" "Mozilla/5.0 (iPhone; CPU iPhone OS 13_2_3 like Mac OS X) AppleWebKit/605.1.15 (KHTML, like Gecko) Version/13.0.3 Mobile/15E148 Safari/604.1"
170.64.251.156 - - [03/Jun/2026:02:41:55 +0000] "GET /gh/hh.php HTTP/1.1" 200 1762 "-" "Mozilla/5.0 (Linux; Android 10; K) AppleWebKit/537.36 (KHTML, like Gecko) Chrome/145.0.0.0 Mobile Safari/537.36"
216.244.66.244 - - [03/Jun/2026:02:53:34 +0000] "GET /resources/js/objects/?ND HTTP/1.1" 200 1371 "-" "Mozilla/5.0 (compatible; DotBot/1.2; +https://opensiteexplorer.org/dotbot; help@moz.com)"
216.244.66.244 - - [03/Jun/2026:02:48:02 +0000] "GET /robots.txt HTTP/1.1" 404 1251 "-" "Mozilla/5.0 (compatible; DotBot/1.2; +https://opensiteexplorer.org/dotbot; help@moz.com)"
216.244.66.244 - - [03/Jun/2026:02:52:55 +0000] "GET /assets/js/white-dashboard.min.js HTTP/1.1" 200 4540 "-" "Mozilla/5.0 (compatible; DotBot/1.2; +https://opensiteexplorer.org/dotbot; help@moz.com)"
216.244.66.244 - - [03/Jun/2026:02:53:06 +0000] "GET /resources/views/reference/printLedger.blade.php HTTP/1.1" 200 5224 "-" "Mozilla/5.0 (compatible; DotBot/1.2; +https://opensiteexplorer.org/dotbot; help@moz.com)"
216.244.66.244 - - [03/Jun/2026:02:53:17 +0000] "GET /cv/patches/?MD HTTP/1.1" 200 1606 "-" "Mozilla/5.0 (compatible; DotBot/1.2; +https://opensiteexplorer.org/dotbot; help@moz.com)"
216.244.66.244 - - [03/Jun/2026:02:53:26 +0000] "GET /https%3A/ms-hostingladz%3A3000/?ND HTTP/1.1" 200 1379 "-" "Mozilla/5.0 (compatible; DotBot/1.2; +https://opensiteexplorer.org/dotbot; help@moz.com)"
51.77.216.36 - - [03/Jun/2026:02:58:59 +0000] "GET /robots.txt HTTP/1.1" 404 1251 "-" "Mozilla/5.0 (compatible; MJ12bot/v1.4.8; http://mj12bot.com/)"
51.77.216.36 - - [03/Jun/2026:02:59:01 +0000] "GET /app/Models/ HTTP/1.1" 200 679 "-" "Mozilla/5.0 (compatible; MJ12bot/v1.4.8; http://mj12bot.com/)"
157.230.195.44 - - [03/Jun/2026:03:02:08 +0000] "GET /gh/hh.php HTTP/1.1" 200 1762 "-" "Mozilla/5.0 (Linux; Android 10; K) AppleWebKit/537.36 (KHTML, like Gecko) Chrome/137.0.0.0 Mobile Safari/537.36"
