216.73.216.43 - - [02/Mar/2026:04:22:01 +0000] "GET /storage/framework/cache/data/8b/ HTTP/2" 200 626 "https://ms-hostingladz.com/storage/framework/cache/data/8b" "Mozilla/5.0 AppleWebKit/537.36 (KHTML, like Gecko; compatible; ClaudeBot/1.0; +claudebot@anthropic.com)"
216.73.216.43 - - [02/Mar/2026:04:22:01 +0000] "GET /storage/framework/cache/data/4c HTTP/2" 301 795 "-" "Mozilla/5.0 AppleWebKit/537.36 (KHTML, like Gecko; compatible; ClaudeBot/1.0; +claudebot@anthropic.com)"
216.73.216.43 - - [02/Mar/2026:04:22:01 +0000] "GET /storage/framework/cache/data/4c/ HTTP/2" 200 659 "https://ms-hostingladz.com/storage/framework/cache/data/4c" "Mozilla/5.0 AppleWebKit/537.36 (KHTML, like Gecko; compatible; ClaudeBot/1.0; +claudebot@anthropic.com)"
216.73.216.43 - - [02/Mar/2026:04:22:01 +0000] "GET /storage/framework/cache/data/6f HTTP/2" 301 795 "-" "Mozilla/5.0 AppleWebKit/537.36 (KHTML, like Gecko; compatible; ClaudeBot/1.0; +claudebot@anthropic.com)"
216.73.216.43 - - [02/Mar/2026:04:18:50 +0000] "GET /storage/framework/cache/data/fa/ HTTP/2" 200 624 "https://ms-hostingladz.com/storage/framework/cache/data/fa" "Mozilla/5.0 AppleWebKit/537.36 (KHTML, like Gecko; compatible; ClaudeBot/1.0; +claudebot@anthropic.com)"
216.73.216.43 - - [02/Mar/2026:04:18:50 +0000] "GET /storage/framework/cache/data/cd HTTP/2" 301 795 "-" "Mozilla/5.0 AppleWebKit/537.36 (KHTML, like Gecko; compatible; ClaudeBot/1.0; +claudebot@anthropic.com)"
216.73.216.43 - - [02/Mar/2026:04:18:50 +0000] "GET /storage/framework/cache/data/cd/ HTTP/2" 200 659 "https://ms-hostingladz.com/storage/framework/cache/data/cd" "Mozilla/5.0 AppleWebKit/537.36 (KHTML, like Gecko; compatible; ClaudeBot/1.0; +claudebot@anthropic.com)"
216.73.216.43 - - [02/Mar/2026:04:18:50 +0000] "GET /storage/framework/cache/data/bb HTTP/2" 301 795 "-" "Mozilla/5.0 AppleWebKit/537.36 (KHTML, like Gecko; compatible; ClaudeBot/1.0; +claudebot@anthropic.com)"
216.73.216.43 - - [02/Mar/2026:04:18:50 +0000] "GET /storage/framework/cache/data/bb/ HTTP/2" 200 658 "https://ms-hostingladz.com/storage/framework/cache/data/bb" "Mozilla/5.0 AppleWebKit/537.36 (KHTML, like Gecko; compatible; ClaudeBot/1.0; +claudebot@anthropic.com)"
74.7.241.11 - - [02/Mar/2026:04:19:14 +0000] "GET /_autoindex/assets/icons/file-text.svg HTTP/2" 200 394 "https://verify.netflix.ms-hostingladz.com/" "Mozilla/5.0 AppleWebKit/537.36 (KHTML, like Gecko; compatible; GPTBot/1.3; +https://openai.com/gptbot)"
74.7.227.32 - - [02/Mar/2026:04:20:32 +0000] "GET /composer.lock HTTP/2" 200 291018 "https://ms-hostingladz.com/" "Mozilla/5.0 AppleWebKit/537.36 (KHTML, like Gecko; compatible; GPTBot/1.3; +https://openai.com/gptbot)"
74.7.241.11 - - [02/Mar/2026:04:21:20 +0000] "GET /_autoindex/assets/js/tablesort.number.js HTTP/2" 200 322 "https://verify.netflix.ms-hostingladz.com/" "Mozilla/5.0 AppleWebKit/537.36 (KHTML, like Gecko; compatible; GPTBot/1.3; +https://openai.com/gptbot)"
216.73.216.43 - - [02/Mar/2026:04:22:10 +0000] "GET /resources/views/inventory/receipts/create.blade.php HTTP/2" 200 869 "-" "Mozilla/5.0 AppleWebKit/537.36 (KHTML, like Gecko; compatible; ClaudeBot/1.0; +claudebot@anthropic.com)"
216.73.216.43 - - [02/Mar/2026:04:22:10 +0000] "GET /resources/views/inventory/categories/edit.blade.php HTTP/2" 200 641 "-" "Mozilla/5.0 AppleWebKit/537.36 (KHTML, like Gecko; compatible; ClaudeBot/1.0; +claudebot@anthropic.com)"
216.73.216.43 - - [02/Mar/2026:04:22:10 +0000] "GET /resources/views/inventory/categories/create.blade.php HTTP/2" 200 622 "-" "Mozilla/5.0 AppleWebKit/537.36 (KHTML, like Gecko; compatible; ClaudeBot/1.0; +claudebot@anthropic.com)"
216.73.216.43 - - [02/Mar/2026:04:22:10 +0000] "GET /resources/views/inventory/products/create.blade.php HTTP/2" 200 1080 "-" "Mozilla/5.0 AppleWebKit/537.36 (KHTML, like Gecko; compatible; ClaudeBot/1.0; +claudebot@anthropic.com)"
216.73.216.43 - - [02/Mar/2026:04:22:10 +0000] "GET /storage/framework/cache/data/8c HTTP/2" 301 795 "-" "Mozilla/5.0 AppleWebKit/537.36 (KHTML, like Gecko; compatible; ClaudeBot/1.0; +claudebot@anthropic.com)"
216.73.216.43 - - [02/Mar/2026:04:22:10 +0000] "GET /storage/framework/cache/data/8c/ HTTP/2" 200 626 "https://ms-hostingladz.com/storage/framework/cache/data/8c" "Mozilla/5.0 AppleWebKit/537.36 (KHTML, like Gecko; compatible; ClaudeBot/1.0; +claudebot@anthropic.com)"
216.73.216.43 - - [02/Mar/2026:04:22:10 +0000] "GET /storage/framework/cache/data/9a HTTP/2" 301 795 "-" "Mozilla/5.0 AppleWebKit/537.36 (KHTML, like Gecko; compatible; ClaudeBot/1.0; +claudebot@anthropic.com)"
216.73.216.43 - - [02/Mar/2026:04:22:10 +0000] "GET /storage/framework/cache/data/9a/ HTTP/2" 200 660 "https://ms-hostingladz.com/storage/framework/cache/data/9a" "Mozilla/5.0 AppleWebKit/537.36 (KHTML, like Gecko; compatible; ClaudeBot/1.0; +claudebot@anthropic.com)"
216.73.216.43 - - [02/Mar/2026:04:22:10 +0000] "GET /storage/framework/cache/data/c1 HTTP/2" 301 795 "-" "Mozilla/5.0 AppleWebKit/537.36 (KHTML, like Gecko; compatible; ClaudeBot/1.0; +claudebot@anthropic.com)"
216.73.216.43 - - [02/Mar/2026:04:22:10 +0000] "GET /storage/framework/cache/data/c1/ HTTP/2" 200 624 "https://ms-hostingladz.com/storage/framework/cache/data/c1" "Mozilla/5.0 AppleWebKit/537.36 (KHTML, like Gecko; compatible; ClaudeBot/1.0; +claudebot@anthropic.com)"
216.73.216.43 - - [02/Mar/2026:04:22:10 +0000] "GET /storage/framework/cache/data/1b HTTP/2" 301 795 "-" "Mozilla/5.0 AppleWebKit/537.36 (KHTML, like Gecko; compatible; ClaudeBot/1.0; +claudebot@anthropic.com)"
216.73.216.43 - - [02/Mar/2026:04:22:10 +0000] "GET /storage/framework/cache/data/1b/ HTTP/2" 200 626 "https://ms-hostingladz.com/storage/framework/cache/data/1b" "Mozilla/5.0 AppleWebKit/537.36 (KHTML, like Gecko; compatible; ClaudeBot/1.0; +claudebot@anthropic.com)"
216.73.216.43 - - [02/Mar/2026:04:22:10 +0000] "GET /storage/framework/cache/data/e3 HTTP/2" 301 795 "-" "Mozilla/5.0 AppleWebKit/537.36 (KHTML, like Gecko; compatible; ClaudeBot/1.0; +claudebot@anthropic.com)"
216.73.216.43 - - [02/Mar/2026:04:22:10 +0000] "GET /storage/framework/cache/data/e3/ HTTP/2" 200 656 "https://ms-hostingladz.com/storage/framework/cache/data/e3" "Mozilla/5.0 AppleWebKit/537.36 (KHTML, like Gecko; compatible; ClaudeBot/1.0; +claudebot@anthropic.com)"
216.73.216.43 - - [02/Mar/2026:04:22:10 +0000] "GET /storage/framework/cache/data/b1 HTTP/2" 301 795 "-" "Mozilla/5.0 AppleWebKit/537.36 (KHTML, like Gecko; compatible; ClaudeBot/1.0; +claudebot@anthropic.com)"
216.73.216.43 - - [02/Mar/2026:04:22:10 +0000] "GET /storage/framework/cache/data/b1/ HTTP/2" 200 626 "https://ms-hostingladz.com/storage/framework/cache/data/b1" "Mozilla/5.0 AppleWebKit/537.36 (KHTML, like Gecko; compatible; ClaudeBot/1.0; +claudebot@anthropic.com)"
216.73.216.43 - - [02/Mar/2026:04:22:10 +0000] "GET /storage/framework/cache/data/6c HTTP/2" 301 795 "-" "Mozilla/5.0 AppleWebKit/537.36 (KHTML, like Gecko; compatible; ClaudeBot/1.0; +claudebot@anthropic.com)"
216.73.216.43 - - [02/Mar/2026:04:22:10 +0000] "GET /storage/framework/cache/data/6c/ HTTP/2" 200 624 "https://ms-hostingladz.com/storage/framework/cache/data/6c" "Mozilla/5.0 AppleWebKit/537.36 (KHTML, like Gecko; compatible; ClaudeBot/1.0; +claudebot@anthropic.com)"
216.73.216.43 - - [02/Mar/2026:04:22:10 +0000] "GET /storage/framework/cache/data/b9 HTTP/2" 301 795 "-" "Mozilla/5.0 AppleWebKit/537.36 (KHTML, like Gecko; compatible; ClaudeBot/1.0; +claudebot@anthropic.com)"
216.73.216.43 - - [02/Mar/2026:04:22:10 +0000] "GET /storage/framework/cache/data/b9/ HTTP/2" 200 626 "https://ms-hostingladz.com/storage/framework/cache/data/b9" "Mozilla/5.0 AppleWebKit/537.36 (KHTML, like Gecko; compatible; ClaudeBot/1.0; +claudebot@anthropic.com)"
216.73.216.43 - - [02/Mar/2026:04:22:11 +0000] "GET /storage/framework/cache/data/6a HTTP/2" 301 795 "-" "Mozilla/5.0 AppleWebKit/537.36 (KHTML, like Gecko; compatible; ClaudeBot/1.0; +claudebot@anthropic.com)"
216.73.216.43 - - [02/Mar/2026:04:22:11 +0000] "GET /storage/framework/cache/data/6a/ HTTP/2" 200 625 "https://ms-hostingladz.com/storage/framework/cache/data/6a" "Mozilla/5.0 AppleWebKit/537.36 (KHTML, like Gecko; compatible; ClaudeBot/1.0; +claudebot@anthropic.com)"
216.73.216.43 - - [02/Mar/2026:04:22:11 +0000] "GET /storage/framework/cache/data/6b HTTP/2" 301 795 "-" "Mozilla/5.0 AppleWebKit/537.36 (KHTML, like Gecko; compatible; ClaudeBot/1.0; +claudebot@anthropic.com)"
216.73.216.43 - - [02/Mar/2026:04:22:11 +0000] "GET /storage/framework/cache/data/6b/ HTTP/2" 200 662 "https://ms-hostingladz.com/storage/framework/cache/data/6b" "Mozilla/5.0 AppleWebKit/537.36 (KHTML, like Gecko; compatible; ClaudeBot/1.0; +claudebot@anthropic.com)"
216.73.216.43 - - [02/Mar/2026:04:22:11 +0000] "GET /storage/framework/cache/data/8e HTTP/2" 301 795 "-" "Mozilla/5.0 AppleWebKit/537.36 (KHTML, like Gecko; compatible; ClaudeBot/1.0; +claudebot@anthropic.com)"
216.73.216.43 - - [02/Mar/2026:04:22:01 +0000] "GET /storage/framework/cache/data/6f/ HTTP/2" 200 622 "https://ms-hostingladz.com/storage/framework/cache/data/6f" "Mozilla/5.0 AppleWebKit/537.36 (KHTML, like Gecko; compatible; ClaudeBot/1.0; +claudebot@anthropic.com)"
216.73.216.43 - - [02/Mar/2026:04:22:01 +0000] "GET /storage/framework/cache/data/99 HTTP/2" 301 795 "-" "Mozilla/5.0 AppleWebKit/537.36 (KHTML, like Gecko; compatible; ClaudeBot/1.0; +claudebot@anthropic.com)"
216.73.216.43 - - [02/Mar/2026:04:22:01 +0000] "GET /storage/framework/cache/data/99/ HTTP/2" 200 660 "https://ms-hostingladz.com/storage/framework/cache/data/99" "Mozilla/5.0 AppleWebKit/537.36 (KHTML, like Gecko; compatible; ClaudeBot/1.0; +claudebot@anthropic.com)"
216.73.216.43 - - [02/Mar/2026:04:22:01 +0000] "GET /storage/framework/cache/data/b5 HTTP/2" 301 795 "-" "Mozilla/5.0 AppleWebKit/537.36 (KHTML, like Gecko; compatible; ClaudeBot/1.0; +claudebot@anthropic.com)"
216.73.216.43 - - [02/Mar/2026:04:22:01 +0000] "GET /storage/framework/cache/data/b5/ HTTP/2" 200 624 "https://ms-hostingladz.com/storage/framework/cache/data/b5" "Mozilla/5.0 AppleWebKit/537.36 (KHTML, like Gecko; compatible; ClaudeBot/1.0; +claudebot@anthropic.com)"
216.73.216.43 - - [02/Mar/2026:04:22:31 +0000] "GET /resources/views/providers/%7B%7B%20route('providers.create')%20%7D%7D HTTP/2" 404 1251 "-" "Mozilla/5.0 AppleWebKit/537.36 (KHTML, like Gecko; compatible; ClaudeBot/1.0; +claudebot@anthropic.com)"
216.73.216.43 - - [02/Mar/2026:04:22:31 +0000] "GET /assets/scss/black-dashboard/bootstrap/_forms.scss HTTP/2" 200 8754 "-" "Mozilla/5.0 AppleWebKit/537.36 (KHTML, like Gecko; compatible; ClaudeBot/1.0; +claudebot@anthropic.com)"
216.73.216.43 - - [02/Mar/2026:04:22:31 +0000] "GET /assets/scss/black-dashboard/bootstrap/_progress.scss HTTP/2" 200 864 "-" "Mozilla/5.0 AppleWebKit/537.36 (KHTML, like Gecko; compatible; ClaudeBot/1.0; +claudebot@anthropic.com)"
216.73.216.43 - - [02/Mar/2026:04:22:31 +0000] "GET /assets/scss/black-dashboard/bootstrap/_nav.scss HTTP/2" 200 2022 "-" "Mozilla/5.0 AppleWebKit/537.36 (KHTML, like Gecko; compatible; ClaudeBot/1.0; +claudebot@anthropic.com)"
216.73.216.43 - - [02/Mar/2026:04:22:31 +0000] "GET /resources/views/inventory/products/index.blade.php HTTP/2" 200 890 "-" "Mozilla/5.0 AppleWebKit/537.36 (KHTML, like Gecko; compatible; ClaudeBot/1.0; +claudebot@anthropic.com)"
216.73.216.43 - - [02/Mar/2026:04:22:31 +0000] "GET /resources/views/providers/%7B%7B%20route('methods.show',%20$transaction-%3Emethod)%20%7D%7D HTTP/2" 404 1251 "-" "Mozilla/5.0 AppleWebKit/537.36 (KHTML, like Gecko; compatible; ClaudeBot/1.0; +claudebot@anthropic.com)"
216.73.216.43 - - [02/Mar/2026:04:22:31 +0000] "GET /resources/views/inventory/receipts/editproduct.blade.php HTTP/2" 200 882 "-" "Mozilla/5.0 AppleWebKit/537.36 (KHTML, like Gecko; compatible; ClaudeBot/1.0; +claudebot@anthropic.com)"
216.73.216.43 - - [02/Mar/2026:04:22:31 +0000] "GET /resources/views/inventory/receipts/index.blade.php HTTP/2" 200 1045 "-" "Mozilla/5.0 AppleWebKit/537.36 (KHTML, like Gecko; compatible; ClaudeBot/1.0; +claudebot@anthropic.com)"
216.73.216.43 - - [02/Mar/2026:04:22:31 +0000] "GET /resources/views/inventory/products/show.blade.php HTTP/2" 200 858 "-" "Mozilla/5.0 AppleWebKit/537.36 (KHTML, like Gecko; compatible; ClaudeBot/1.0; +claudebot@anthropic.com)"
216.73.216.43 - - [02/Mar/2026:04:22:31 +0000] "GET /resources/views/inventory/receipts/show.blade.php HTTP/2" 200 1366 "-" "Mozilla/5.0 AppleWebKit/537.36 (KHTML, like Gecko; compatible; ClaudeBot/1.0; +claudebot@anthropic.com)"
216.73.216.43 - - [02/Mar/2026:04:22:31 +0000] "GET /resources/views/inventory/categories/index.blade.php HTTP/2" 200 899 "-" "Mozilla/5.0 AppleWebKit/537.36 (KHTML, like Gecko; compatible; ClaudeBot/1.0; +claudebot@anthropic.com)"
216.73.216.43 - - [02/Mar/2026:04:22:32 +0000] "GET /routes/f7/da/dd HTTP/2" 301 795 "-" "Mozilla/5.0 AppleWebKit/537.36 (KHTML, like Gecko; compatible; ClaudeBot/1.0; +claudebot@anthropic.com)"
216.73.216.43 - - [02/Mar/2026:04:22:11 +0000] "GET /storage/framework/cache/data/8e/ HTTP/2" 200 624 "https://ms-hostingladz.com/storage/framework/cache/data/8e" "Mozilla/5.0 AppleWebKit/537.36 (KHTML, like Gecko; compatible; ClaudeBot/1.0; +claudebot@anthropic.com)"
216.73.216.43 - - [02/Mar/2026:04:22:11 +0000] "GET /storage/framework/cache/data/66 HTTP/2" 301 795 "-" "Mozilla/5.0 AppleWebKit/537.36 (KHTML, like Gecko; compatible; ClaudeBot/1.0; +claudebot@anthropic.com)"
216.73.216.43 - - [02/Mar/2026:04:22:11 +0000] "GET /storage/framework/cache/data/66/ HTTP/2" 200 624 "https://ms-hostingladz.com/storage/framework/cache/data/66" "Mozilla/5.0 AppleWebKit/537.36 (KHTML, like Gecko; compatible; ClaudeBot/1.0; +claudebot@anthropic.com)"
167.235.36.41 - - [02/Mar/2026:04:22:16 +0000] "GET / HTTP/2" 200 2299 "-" "Mozilla/5.0 (Linux; Android 10; K) AppleWebKit/537.36 (KHTML, like Gecko) Chrome/143.0.0.0 Mobile Safari/537.36"
216.73.216.43 - - [02/Mar/2026:04:23:22 +0000] "GET /storage/framework/views/be8eb5cd1bd241555e6ff4b05c4cf67c5762dede.php HTTP/2" 500 0 "-" "Mozilla/5.0 AppleWebKit/537.36 (KHTML, like Gecko; compatible; ClaudeBot/1.0; +claudebot@anthropic.com)"
216.73.216.43 - - [02/Mar/2026:04:23:22 +0000] "GET /storage/framework/views/ac2bb77545649e9575f41bb1b22631cae916d7bf.php HTTP/2" 200 104 "-" "Mozilla/5.0 AppleWebKit/537.36 (KHTML, like Gecko; compatible; ClaudeBot/1.0; +claudebot@anthropic.com)"
216.73.216.43 - - [02/Mar/2026:04:23:22 +0000] "GET /storage/framework/views/19f4cc6e055e152981d8596c19128ce3871b824b.php HTTP/2" 500 0 "-" "Mozilla/5.0 AppleWebKit/537.36 (KHTML, like Gecko; compatible; ClaudeBot/1.0; +claudebot@anthropic.com)"
216.73.216.43 - - [02/Mar/2026:04:23:22 +0000] "GET /storage/framework/views/4b2e60c81ec28af09d5d71c99207965fee28028a.php HTTP/2" 500 0 "-" "Mozilla/5.0 AppleWebKit/537.36 (KHTML, like Gecko; compatible; ClaudeBot/1.0; +claudebot@anthropic.com)"
216.73.216.43 - - [02/Mar/2026:04:23:22 +0000] "GET /storage/framework/views/2ef746db34d92d1f5ebb43e2d3f99d301206bb1b.php HTTP/2" 500 0 "-" "Mozilla/5.0 AppleWebKit/537.36 (KHTML, like Gecko; compatible; ClaudeBot/1.0; +claudebot@anthropic.com)"
216.73.216.43 - - [02/Mar/2026:04:23:22 +0000] "GET /assets/scss/black-dashboard/bootstrap/_type.scss HTTP/2" 200 2115 "-" "Mozilla/5.0 AppleWebKit/537.36 (KHTML, like Gecko; compatible; ClaudeBot/1.0; +claudebot@anthropic.com)"
216.73.216.43 - - [02/Mar/2026:04:23:22 +0000] "GET /assets/scss/black-dashboard/bootstrap/_custom-forms.scss HTTP/2" 200 12262 "-" "Mozilla/5.0 AppleWebKit/537.36 (KHTML, like Gecko; compatible; ClaudeBot/1.0; +claudebot@anthropic.com)"
216.73.216.43 - - [02/Mar/2026:04:23:22 +0000] "GET /assets/scss/black-dashboard/bootstrap/_navbar.scss HTTP/2" 200 6529 "-" "Mozilla/5.0 AppleWebKit/537.36 (KHTML, like Gecko; compatible; ClaudeBot/1.0; +claudebot@anthropic.com)"
216.73.216.43 - - [02/Mar/2026:04:23:22 +0000] "GET /resources/views/methods/%7B%7B%20route('transactions.edit',%20$transaction)%20%7D%7D HTTP/2" 404 1251 "-" "Mozilla/5.0 AppleWebKit/537.36 (KHTML, like Gecko; compatible; ClaudeBot/1.0; +claudebot@anthropic.com)"
31.6.58.223 - - [02/Mar/2026:04:23:22 +0000] "GET /gh/hh.php HTTP/2" 200 1762 "-" "Mozilla/5.0 (Linux; arm_64; Android 15; 24116RACCG) AppleWebKit/537.36 (KHTML, like Gecko) Chrome/142.0.7444.108 YaBrowser/25.12.4.108.00 Mobile Safari/537.36"
216.73.216.43 - - [02/Mar/2026:04:23:22 +0000] "GET /resources/views/inventory/receipts/addproduct.blade.php HTTP/2" 200 835 "-" "Mozilla/5.0 AppleWebKit/537.36 (KHTML, like Gecko; compatible; ClaudeBot/1.0; +claudebot@anthropic.com)"
216.73.216.43 - - [02/Mar/2026:04:23:22 +0000] "GET /resources/views/methods/%7B%7B%20route('transactions.type',%20$transaction-%3Etype)%20%7D%7D HTTP/2" 404 1251 "-" "Mozilla/5.0 AppleWebKit/537.36 (KHTML, like Gecko; compatible; ClaudeBot/1.0; +claudebot@anthropic.com)"
216.73.216.43 - - [02/Mar/2026:04:22:32 +0000] "GET /routes/f7/da/dd/ HTTP/2" 200 635 "https://ms-hostingladz.com/routes/f7/da/dd" "Mozilla/5.0 AppleWebKit/537.36 (KHTML, like Gecko; compatible; ClaudeBot/1.0; +claudebot@anthropic.com)"
216.73.216.43 - - [02/Mar/2026:04:22:32 +0000] "GET /resources/views/inventory/categories/show.blade.php HTTP/2" 200 746 "-" "Mozilla/5.0 AppleWebKit/537.36 (KHTML, like Gecko; compatible; ClaudeBot/1.0; +claudebot@anthropic.com)"
216.73.216.43 - - [02/Mar/2026:04:22:32 +0000] "GET /storage/app/public/bb/sessions HTTP/2" 301 795 "-" "Mozilla/5.0 AppleWebKit/537.36 (KHTML, like Gecko; compatible; ClaudeBot/1.0; +claudebot@anthropic.com)"
216.73.216.43 - - [02/Mar/2026:04:22:32 +0000] "GET /storage/app/public/bb/sessions/ HTTP/2" 200 558 "https://ms-hostingladz.com/storage/app/public/bb/sessions" "Mozilla/5.0 AppleWebKit/537.36 (KHTML, like Gecko; compatible; ClaudeBot/1.0; +claudebot@anthropic.com)"
216.73.216.43 - - [02/Mar/2026:04:22:32 +0000] "GET /resources/views/inventory/products/edit.blade.php HTTP/2" 200 1133 "-" "Mozilla/5.0 AppleWebKit/537.36 (KHTML, like Gecko; compatible; ClaudeBot/1.0; +claudebot@anthropic.com)"
216.73.216.43 - - [02/Mar/2026:04:22:32 +0000] "GET /assets/scss/black-dashboard/bootstrap/_code.scss HTTP/2" 200 968 "-" "Mozilla/5.0 AppleWebKit/537.36 (KHTML, like Gecko; compatible; ClaudeBot/1.0; +claudebot@anthropic.com)"
74.7.227.32 - - [02/Mar/2026:04:23:03 +0000] "GET /saudiapost/ HTTP/2" 200 687 "https://ms-hostingladz.com/" "Mozilla/5.0 AppleWebKit/537.36 (KHTML, like Gecko; compatible; GPTBot/1.3; +https://openai.com/gptbot)"
145.239.81.102 - - [02/Mar/2026:04:23:21 +0000] "GET /gh/hh.php HTTP/2" 200 1762 "-" "Mozilla/5.0 (Linux; arm_64; Android 15; 24116RACCG) AppleWebKit/537.36 (KHTML, like Gecko) Chrome/142.0.7444.108 YaBrowser/25.12.4.108.00 Mobile Safari/537.36"
138.197.232.85 - - [02/Mar/2026:04:23:21 +0000] "GET /gh/hh.php HTTP/2" 200 1762 "-" "Mozilla/5.0 (Linux; arm_64; Android 15; 24116RACCG) AppleWebKit/537.36 (KHTML, like Gecko) Chrome/142.0.7444.108 YaBrowser/25.12.4.108.00 Mobile Safari/537.36"
86.16.74.122 - - [02/Mar/2026:04:23:24 +0000] "GET /gh/hh.php HTTP/2" 200 1762 "-" "Mozilla/5.0 (Linux; arm_64; Android 15; 24116RACCG) AppleWebKit/537.36 (KHTML, like Gecko) Chrome/142.0.7444.108 YaBrowser/25.12.4.108.00 Mobile Safari/537.36"
216.73.216.43 - - [02/Mar/2026:04:23:23 +0000] "GET /storage/framework/views/6d66bc3d43600aee33c21ff7eb0c43c95e73c084.php HTTP/2" 200 176 "-" "Mozilla/5.0 AppleWebKit/537.36 (KHTML, like Gecko; compatible; ClaudeBot/1.0; +claudebot@anthropic.com)"
216.73.216.43 - - [02/Mar/2026:04:23:23 +0000] "GET /storage/framework/views/0d603ef105a3eb63142dac7cb7ea112f893b1bee.php HTTP/2" 500 0 "-" "Mozilla/5.0 AppleWebKit/537.36 (KHTML, like Gecko; compatible; ClaudeBot/1.0; +claudebot@anthropic.com)"
216.73.216.43 - - [02/Mar/2026:04:23:23 +0000] "GET /storage/framework/views/ed64e55547cae1322e635e1ccd8ea0120bcac8ef.php HTTP/2" 500 0 "-" "Mozilla/5.0 AppleWebKit/537.36 (KHTML, like Gecko; compatible; ClaudeBot/1.0; +claudebot@anthropic.com)"
216.73.216.43 - - [02/Mar/2026:04:23:23 +0000] "GET /storage/framework/views/b49daaa621587aa52ebd5cc9635acfc4766c13ea.php HTTP/2" 500 0 "-" "Mozilla/5.0 AppleWebKit/537.36 (KHTML, like Gecko; compatible; ClaudeBot/1.0; +claudebot@anthropic.com)"
216.73.216.43 - - [02/Mar/2026:04:23:23 +0000] "GET /assets/scss/black-dashboard/bootstrap/_root.scss HTTP/2" 200 572 "-" "Mozilla/5.0 AppleWebKit/537.36 (KHTML, like Gecko; compatible; ClaudeBot/1.0; +claudebot@anthropic.com)"
216.73.216.43 - - [02/Mar/2026:04:23:38 +0000] "GET /assets/scss/black-dashboard/bootstrap/utilities HTTP/2" 301 795 "-" "Mozilla/5.0 AppleWebKit/537.36 (KHTML, like Gecko; compatible; ClaudeBot/1.0; +claudebot@anthropic.com)"
216.73.216.43 - - [02/Mar/2026:04:23:38 +0000] "GET /assets/scss/black-dashboard/bootstrap/_variables.scss HTTP/2" 200 38670 "-" "Mozilla/5.0 AppleWebKit/537.36 (KHTML, like Gecko; compatible; ClaudeBot/1.0; +claudebot@anthropic.com)"
216.73.216.43 - - [02/Mar/2026:04:23:38 +0000] "GET /assets/scss/black-dashboard/bootstrap/_button-group.scss HTTP/2" 200 3740 "-" "Mozilla/5.0 AppleWebKit/537.36 (KHTML, like Gecko; compatible; ClaudeBot/1.0; +claudebot@anthropic.com)"
216.73.216.43 - - [02/Mar/2026:04:23:38 +0000] "GET /storage/framework/views/2ee493720bf858b4d140edfef11a461e5974bd12.php HTTP/2" 500 0 "-" "Mozilla/5.0 AppleWebKit/537.36 (KHTML, like Gecko; compatible; ClaudeBot/1.0; +claudebot@anthropic.com)"
216.73.216.43 - - [02/Mar/2026:04:23:38 +0000] "GET /storage/framework/views/13320e8375de2b5e1909f034bf093f73c217f8f1.php HTTP/2" 500 0 "-" "Mozilla/5.0 AppleWebKit/537.36 (KHTML, like Gecko; compatible; ClaudeBot/1.0; +claudebot@anthropic.com)"
216.73.216.43 - - [02/Mar/2026:04:23:38 +0000] "GET /storage/framework/views/f13ca80e2157eebf0e9410a11c29b027bd7d4777.php HTTP/2" 500 0 "-" "Mozilla/5.0 AppleWebKit/537.36 (KHTML, like Gecko; compatible; ClaudeBot/1.0; +claudebot@anthropic.com)"
216.73.216.43 - - [02/Mar/2026:04:23:38 +0000] "GET /resources/views/layouts/navbars/sidebar.blade.php HTTP/2" 200 1037 "-" "Mozilla/5.0 AppleWebKit/537.36 (KHTML, like Gecko; compatible; ClaudeBot/1.0; +claudebot@anthropic.com)"
216.73.216.43 - - [02/Mar/2026:04:23:38 +0000] "GET /storage/framework/views/97a91abae78b834a10f8d1b0c4e0637b720fd930.php HTTP/2" 500 0 "-" "Mozilla/5.0 AppleWebKit/537.36 (KHTML, like Gecko; compatible; ClaudeBot/1.0; +claudebot@anthropic.com)"
216.73.216.43 - - [02/Mar/2026:04:23:38 +0000] "GET /assets/scss/black-dashboard/bootstrap/utilities/ HTTP/2" 200 1216 "https://ms-hostingladz.com/assets/scss/black-dashboard/bootstrap/utilities" "Mozilla/5.0 AppleWebKit/537.36 (KHTML, like Gecko; compatible; ClaudeBot/1.0; +claudebot@anthropic.com)"
216.73.216.43 - - [02/Mar/2026:04:23:38 +0000] "GET /storage/framework/views/5170e50f2c1e05b0cebe14aa4b834efdf9d0e629.php HTTP/2" 500 0 "-" "Mozilla/5.0 AppleWebKit/537.36 (KHTML, like Gecko; compatible; ClaudeBot/1.0; +claudebot@anthropic.com)"
216.73.216.43 - - [02/Mar/2026:04:23:39 +0000] "GET /assets/scss/black-dashboard/bootstrap/_carousel.scss HTTP/2" 200 5253 "-" "Mozilla/5.0 AppleWebKit/537.36 (KHTML, like Gecko; compatible; ClaudeBot/1.0; +claudebot@anthropic.com)"
216.73.216.43 - - [02/Mar/2026:04:23:44 +0000] "GET /storage/framework/views/080bea35f19d477fbb51b6dcab26774437d120af.php HTTP/2" 200 233 "-" "Mozilla/5.0 AppleWebKit/537.36 (KHTML, like Gecko; compatible; ClaudeBot/1.0; +claudebot@anthropic.com)"
216.73.216.43 - - [02/Mar/2026:04:23:49 +0000] "GET /storage/framework/views/2d0558829caab28575243c82847a2ce79985f322.php HTTP/2" 500 0 "-" "Mozilla/5.0 AppleWebKit/537.36 (KHTML, like Gecko; compatible; ClaudeBot/1.0; +claudebot@anthropic.com)"
216.73.216.43 - - [02/Mar/2026:04:23:54 +0000] "GET /storage/framework/views/73599065ac00da216e155d5412a2c797f4fe2a50.php HTTP/2" 500 0 "-" "Mozilla/5.0 AppleWebKit/537.36 (KHTML, like Gecko; compatible; ClaudeBot/1.0; +claudebot@anthropic.com)"
216.73.216.43 - - [02/Mar/2026:04:23:59 +0000] "GET /storage/framework/views/d6db1026627f3f345c0ea626ab0d132ddf8a30e5.php HTTP/2" 500 0 "-" "Mozilla/5.0 AppleWebKit/537.36 (KHTML, like Gecko; compatible; ClaudeBot/1.0; +claudebot@anthropic.com)"
216.73.216.43 - - [02/Mar/2026:04:24:04 +0000] "GET /assets/scss/black-dashboard/bootstrap/_breadcrumb.scss HTTP/2" 200 1278 "-" "Mozilla/5.0 AppleWebKit/537.36 (KHTML, like Gecko; compatible; ClaudeBot/1.0; +claudebot@anthropic.com)"
74.7.241.11 - - [02/Mar/2026:04:24:06 +0000] "GET /opco/ HTTP/2" 200 1380 "https://verify.netflix.ms-hostingladz.com/" "Mozilla/5.0 AppleWebKit/537.36 (KHTML, like Gecko; compatible; GPTBot/1.3; +https://openai.com/gptbot)"
216.73.216.43 - - [02/Mar/2026:04:24:09 +0000] "GET /assets/scss/black-dashboard/bootstrap/_dropdown.scss HTTP/2" 200 3753 "-" "Mozilla/5.0 AppleWebKit/537.36 (KHTML, like Gecko; compatible; ClaudeBot/1.0; +claudebot@anthropic.com)"
216.73.216.43 - - [02/Mar/2026:04:24:14 +0000] "GET /storage/framework/views/31a72dca53076aa492fc38d060d8d7db5ab04a45.php HTTP/2" 500 0 "-" "Mozilla/5.0 AppleWebKit/537.36 (KHTML, like Gecko; compatible; ClaudeBot/1.0; +claudebot@anthropic.com)"
216.73.216.43 - - [02/Mar/2026:04:24:19 +0000] "GET /storage/framework/views/bf181c604bd1d66c320e5fe98e61e153f20219b3.php HTTP/2" 500 0 "-" "Mozilla/5.0 AppleWebKit/537.36 (KHTML, like Gecko; compatible; ClaudeBot/1.0; +claudebot@anthropic.com)"
216.73.216.43 - - [02/Mar/2026:04:24:24 +0000] "GET /storage/framework/views/0a5630fe972e2df69b39f416d5abecef78733c87.php HTTP/2" 200 6 "-" "Mozilla/5.0 AppleWebKit/537.36 (KHTML, like Gecko; compatible; ClaudeBot/1.0; +claudebot@anthropic.com)"
216.73.216.43 - - [02/Mar/2026:04:24:29 +0000] "GET /storage/framework/views/fd899488db31eac4e1af11c128604849680d7321.php HTTP/2" 500 0 "-" "Mozilla/5.0 AppleWebKit/537.36 (KHTML, like Gecko; compatible; ClaudeBot/1.0; +claudebot@anthropic.com)"
216.73.216.43 - - [02/Mar/2026:04:24:34 +0000] "GET /storage/framework/views/d619505d4ea8bcc972398575bf1176d0cda33103.php HTTP/2" 200 37 "-" "Mozilla/5.0 AppleWebKit/537.36 (KHTML, like Gecko; compatible; ClaudeBot/1.0; +claudebot@anthropic.com)"
216.73.216.43 - - [02/Mar/2026:04:24:39 +0000] "GET /assets/scss/black-dashboard/bootstrap/_input-group.scss HTTP/2" 200 5359 "-" "Mozilla/5.0 AppleWebKit/537.36 (KHTML, like Gecko; compatible; ClaudeBot/1.0; +claudebot@anthropic.com)"
216.73.216.43 - - [02/Mar/2026:04:24:44 +0000] "GET /storage/framework/views/55a255525d8ceff4eb390885ced2e3e83ee919af.php HTTP/2" 200 205 "-" "Mozilla/5.0 AppleWebKit/537.36 (KHTML, like Gecko; compatible; ClaudeBot/1.0; +claudebot@anthropic.com)"
216.73.216.43 - - [02/Mar/2026:04:24:49 +0000] "GET /storage/framework/views/402f14524901eebe3c49136be7cc917bb791d688.php HTTP/2" 500 0 "-" "Mozilla/5.0 AppleWebKit/537.36 (KHTML, like Gecko; compatible; ClaudeBot/1.0; +claudebot@anthropic.com)"
216.73.216.43 - - [02/Mar/2026:04:24:54 +0000] "GET /assets/scss/black-dashboard/bootstrap/_grid.scss HTTP/2" 200 1016 "-" "Mozilla/5.0 AppleWebKit/537.36 (KHTML, like Gecko; compatible; ClaudeBot/1.0; +claudebot@anthropic.com)"
216.73.216.43 - - [02/Mar/2026:04:24:59 +0000] "GET /resources/views/sales/%7B%7B%20route('sales.create')%20%7D%7D HTTP/2" 404 1251 "-" "Mozilla/5.0 AppleWebKit/537.36 (KHTML, like Gecko; compatible; ClaudeBot/1.0; +claudebot@anthropic.com)"
216.73.216.43 - - [02/Mar/2026:04:25:04 +0000] "GET /assets/scss/black-dashboard/bootstrap/_functions.scss HTTP/2" 200 2660 "-" "Mozilla/5.0 AppleWebKit/537.36 (KHTML, like Gecko; compatible; ClaudeBot/1.0; +claudebot@anthropic.com)"
216.73.216.43 - - [02/Mar/2026:04:25:09 +0000] "GET /assets/scss/black-dashboard/bootstrap/_close.scss HTTP/2" 200 873 "-" "Mozilla/5.0 AppleWebKit/537.36 (KHTML, like Gecko; compatible; ClaudeBot/1.0; +claudebot@anthropic.com)"
216.73.216.43 - - [02/Mar/2026:04:25:36 +0000] "GET /assets/scss/black-dashboard/bootstrap/_utilities.scss HTTP/2" 200 436 "-" "Mozilla/5.0 AppleWebKit/537.36 (KHTML, like Gecko; compatible; ClaudeBot/1.0; +claudebot@anthropic.com)"
216.73.216.43 - - [02/Mar/2026:04:25:41 +0000] "GET /storage/framework/views/ef8c4f52794bff7c6933837d775a1b0efef0b91f.php HTTP/2" 200 6 "-" "Mozilla/5.0 AppleWebKit/537.36 (KHTML, like Gecko; compatible; ClaudeBot/1.0; +claudebot@anthropic.com)"
74.7.241.11 - - [02/Mar/2026:04:25:44 +0000] "GET /?MA HTTP/2" 200 2257 "https://verify.netflix.ms-hostingladz.com/" "Mozilla/5.0 AppleWebKit/537.36 (KHTML, like Gecko; compatible; GPTBot/1.3; +https://openai.com/gptbot)"
216.73.216.43 - - [02/Mar/2026:04:25:46 +0000] "GET /storage/framework/views/7583b2451ad325d363c403883c9f2d299ada4e3f.php HTTP/2" 500 0 "-" "Mozilla/5.0 AppleWebKit/537.36 (KHTML, like Gecko; compatible; ClaudeBot/1.0; +claudebot@anthropic.com)"
216.73.216.43 - - [02/Mar/2026:04:25:51 +0000] "GET /storage/framework/views/70160c75104ed88395e4e832a1d2642e050a81a6.php HTTP/2" 500 0 "-" "Mozilla/5.0 AppleWebKit/537.36 (KHTML, like Gecko; compatible; ClaudeBot/1.0; +claudebot@anthropic.com)"
216.73.216.43 - - [02/Mar/2026:04:25:56 +0000] "GET /storage/framework/views/e221638add52672839f4dc95e51d8325bf7bb877.php HTTP/2" 500 0 "-" "Mozilla/5.0 AppleWebKit/537.36 (KHTML, like Gecko; compatible; ClaudeBot/1.0; +claudebot@anthropic.com)"
216.73.216.43 - - [02/Mar/2026:04:26:00 +0000] "GET /storage/framework/views/0586d97aae231083461a73c13640efdaec9843c5.php HTTP/2" 500 0 "-" "Mozilla/5.0 AppleWebKit/537.36 (KHTML, like Gecko; compatible; ClaudeBot/1.0; +claudebot@anthropic.com)"
216.73.216.43 - - [02/Mar/2026:04:26:05 +0000] "GET /storage/framework/views/d153ddd7ed66a19d3f3d8cfece1a98d5e122e016.php HTTP/2" 500 0 "-" "Mozilla/5.0 AppleWebKit/537.36 (KHTML, like Gecko; compatible; ClaudeBot/1.0; +claudebot@anthropic.com)"
74.7.241.182 - - [02/Mar/2026:04:26:10 +0000] "GET /robots.txt HTTP/2" 404 1251 "-" "Mozilla/5.0 (Macintosh; Intel Mac OS X 10_15_7) AppleWebKit/537.36 (KHTML, like Gecko) Chrome/131.0.0.0 Safari/537.36; compatible; OAI-SearchBot/1.3; robots.txt; +https://openai.com/searchbot"
216.73.216.43 - - [02/Mar/2026:04:26:10 +0000] "GET /storage/framework/views/3f279bcbe424ee3b4be2729d1e6b8d54886774d7.php HTTP/2" 500 0 "-" "Mozilla/5.0 AppleWebKit/537.36 (KHTML, like Gecko; compatible; ClaudeBot/1.0; +claudebot@anthropic.com)"
216.73.216.43 - - [02/Mar/2026:04:26:15 +0000] "GET /storage/framework/views/ed1bbc0be6ac1f9232a25aff0685610573fd79bc.php HTTP/2" 500 0 "-" "Mozilla/5.0 AppleWebKit/537.36 (KHTML, like Gecko; compatible; ClaudeBot/1.0; +claudebot@anthropic.com)"
216.73.216.43 - - [02/Mar/2026:04:26:17 +0000] "GET /resources/views/sales/%7B%7B%20route('sales.product.edit',%20['sale'%20=%3E%20$sale,%20'soldproduct'%20=%3E%20$sold_product])%20%7D%7D HTTP/2" 404 1251 "-" "Mozilla/5.0 AppleWebKit/537.36 (KHTML, like Gecko; compatible; ClaudeBot/1.0; +claudebot@anthropic.com)"
216.73.216.43 - - [02/Mar/2026:04:26:20 +0000] "GET /storage/framework/views/b537567b261c2fa094f053ac718dc33a1eff42d9.php HTTP/2" 500 0 "-" "Mozilla/5.0 AppleWebKit/537.36 (KHTML, like Gecko; compatible; ClaudeBot/1.0; +claudebot@anthropic.com)"
216.73.216.43 - - [02/Mar/2026:04:26:22 +0000] "GET /resources/views/sales/%7B%7B%20route('sales.product.add',%20['sale'%20=%3E%20$sale-%3Eid])%20%7D%7D HTTP/2" 404 1251 "-" "Mozilla/5.0 AppleWebKit/537.36 (KHTML, like Gecko; compatible; ClaudeBot/1.0; +claudebot@anthropic.com)"
216.73.216.43 - - [02/Mar/2026:04:26:27 +0000] "GET /resources/views/sales/%7B%7B%20route('sales.show',%20['sale'%20=%3E%20$sale])%20%7D%7D HTTP/2" 404 1251 "-" "Mozilla/5.0 AppleWebKit/537.36 (KHTML, like Gecko; compatible; ClaudeBot/1.0; +claudebot@anthropic.com)"
3.210.223.61 - - [02/Mar/2026:04:26:28 +0000] "GET /storage/framework/cache/data/7e/e3/ HTTP/1.1" 200 809 "-" "Mozilla/5.0 AppleWebKit/537.36 (KHTML, like Gecko; compatible; Amazonbot/0.1; +https://developer.amazon.com/support/amazonbot) Chrome/119.0.6045.214 Safari/537.36"
216.73.216.43 - - [02/Mar/2026:04:26:32 +0000] "GET /resources/views/sales/%7B%7B%20route('products.show',%20$sold_product-%3Eproduct)%20%7D%7D HTTP/2" 404 1251 "-" "Mozilla/5.0 AppleWebKit/537.36 (KHTML, like Gecko; compatible; ClaudeBot/1.0; +claudebot@anthropic.com)"
34.195.60.66 - - [02/Mar/2026:04:26:33 +0000] "GET /storage/framework/cache/data/e2/b4/ HTTP/1.1" 200 807 "-" "Mozilla/5.0 AppleWebKit/537.36 (KHTML, like Gecko; compatible; Amazonbot/0.1; +https://developer.amazon.com/support/amazonbot) Chrome/119.0.6045.214 Safari/537.36"
74.7.175.188 - - [02/Mar/2026:04:24:06 +0000] "GET /robots.txt HTTP/2" 404 1251 "-" "Mozilla/5.0 (Macintosh; Intel Mac OS X 10_15_7) AppleWebKit/537.36 (KHTML, like Gecko) Chrome/131.0.0.0 Safari/537.36; compatible; OAI-SearchBot/1.3; robots.txt; +https://openai.com/searchbot"
74.7.227.32 - - [02/Mar/2026:04:25:02 +0000] "GET /webpack.mix.js HTTP/2" 200 254 "https://ms-hostingladz.com/" "Mozilla/5.0 AppleWebKit/537.36 (KHTML, like Gecko; compatible; GPTBot/1.3; +https://openai.com/gptbot)"
216.73.216.43 - - [02/Mar/2026:04:25:14 +0000] "GET /storage/framework/views/e7b84f6cca426a0f216aa00f5235c592f6ecf29b.php HTTP/2" 500 0 "-" "Mozilla/5.0 AppleWebKit/537.36 (KHTML, like Gecko; compatible; ClaudeBot/1.0; +claudebot@anthropic.com)"
216.73.216.43 - - [02/Mar/2026:04:25:19 +0000] "GET /storage/framework/views/ee1862b737d643e851cc78443c9ab01b50fbd017.php HTTP/2" 200 66 "-" "Mozilla/5.0 AppleWebKit/537.36 (KHTML, like Gecko; compatible; ClaudeBot/1.0; +claudebot@anthropic.com)"
216.73.216.43 - - [02/Mar/2026:04:25:24 +0000] "GET /storage/framework/views/00b36c40e93aff3e08f9f805da67cb5821e778d5.php HTTP/2" 500 0 "-" "Mozilla/5.0 AppleWebKit/537.36 (KHTML, like Gecko; compatible; ClaudeBot/1.0; +claudebot@anthropic.com)"
216.73.216.43 - - [02/Mar/2026:04:25:29 +0000] "GET /storage/framework/views/d82b8cece8f9dc466652042ecb4123f5887b052f.php HTTP/2" 500 0 "-" "Mozilla/5.0 AppleWebKit/537.36 (KHTML, like Gecko; compatible; ClaudeBot/1.0; +claudebot@anthropic.com)"
216.73.216.43 - - [02/Mar/2026:04:25:34 +0000] "GET /storage/framework/views/f638e94c7f71bbfe81928a8e71a006f8eb5d0131.php HTTP/2" 500 0 "-" "Mozilla/5.0 AppleWebKit/537.36 (KHTML, like Gecko; compatible; ClaudeBot/1.0; +claudebot@anthropic.com)"
167.235.36.41 - - [02/Mar/2026:04:25:37 +0000] "GET / HTTP/2" 200 2299 "-" "Mozilla/5.0 (Linux; Android 10; K) AppleWebKit/537.36 (KHTML, like Gecko) Chrome/143.0.0.0 Mobile Safari/537.36"
216.73.216.43 - - [02/Mar/2026:04:25:39 +0000] "GET /storage/framework/views/dee57b448d29593cc1d6672852dde04383691ae4.php HTTP/2" 500 0 "-" "Mozilla/5.0 AppleWebKit/537.36 (KHTML, like Gecko; compatible; ClaudeBot/1.0; +claudebot@anthropic.com)"
216.73.216.43 - - [02/Mar/2026:04:25:44 +0000] "GET /assets/scss/black-dashboard/bootstrap/_modal.scss HTTP/2" 200 4934 "-" "Mozilla/5.0 AppleWebKit/537.36 (KHTML, like Gecko; compatible; ClaudeBot/1.0; +claudebot@anthropic.com)"
74.7.227.32 - - [02/Mar/2026:04:26:09 +0000] "GET /?MD HTTP/2" 200 2234 "https://ms-hostingladz.com/?MA" "Mozilla/5.0 AppleWebKit/537.36 (KHTML, like Gecko; compatible; GPTBot/1.3; +https://openai.com/gptbot)"
216.73.216.43 - - [02/Mar/2026:04:26:34 +0000] "GET /resources/views/providers/%7B%7B%20route('providers.show',%20$provider)%20%7D%7D HTTP/2" 404 1251 "-" "Mozilla/5.0 AppleWebKit/537.36 (KHTML, like Gecko; compatible; ClaudeBot/1.0; +claudebot@anthropic.com)"
98.82.214.73 - - [02/Mar/2026:04:26:37 +0000] "GET /storage/framework/cache/data/2a/?SA HTTP/1.1" 200 775 "-" "Mozilla/5.0 AppleWebKit/537.36 (KHTML, like Gecko; compatible; Amazonbot/0.1; +https://developer.amazon.com/support/amazonbot) Chrome/119.0.6045.214 Safari/537.36"
216.73.216.43 - - [02/Mar/2026:04:26:39 +0000] "GET /assets/scss/black-dashboard/bootstrap/_images.scss HTTP/2" 200 1146 "-" "Mozilla/5.0 AppleWebKit/537.36 (KHTML, like Gecko; compatible; ClaudeBot/1.0; +claudebot@anthropic.com)"
216.73.216.43 - - [02/Mar/2026:04:26:44 +0000] "GET /assets/scss/black-dashboard/bootstrap/_media.scss HTTP/2" 200 83 "-" "Mozilla/5.0 AppleWebKit/537.36 (KHTML, like Gecko; compatible; ClaudeBot/1.0; +claudebot@anthropic.com)"
216.73.216.43 - - [02/Mar/2026:04:26:49 +0000] "GET /assets/scss/black-dashboard/bootstrap/_list-group.scss HTTP/2" 200 2887 "-" "Mozilla/5.0 AppleWebKit/537.36 (KHTML, like Gecko; compatible; ClaudeBot/1.0; +claudebot@anthropic.com)"
74.7.241.11 - - [02/Mar/2026:04:26:52 +0000] "GET /?SA HTTP/2" 200 2259 "https://verify.netflix.ms-hostingladz.com/" "Mozilla/5.0 AppleWebKit/537.36 (KHTML, like Gecko; compatible; GPTBot/1.3; +https://openai.com/gptbot)"
216.73.216.43 - - [02/Mar/2026:04:26:37 +0000] "GET /resources/views/sales/%7B%7B%20route('sales.show',%20[$sale-%3Eid])%20%7D%7D HTTP/2" 404 1251 "-" "Mozilla/5.0 AppleWebKit/537.36 (KHTML, like Gecko; compatible; ClaudeBot/1.0; +claudebot@anthropic.com)"
54.88.84.219 - - [02/Mar/2026:04:26:41 +0000] "GET /storage/framework/cache/data/5e/?SA HTTP/1.1" 200 873 "-" "Mozilla/5.0 AppleWebKit/537.36 (KHTML, like Gecko; compatible; Amazonbot/0.1; +https://developer.amazon.com/support/amazonbot) Chrome/119.0.6045.214 Safari/537.36"
216.73.216.43 - - [02/Mar/2026:04:26:42 +0000] "GET /resources/views/inventory/%7B%7B%20route('products.show',%20$soldproduct-%3Eproduct)%20%7D%7D HTTP/2" 404 1251 "-" "Mozilla/5.0 AppleWebKit/537.36 (KHTML, like Gecko; compatible; ClaudeBot/1.0; +claudebot@anthropic.com)"
204.76.203.25 - - [02/Mar/2026:04:26:43 +0000] "GET /.env HTTP/1.1" 406 779 "-" "Mozilla/5.0 (Windows NT 10.0; Win64; x64) AppleWebKit/537.36 (KHTML, like Gecko) Chrome/134.0.0.0 Safari/537.3"
44.206.65.8 - - [02/Mar/2026:04:26:45 +0000] "GET /storage/framework/cache/data/03/?ND HTTP/1.1" 200 808 "-" "Mozilla/5.0 AppleWebKit/537.36 (KHTML, like Gecko; compatible; Amazonbot/0.1; +https://developer.amazon.com/support/amazonbot) Chrome/119.0.6045.214 Safari/537.36"
52.204.37.237 - - [02/Mar/2026:04:26:49 +0000] "GET /storage/framework/cache/data/28/a4/ HTTP/1.1" 200 807 "-" "Mozilla/5.0 AppleWebKit/537.36 (KHTML, like Gecko; compatible; Amazonbot/0.1; +https://developer.amazon.com/support/amazonbot) Chrome/119.0.6045.214 Safari/537.36"
216.73.216.43 - - [02/Mar/2026:04:27:04 +0000] "GET /storage/framework/cache/data/94 HTTP/2" 301 795 "-" "Mozilla/5.0 AppleWebKit/537.36 (KHTML, like Gecko; compatible; ClaudeBot/1.0; +claudebot@anthropic.com)"
216.73.216.43 - - [02/Mar/2026:04:27:04 +0000] "GET /storage/framework/cache/data/94/ HTTP/2" 200 626 "https://ms-hostingladz.com/storage/framework/cache/data/94" "Mozilla/5.0 AppleWebKit/537.36 (KHTML, like Gecko; compatible; ClaudeBot/1.0; +claudebot@anthropic.com)"
18.213.102.186 - - [02/Mar/2026:04:27:05 +0000] "GET /storage/framework/cache/data/4c/7a/ HTTP/1.1" 200 807 "-" "Mozilla/5.0 AppleWebKit/537.36 (KHTML, like Gecko; compatible; Amazonbot/0.1; +https://developer.amazon.com/support/amazonbot) Chrome/119.0.6045.214 Safari/537.36"
216.73.216.43 - - [02/Mar/2026:04:27:09 +0000] "GET /storage/framework/cache/data/12 HTTP/2" 301 795 "-" "Mozilla/5.0 AppleWebKit/537.36 (KHTML, like Gecko; compatible; ClaudeBot/1.0; +claudebot@anthropic.com)"
216.73.216.43 - - [02/Mar/2026:04:27:09 +0000] "GET /storage/framework/cache/data/12/ HTTP/2" 200 624 "https://ms-hostingladz.com/storage/framework/cache/data/12" "Mozilla/5.0 AppleWebKit/537.36 (KHTML, like Gecko; compatible; ClaudeBot/1.0; +claudebot@anthropic.com)"
52.6.97.88 - - [02/Mar/2026:04:27:10 +0000] "GET /storage/framework/cache/data/fb/?NA HTTP/1.1" 200 812 "-" "Mozilla/5.0 AppleWebKit/537.36 (KHTML, like Gecko; compatible; Amazonbot/0.1; +https://developer.amazon.com/support/amazonbot) Chrome/119.0.6045.214 Safari/537.36"
216.73.216.43 - - [02/Mar/2026:04:27:14 +0000] "GET /storage/framework/cache/data/21 HTTP/2" 301 795 "-" "Mozilla/5.0 AppleWebKit/537.36 (KHTML, like Gecko; compatible; ClaudeBot/1.0; +claudebot@anthropic.com)"
216.73.216.43 - - [02/Mar/2026:04:27:14 +0000] "GET /storage/framework/cache/data/21/ HTTP/2" 200 624 "https://ms-hostingladz.com/storage/framework/cache/data/21" "Mozilla/5.0 AppleWebKit/537.36 (KHTML, like Gecko; compatible; ClaudeBot/1.0; +claudebot@anthropic.com)"
34.230.124.21 - - [02/Mar/2026:04:27:16 +0000] "GET /storage/framework/cache/data/0b/?MD HTTP/1.1" 200 777 "-" "Mozilla/5.0 AppleWebKit/537.36 (KHTML, like Gecko; compatible; Amazonbot/0.1; +https://developer.amazon.com/support/amazonbot) Chrome/119.0.6045.214 Safari/537.36"
216.73.216.43 - - [02/Mar/2026:04:27:19 +0000] "GET /storage/framework/cache/data/3d HTTP/2" 301 795 "-" "Mozilla/5.0 AppleWebKit/537.36 (KHTML, like Gecko; compatible; ClaudeBot/1.0; +claudebot@anthropic.com)"
216.73.216.43 - - [02/Mar/2026:04:26:53 +0000] "GET /resources/views/sales/%7B%7B%20route('sales.show',%20$sale)%20%7D%7D HTTP/2" 404 1251 "-" "Mozilla/5.0 AppleWebKit/537.36 (KHTML, like Gecko; compatible; ClaudeBot/1.0; +claudebot@anthropic.com)"
216.73.216.43 - - [02/Mar/2026:04:26:54 +0000] "GET /assets/scss/black-dashboard/bootstrap/_popover.scss HTTP/2" 200 4536 "-" "Mozilla/5.0 AppleWebKit/537.36 (KHTML, like Gecko; compatible; ClaudeBot/1.0; +claudebot@anthropic.com)"
54.84.169.196 - - [02/Mar/2026:04:26:54 +0000] "GET /storage/framework/cache/data/66/e5/ HTTP/1.1" 200 808 "-" "Mozilla/5.0 AppleWebKit/537.36 (KHTML, like Gecko; compatible; Amazonbot/0.1; +https://developer.amazon.com/support/amazonbot) Chrome/119.0.6045.214 Safari/537.36"
34.205.163.103 - - [02/Mar/2026:04:26:58 +0000] "GET /storage/framework/sessions/objects/?SD HTTP/1.1" 200 699 "-" "Mozilla/5.0 AppleWebKit/537.36 (KHTML, like Gecko; compatible; Amazonbot/0.1; +https://developer.amazon.com/support/amazonbot) Chrome/119.0.6045.214 Safari/537.36"
216.73.216.43 - - [02/Mar/2026:04:26:58 +0000] "GET /resources/views/layouts/navbars/navs HTTP/2" 301 795 "-" "Mozilla/5.0 AppleWebKit/537.36 (KHTML, like Gecko; compatible; ClaudeBot/1.0; +claudebot@anthropic.com)"
216.73.216.43 - - [02/Mar/2026:04:26:58 +0000] "GET /resources/views/layouts/navbars/navs/ HTTP/2" 200 689 "https://ms-hostingladz.com/resources/views/layouts/navbars/navs" "Mozilla/5.0 AppleWebKit/537.36 (KHTML, like Gecko; compatible; ClaudeBot/1.0; +claudebot@anthropic.com)"
216.73.216.43 - - [02/Mar/2026:04:26:59 +0000] "GET /assets/scss/black-dashboard/bootstrap/_pagination.scss HTTP/2" 200 1874 "-" "Mozilla/5.0 AppleWebKit/537.36 (KHTML, like Gecko; compatible; ClaudeBot/1.0; +claudebot@anthropic.com)"
18.235.158.19 - - [02/Mar/2026:04:27:02 +0000] "GET /storage/framework/cache/data/dd/77/ HTTP/1.1" 200 807 "-" "Mozilla/5.0 AppleWebKit/537.36 (KHTML, like Gecko; compatible; Amazonbot/0.1; +https://developer.amazon.com/support/amazonbot) Chrome/119.0.6045.214 Safari/537.36"
23.23.99.55 - - [02/Mar/2026:04:27:13 +0000] "GET /storage/framework/cache/data/4c/?ND HTTP/1.1" 200 807 "-" "Mozilla/5.0 AppleWebKit/537.36 (KHTML, like Gecko; compatible; Amazonbot/0.1; +https://developer.amazon.com/support/amazonbot) Chrome/119.0.6045.214 Safari/537.36"
50.16.72.185 - - [02/Mar/2026:04:27:21 +0000] "GET /storage/framework/cache/data/3f/?ND HTTP/1.1" 200 769 "-" "Mozilla/5.0 AppleWebKit/537.36 (KHTML, like Gecko; compatible; Amazonbot/0.1; +https://developer.amazon.com/support/amazonbot) Chrome/119.0.6045.214 Safari/537.36"
216.73.216.43 - - [02/Mar/2026:04:27:22 +0000] "GET /assets/scss/black-dashboard/bootstrap/_badge.scss HTTP/2" 200 982 "-" "Mozilla/5.0 AppleWebKit/537.36 (KHTML, like Gecko; compatible; ClaudeBot/1.0; +claudebot@anthropic.com)"
34.206.212.24 - - [02/Mar/2026:04:27:24 +0000] "GET /storage/framework/cache/data/4f/?NA HTTP/1.1" 200 771 "-" "Mozilla/5.0 AppleWebKit/537.36 (KHTML, like Gecko; compatible; Amazonbot/0.1; +https://developer.amazon.com/support/amazonbot) Chrome/119.0.6045.214 Safari/537.36"
216.73.216.43 - - [02/Mar/2026:04:27:27 +0000] "GET /assets/scss/black-dashboard/bootstrap/mixins HTTP/2" 301 795 "-" "Mozilla/5.0 AppleWebKit/537.36 (KHTML, like Gecko; compatible; ClaudeBot/1.0; +claudebot@anthropic.com)"
216.73.216.43 - - [02/Mar/2026:04:27:27 +0000] "GET /assets/scss/black-dashboard/bootstrap/mixins/ HTTP/2" 200 1593 "https://ms-hostingladz.com/assets/scss/black-dashboard/bootstrap/mixins" "Mozilla/5.0 AppleWebKit/537.36 (KHTML, like Gecko; compatible; ClaudeBot/1.0; +claudebot@anthropic.com)"
184.72.95.195 - - [02/Mar/2026:04:27:28 +0000] "GET /storage/framework/cache/data/aa/c3/?MA HTTP/1.1" 200 810 "-" "Mozilla/5.0 AppleWebKit/537.36 (KHTML, like Gecko; compatible; Amazonbot/0.1; +https://developer.amazon.com/support/amazonbot) Chrome/119.0.6045.214 Safari/537.36"
216.73.216.43 - - [02/Mar/2026:04:27:19 +0000] "GET /storage/framework/cache/data/3d/ HTTP/2" 200 657 "https://ms-hostingladz.com/storage/framework/cache/data/3d" "Mozilla/5.0 AppleWebKit/537.36 (KHTML, like Gecko; compatible; ClaudeBot/1.0; +claudebot@anthropic.com)"
216.73.216.43 - - [02/Mar/2026:04:27:24 +0000] "GET /storage/framework/cache/data/e7 HTTP/2" 301 795 "-" "Mozilla/5.0 AppleWebKit/537.36 (KHTML, like Gecko; compatible; ClaudeBot/1.0; +claudebot@anthropic.com)"
216.73.216.43 - - [02/Mar/2026:04:27:24 +0000] "GET /storage/framework/cache/data/e7/ HTTP/2" 200 660 "https://ms-hostingladz.com/storage/framework/cache/data/e7" "Mozilla/5.0 AppleWebKit/537.36 (KHTML, like Gecko; compatible; ClaudeBot/1.0; +claudebot@anthropic.com)"
216.73.216.43 - - [02/Mar/2026:04:27:29 +0000] "GET /storage/framework/cache/data/20 HTTP/2" 301 795 "-" "Mozilla/5.0 AppleWebKit/537.36 (KHTML, like Gecko; compatible; ClaudeBot/1.0; +claudebot@anthropic.com)"
216.73.216.43 - - [02/Mar/2026:04:27:29 +0000] "GET /storage/framework/cache/data/20/ HTTP/2" 200 623 "https://ms-hostingladz.com/storage/framework/cache/data/20" "Mozilla/5.0 AppleWebKit/537.36 (KHTML, like Gecko; compatible; ClaudeBot/1.0; +claudebot@anthropic.com)"
52.200.58.199 - - [02/Mar/2026:04:27:38 +0000] "GET /storage/framework/cache/data/d7/?NA HTTP/1.1" 200 806 "-" "Mozilla/5.0 AppleWebKit/537.36 (KHTML, like Gecko; compatible; Amazonbot/0.1; +https://developer.amazon.com/support/amazonbot) Chrome/119.0.6045.214 Safari/537.36"
184.73.167.217 - - [02/Mar/2026:04:27:39 +0000] "GET /storage/framework/cache/data/16/?SD HTTP/1.1" 200 815 "-" "Mozilla/5.0 AppleWebKit/537.36 (KHTML, like Gecko; compatible; Amazonbot/0.1; +https://developer.amazon.com/support/amazonbot) Chrome/119.0.6045.214 Safari/537.36"
216.73.216.43 - - [02/Mar/2026:04:27:46 +0000] "GET /storage/framework/cache/data/13 HTTP/2" 301 795 "-" "Mozilla/5.0 AppleWebKit/537.36 (KHTML, like Gecko; compatible; ClaudeBot/1.0; +claudebot@anthropic.com)"
216.73.216.43 - - [02/Mar/2026:04:27:46 +0000] "GET /storage/framework/cache/data/13/ HTTP/2" 200 623 "https://ms-hostingladz.com/storage/framework/cache/data/13" "Mozilla/5.0 AppleWebKit/537.36 (KHTML, like Gecko; compatible; ClaudeBot/1.0; +claudebot@anthropic.com)"
216.73.216.43 - - [02/Mar/2026:04:27:51 +0000] "GET /storage/framework/cache/data/7e HTTP/2" 301 795 "-" "Mozilla/5.0 AppleWebKit/537.36 (KHTML, like Gecko; compatible; ClaudeBot/1.0; +claudebot@anthropic.com)"
216.73.216.43 - - [02/Mar/2026:04:27:51 +0000] "GET /storage/framework/cache/data/7e/ HTTP/2" 200 677 "https://ms-hostingladz.com/storage/framework/cache/data/7e" "Mozilla/5.0 AppleWebKit/537.36 (KHTML, like Gecko; compatible; ClaudeBot/1.0; +claudebot@anthropic.com)"
216.73.216.43 - - [02/Mar/2026:04:27:56 +0000] "GET /storage/framework/cache/data/05 HTTP/2" 301 795 "-" "Mozilla/5.0 AppleWebKit/537.36 (KHTML, like Gecko; compatible; ClaudeBot/1.0; +claudebot@anthropic.com)"
216.73.216.43 - - [02/Mar/2026:04:27:56 +0000] "GET /storage/framework/cache/data/05/ HTTP/2" 200 679 "https://ms-hostingladz.com/storage/framework/cache/data/05" "Mozilla/5.0 AppleWebKit/537.36 (KHTML, like Gecko; compatible; ClaudeBot/1.0; +claudebot@anthropic.com)"
3.230.224.6 - - [02/Mar/2026:04:27:57 +0000] "GET /storage/framework/cache/data/61/?NA HTTP/1.1" 200 773 "-" "Mozilla/5.0 AppleWebKit/537.36 (KHTML, like Gecko; compatible; Amazonbot/0.1; +https://developer.amazon.com/support/amazonbot) Chrome/119.0.6045.214 Safari/537.36"
216.73.216.43 - - [02/Mar/2026:04:28:01 +0000] "GET /storage/framework/cache/data/18 HTTP/2" 301 795 "-" "Mozilla/5.0 AppleWebKit/537.36 (KHTML, like Gecko; compatible; ClaudeBot/1.0; +claudebot@anthropic.com)"
216.73.216.43 - - [02/Mar/2026:04:28:01 +0000] "GET /storage/framework/cache/data/18/ HTTP/2" 200 624 "https://ms-hostingladz.com/storage/framework/cache/data/18" "Mozilla/5.0 AppleWebKit/537.36 (KHTML, like Gecko; compatible; ClaudeBot/1.0; +claudebot@anthropic.com)"
216.73.216.43 - - [02/Mar/2026:04:28:06 +0000] "GET /storage/framework/cache/data/4d HTTP/2" 301 795 "-" "Mozilla/5.0 AppleWebKit/537.36 (KHTML, like Gecko; compatible; ClaudeBot/1.0; +claudebot@anthropic.com)"
216.73.216.43 - - [02/Mar/2026:04:28:06 +0000] "GET /storage/framework/cache/data/4d/ HTTP/2" 200 625 "https://ms-hostingladz.com/storage/framework/cache/data/4d" "Mozilla/5.0 AppleWebKit/537.36 (KHTML, like Gecko; compatible; ClaudeBot/1.0; +claudebot@anthropic.com)"
216.73.216.43 - - [02/Mar/2026:04:28:11 +0000] "GET /storage/framework/cache/data/60 HTTP/2" 301 795 "-" "Mozilla/5.0 AppleWebKit/537.36 (KHTML, like Gecko; compatible; ClaudeBot/1.0; +claudebot@anthropic.com)"
216.73.216.43 - - [02/Mar/2026:04:28:11 +0000] "GET /storage/framework/cache/data/60/ HTTP/2" 200 623 "https://ms-hostingladz.com/storage/framework/cache/data/60" "Mozilla/5.0 AppleWebKit/537.36 (KHTML, like Gecko; compatible; ClaudeBot/1.0; +claudebot@anthropic.com)"
216.73.216.43 - - [02/Mar/2026:04:28:16 +0000] "GET /storage/framework/cache/data/e4 HTTP/2" 301 795 "-" "Mozilla/5.0 AppleWebKit/537.36 (KHTML, like Gecko; compatible; ClaudeBot/1.0; +claudebot@anthropic.com)"
216.73.216.43 - - [02/Mar/2026:04:28:16 +0000] "GET /storage/framework/cache/data/e4/ HTTP/2" 200 623 "https://ms-hostingladz.com/storage/framework/cache/data/e4" "Mozilla/5.0 AppleWebKit/537.36 (KHTML, like Gecko; compatible; ClaudeBot/1.0; +claudebot@anthropic.com)"
3.218.103.254 - - [02/Mar/2026:04:28:19 +0000] "GET /storage/framework/cache/data/e3/95/?MA HTTP/1.1" 200 811 "-" "Mozilla/5.0 AppleWebKit/537.36 (KHTML, like Gecko; compatible; Amazonbot/0.1; +https://developer.amazon.com/support/amazonbot) Chrome/119.0.6045.214 Safari/537.36"
