44.212.131.50 - - [02/Mar/2026:00:09:24 +0000] "GET /storage/framework/cache/data/e9/0c/ HTTP/1.1" 200 807 "-" "Mozilla/5.0 AppleWebKit/537.36 (KHTML, like Gecko; compatible; Amazonbot/0.1; +https://developer.amazon.com/support/amazonbot) Chrome/119.0.6045.214 Safari/537.36"
52.205.113.104 - - [02/Mar/2026:00:09:32 +0000] "GET /storage/framework/cache/data/bb/?MA HTTP/1.1" 200 811 "-" "Mozilla/5.0 AppleWebKit/537.36 (KHTML, like Gecko; compatible; Amazonbot/0.1; +https://developer.amazon.com/support/amazonbot) Chrome/119.0.6045.214 Safari/537.36"
50.19.221.48 - - [02/Mar/2026:00:09:36 +0000] "GET /storage/framework/cache/data/75/a7/ HTTP/1.1" 200 806 "-" "Mozilla/5.0 AppleWebKit/537.36 (KHTML, like Gecko; compatible; Amazonbot/0.1; +https://developer.amazon.com/support/amazonbot) Chrome/119.0.6045.214 Safari/537.36"
52.203.152.231 - - [02/Mar/2026:00:09:40 +0000] "GET /storage/framework/cache/data/4f/?SA HTTP/1.1" 200 773 "-" "Mozilla/5.0 AppleWebKit/537.36 (KHTML, like Gecko; compatible; Amazonbot/0.1; +https://developer.amazon.com/support/amazonbot) Chrome/119.0.6045.214 Safari/537.36"
100.29.164.178 - - [02/Mar/2026:00:09:44 +0000] "GET /storage/framework/cache/data/f7/?MA HTTP/1.1" 200 775 "-" "Mozilla/5.0 AppleWebKit/537.36 (KHTML, like Gecko; compatible; Amazonbot/0.1; +https://developer.amazon.com/support/amazonbot) Chrome/119.0.6045.214 Safari/537.36"
34.236.135.14 - - [02/Mar/2026:00:09:48 +0000] "GET /storage/framework/cache/data/f7/?ND HTTP/1.1" 200 769 "-" "Mozilla/5.0 AppleWebKit/537.36 (KHTML, like Gecko; compatible; Amazonbot/0.1; +https://developer.amazon.com/support/amazonbot) Chrome/119.0.6045.214 Safari/537.36"
54.147.182.90 - - [02/Mar/2026:00:09:52 +0000] "GET /storage/framework/cache/data/23/?SA HTTP/1.1" 200 772 "-" "Mozilla/5.0 AppleWebKit/537.36 (KHTML, like Gecko; compatible; Amazonbot/0.1; +https://developer.amazon.com/support/amazonbot) Chrome/119.0.6045.214 Safari/537.36"
35.169.240.53 - - [02/Mar/2026:00:10:04 +0000] "GET /storage/framework/cache/data/d7/51/ HTTP/1.1" 200 808 "-" "Mozilla/5.0 AppleWebKit/537.36 (KHTML, like Gecko; compatible; Amazonbot/0.1; +https://developer.amazon.com/support/amazonbot) Chrome/119.0.6045.214 Safari/537.36"
54.210.155.69 - - [02/Mar/2026:00:10:08 +0000] "GET /app/Exceptions/objects/fa/?SD HTTP/1.1" 200 692 "-" "Mozilla/5.0 AppleWebKit/537.36 (KHTML, like Gecko; compatible; Amazonbot/0.1; +https://developer.amazon.com/support/amazonbot) Chrome/119.0.6045.214 Safari/537.36"
18.214.186.220 - - [02/Mar/2026:00:10:24 +0000] "GET /assets/js/plugins/black-dashboard/?path=/home2/mshostin/crm.ms-hostingladz.com/lang HTTP/1.1" 200 1390 "-" "Mozilla/5.0 AppleWebKit/537.36 (KHTML, like Gecko; compatible; Amazonbot/0.1; +https://developer.amazon.com/support/amazonbot) Chrome/119.0.6045.214 Safari/537.36"
54.197.82.195 - - [02/Mar/2026:00:10:28 +0000] "GET /assets/js/plugins/black-dashboard/?path=/home2/mshostin/public_html/vam&view_file=/home2/mshostin/public_html/vam/index9.html HTTP/1.1" 200 6497 "-" "Mozilla/5.0 AppleWebKit/537.36 (KHTML, like Gecko; compatible; Amazonbot/0.1; +https://developer.amazon.com/support/amazonbot) Chrome/119.0.6045.214 Safari/537.36"
18.204.89.56 - - [02/Mar/2026:00:10:32 +0000] "GET /assets/js/plugins/black-dashboard/?path=/home2/mshostin/logs&view_file=/home2/mshostin/logs/mrbr.ms-hostingladz.com-ssl_log-Feb-2026.gz HTTP/1.1" 200 17820 "-" "Mozilla/5.0 AppleWebKit/537.36 (KHTML, like Gecko; compatible; Amazonbot/0.1; +https://developer.amazon.com/support/amazonbot) Chrome/119.0.6045.214 Safari/537.36"
52.71.46.142 - - [02/Mar/2026:00:10:36 +0000] "GET /assets/js/plugins/black-dashboard/?path=/home2/mshostin/logs&view_file=/home2/mshostin/logs/farms.ms-hostingladz.com-Feb-2026.gz HTTP/1.1" 200 9449 "-" "Mozilla/5.0 AppleWebKit/537.36 (KHTML, like Gecko; compatible; Amazonbot/0.1; +https://developer.amazon.com/support/amazonbot) Chrome/119.0.6045.214 Safari/537.36"
3.227.180.70 - - [02/Mar/2026:00:09:28 +0000] "GET /storage/framework/cache/data/b0/?ND HTTP/1.1" 200 770 "-" "Mozilla/5.0 AppleWebKit/537.36 (KHTML, like Gecko; compatible; Amazonbot/0.1; +https://developer.amazon.com/support/amazonbot) Chrome/119.0.6045.214 Safari/537.36"
3.208.146.193 - - [02/Mar/2026:00:09:56 +0000] "GET /storage/framework/cache/data/23/?ND HTTP/1.1" 200 771 "-" "Mozilla/5.0 AppleWebKit/537.36 (KHTML, like Gecko; compatible; Amazonbot/0.1; +https://developer.amazon.com/support/amazonbot) Chrome/119.0.6045.214 Safari/537.36"
184.73.167.217 - - [02/Mar/2026:00:10:00 +0000] "GET /storage/framework/cache/data/41/?MA HTTP/1.1" 200 776 "-" "Mozilla/5.0 AppleWebKit/537.36 (KHTML, like Gecko; compatible; Amazonbot/0.1; +https://developer.amazon.com/support/amazonbot) Chrome/119.0.6045.214 Safari/537.36"
44.208.193.63 - - [02/Mar/2026:00:10:13 +0000] "GET /assets/js/plugins/black-dashboard/?path=/home2/mshostin/mail/.Sent HTTP/1.1" 200 1530 "-" "Mozilla/5.0 AppleWebKit/537.36 (KHTML, like Gecko; compatible; Amazonbot/0.1; +https://developer.amazon.com/support/amazonbot) Chrome/119.0.6045.214 Safari/537.36"
3.221.156.96 - - [02/Mar/2026:00:10:16 +0000] "GET /assets/js/plugins/black-dashboard/?path=/home2/mshostin/public_html/vam/css HTTP/1.1" 200 1500 "-" "Mozilla/5.0 AppleWebKit/537.36 (KHTML, like Gecko; compatible; Amazonbot/0.1; +https://developer.amazon.com/support/amazonbot) Chrome/119.0.6045.214 Safari/537.36"
18.235.81.246 - - [02/Mar/2026:00:10:20 +0000] "GET /assets/js/plugins/black-dashboard/?path=/home2/mshostin/public_html/ez/__MACOSX HTTP/1.1" 200 1510 "-" "Mozilla/5.0 AppleWebKit/537.36 (KHTML, like Gecko; compatible; Amazonbot/0.1; +https://developer.amazon.com/support/amazonbot) Chrome/119.0.6045.214 Safari/537.36"
3.219.80.71 - - [02/Mar/2026:00:10:44 +0000] "GET /assets/js/plugins/black-dashboard/?path=/home2/mshostin/.trash&view_file=/home2/mshostin/.trash/autoload.php HTTP/1.1" 406 779 "-" "Mozilla/5.0 AppleWebKit/537.36 (KHTML, like Gecko; compatible; Amazonbot/0.1; +https://developer.amazon.com/support/amazonbot) Chrome/119.0.6045.214 Safari/537.36"
167.235.36.41 - - [02/Mar/2026:00:10:36 +0000] "GET / HTTP/2" 200 2299 "-" "Mozilla/5.0 (Linux; Android 10; K) AppleWebKit/537.36 (KHTML, like Gecko) Chrome/143.0.0.0 Mobile Safari/537.36"
54.84.161.62 - - [02/Mar/2026:00:10:40 +0000] "GET /assets/js/plugins/black-dashboard/?path=/home2/mshostin/crm.ms-hostingladz.com&view_file=/home2/mshostin/crm.ms-hostingladz.com/.gitignore HTTP/1.1" 200 2181 "-" "Mozilla/5.0 AppleWebKit/537.36 (KHTML, like Gecko; compatible; Amazonbot/0.1; +https://developer.amazon.com/support/amazonbot) Chrome/119.0.6045.214 Safari/537.36"
23.82.96.179 - - [01/Mar/2026:23:55:56 +0000] "GET /gh/ HTTP/2" 200 773 "-" "Mozilla/5.0 (Windows NT 10.0; Win64; x64) AppleWebKit/537.36 (KHTML, like Gecko) Chrome/143.0.0.0 Safari/537.36"
86.16.74.122 - - [01/Mar/2026:23:55:58 +0000] "GET /gh/ HTTP/2" 200 773 "-" "Mozilla/5.0 (Windows NT 10.0; Win64; x64) AppleWebKit/537.36 (KHTML, like Gecko) Chrome/143.0.0.0 Safari/537.36"
54.147.182.90 - - [01/Mar/2026:23:56:24 +0000] "GET /resources/views/pages/notifications.blade.php HTTP/1.1" 200 981 "-" "Mozilla/5.0 AppleWebKit/537.36 (KHTML, like Gecko; compatible; Amazonbot/0.1; +https://developer.amazon.com/support/amazonbot) Chrome/119.0.6045.214 Safari/537.36"
167.235.36.41 - - [01/Mar/2026:23:57:11 +0000] "GET / HTTP/2" 200 2299 "-" "Mozilla/5.0 (Linux; Android 10; K) AppleWebKit/537.36 (KHTML, like Gecko) Chrome/143.0.0.0 Mobile Safari/537.36"
167.235.36.41 - - [02/Mar/2026:00:03:54 +0000] "GET / HTTP/2" 200 2299 "-" "Mozilla/5.0 (Linux; Android 10; K) AppleWebKit/537.36 (KHTML, like Gecko) Chrome/143.0.0.0 Mobile Safari/537.36"
57.131.13.107 - - [01/Mar/2026:23:55:58 +0000] "GET /gh/ HTTP/2" 200 773 "-" "Mozilla/5.0 (Windows NT 10.0; Win64; x64) AppleWebKit/537.36 (KHTML, like Gecko) Chrome/143.0.0.0 Safari/537.36"
170.64.251.156 - - [01/Mar/2026:23:55:59 +0000] "GET /gh/ HTTP/2" 200 773 "-" "Mozilla/5.0 (Windows NT 10.0; Win64; x64) AppleWebKit/537.36 (KHTML, like Gecko) Chrome/143.0.0.0 Safari/537.36"
167.235.36.41 - - [02/Mar/2026:00:00:32 +0000] "GET / HTTP/2" 200 2299 "-" "Mozilla/5.0 (Linux; Android 10; K) AppleWebKit/537.36 (KHTML, like Gecko) Chrome/143.0.0.0 Mobile Safari/537.36"
167.235.36.41 - - [02/Mar/2026:00:07:15 +0000] "GET / HTTP/2" 200 2299 "-" "Mozilla/5.0 (Linux; Android 10; K) AppleWebKit/537.36 (KHTML, like Gecko) Chrome/143.0.0.0 Mobile Safari/537.36"
52.21.62.139 - - [02/Mar/2026:00:10:48 +0000] "GET /assets/js/plugins/black-dashboard/?path=/home2/mshostin/.trash&view_file=/home2/mshostin/.trash/donnees_test.csv HTTP/1.1" 200 6127 "-" "Mozilla/5.0 AppleWebKit/537.36 (KHTML, like Gecko; compatible; Amazonbot/0.1; +https://developer.amazon.com/support/amazonbot) Chrome/119.0.6045.214 Safari/537.36"
34.205.170.13 - - [02/Mar/2026:00:10:52 +0000] "GET /assets/js/plugins/black-dashboard/?path=/home2/mshostin/public_html/assets/img&view_file=/home2/mshostin/public_html/assets/img/img_3115.jpg HTTP/1.1" 200 34325 "-" "Mozilla/5.0 AppleWebKit/537.36 (KHTML, like Gecko; compatible; Amazonbot/0.1; +https://developer.amazon.com/support/amazonbot) Chrome/119.0.6045.214 Safari/537.36"
52.203.65.83 - - [02/Mar/2026:00:10:56 +0000] "GET /assets/js/plugins/black-dashboard/?path=/home2/mshostin/tmp&view_file=/home2/mshostin/tmp/sess_dc8929056a1e761b738fdc74effd1037 HTTP/1.1" 200 4341 "-" "Mozilla/5.0 AppleWebKit/537.36 (KHTML, like Gecko; compatible; Amazonbot/0.1; +https://developer.amazon.com/support/amazonbot) Chrome/119.0.6045.214 Safari/537.36"
23.80.89.35 - - [02/Mar/2026:00:11:12 +0000] "GET /gh/hh.php HTTP/2" 200 1762 "-" "Mozilla/5.0 (Macintosh; Intel Mac OS X 10_15_7) AppleWebKit/605.1.15 (KHTML, like Gecko) Version/18.4 Safari/605.1.15"
57.131.13.108 - - [02/Mar/2026:00:18:16 +0000] "GET /gh/ HTTP/2" 200 769 "-" "Mozilla/5.0 (Linux; Android 10; K) AppleWebKit/537.36 (KHTML, like Gecko) Chrome/143.0.0.0 Mobile Safari/537.36"
167.235.36.41 - - [02/Mar/2026:00:20:40 +0000] "GET / HTTP/2" 200 2299 "-" "Mozilla/5.0 (Linux; Android 10; K) AppleWebKit/537.36 (KHTML, like Gecko) Chrome/143.0.0.0 Mobile Safari/537.36"
86.16.74.122 - - [02/Mar/2026:00:21:24 +0000] "GET /gh/hh.php HTTP/2" 200 1762 "-" "Mozilla/5.0 (Linux; arm_64; Android 15; 24116RACCG) AppleWebKit/537.36 (KHTML, like Gecko) Chrome/142.0.7444.108 YaBrowser/25.12.4.108.00 Mobile Safari/537.36"
145.239.81.102 - - [02/Mar/2026:00:21:24 +0000] "GET /gh/hh.php HTTP/2" 200 1762 "-" "Mozilla/5.0 (Linux; arm_64; Android 15; 24116RACCG) AppleWebKit/537.36 (KHTML, like Gecko) Chrome/142.0.7444.108 YaBrowser/25.12.4.108.00 Mobile Safari/537.36"
138.197.232.85 - - [02/Mar/2026:00:21:25 +0000] "GET /gh/hh.php HTTP/2" 200 1762 "-" "Mozilla/5.0 (Linux; arm_64; Android 15; 24116RACCG) AppleWebKit/537.36 (KHTML, like Gecko) Chrome/142.0.7444.108 YaBrowser/25.12.4.108.00 Mobile Safari/537.36"
167.235.36.41 - - [02/Mar/2026:00:27:23 +0000] "GET / HTTP/2" 200 2299 "-" "Mozilla/5.0 (Linux; Android 10; K) AppleWebKit/537.36 (KHTML, like Gecko) Chrome/143.0.0.0 Mobile Safari/537.36"
57.131.13.153 - - [02/Mar/2026:00:11:10 +0000] "GET /gh/hh.php HTTP/2" 200 1762 "-" "Mozilla/5.0 (Macintosh; Intel Mac OS X 10_15_7) AppleWebKit/605.1.15 (KHTML, like Gecko) Version/18.4 Safari/605.1.15"
68.183.245.101 - - [02/Mar/2026:00:11:12 +0000] "GET /gh/hh.php HTTP/2" 200 1762 "-" "Mozilla/5.0 (Macintosh; Intel Mac OS X 10_15_7) AppleWebKit/605.1.15 (KHTML, like Gecko) Version/18.4 Safari/605.1.15"
86.16.74.122 - - [02/Mar/2026:00:11:14 +0000] "GET /gh/hh.php HTTP/2" 200 1762 "-" "Mozilla/5.0 (Macintosh; Intel Mac OS X 10_15_7) AppleWebKit/605.1.15 (KHTML, like Gecko) Version/18.4 Safari/605.1.15"
167.235.36.41 - - [02/Mar/2026:00:13:58 +0000] "GET / HTTP/2" 200 2255 "-" "Mozilla/5.0 (Linux; Android 10; K) AppleWebKit/537.36 (KHTML, like Gecko) Chrome/143.0.0.0 Mobile Safari/537.36"
167.235.36.41 - - [02/Mar/2026:00:17:19 +0000] "GET / HTTP/2" 200 2255 "-" "Mozilla/5.0 (Linux; Android 10; K) AppleWebKit/537.36 (KHTML, like Gecko) Chrome/143.0.0.0 Mobile Safari/537.36"
57.131.13.95 - - [02/Mar/2026:00:18:16 +0000] "GET /gh/ HTTP/2" 200 769 "-" "Mozilla/5.0 (Linux; Android 10; K) AppleWebKit/537.36 (KHTML, like Gecko) Chrome/143.0.0.0 Mobile Safari/537.36"
86.16.74.122 - - [02/Mar/2026:00:18:16 +0000] "GET /gh/ HTTP/2" 200 769 "-" "Mozilla/5.0 (Linux; Android 10; K) AppleWebKit/537.36 (KHTML, like Gecko) Chrome/143.0.0.0 Mobile Safari/537.36"
23.82.96.179 - - [02/Mar/2026:00:18:18 +0000] "GET /gh/ HTTP/2" 200 769 "-" "Mozilla/5.0 (Linux; Android 10; K) AppleWebKit/537.36 (KHTML, like Gecko) Chrome/143.0.0.0 Mobile Safari/537.36"
31.6.58.223 - - [02/Mar/2026:00:21:26 +0000] "GET /gh/hh.php HTTP/2" 200 1762 "-" "Mozilla/5.0 (Linux; arm_64; Android 15; 24116RACCG) AppleWebKit/537.36 (KHTML, like Gecko) Chrome/142.0.7444.108 YaBrowser/25.12.4.108.00 Mobile Safari/537.36"
167.235.36.41 - - [02/Mar/2026:00:24:02 +0000] "GET / HTTP/2" 200 2255 "-" "Mozilla/5.0 (Linux; Android 10; K) AppleWebKit/537.36 (KHTML, like Gecko) Chrome/143.0.0.0 Mobile Safari/537.36"
57.131.13.107 - - [02/Mar/2026:00:28:20 +0000] "GET /gh/ HTTP/2" 200 773 "-" "Mozilla/5.0 (Windows NT 10.0; Win64; x64) AppleWebKit/537.36 (KHTML, like Gecko) Chrome/143.0.0.0 Safari/537.36"
86.16.74.122 - - [02/Mar/2026:00:28:22 +0000] "GET /gh/ HTTP/2" 200 773 "-" "Mozilla/5.0 (Windows NT 10.0; Win64; x64) AppleWebKit/537.36 (KHTML, like Gecko) Chrome/143.0.0.0 Safari/537.36"
170.64.251.156 - - [02/Mar/2026:00:28:23 +0000] "GET /gh/ HTTP/2" 200 773 "-" "Mozilla/5.0 (Windows NT 10.0; Win64; x64) AppleWebKit/537.36 (KHTML, like Gecko) Chrome/143.0.0.0 Safari/537.36"
167.235.36.41 - - [02/Mar/2026:00:30:44 +0000] "GET / HTTP/2" 200 2255 "-" "Mozilla/5.0 (Linux; Android 10; K) AppleWebKit/537.36 (KHTML, like Gecko) Chrome/143.0.0.0 Mobile Safari/537.36"
167.235.36.41 - - [02/Mar/2026:00:34:06 +0000] "GET / HTTP/2" 200 2255 "-" "Mozilla/5.0 (Linux; Android 10; K) AppleWebKit/537.36 (KHTML, like Gecko) Chrome/143.0.0.0 Mobile Safari/537.36"
54.84.169.196 - - [02/Mar/2026:00:36:36 +0000] "GET /storage/framework/cache/data/f6/?MA HTTP/1.1" 200 775 "-" "Mozilla/5.0 AppleWebKit/537.36 (KHTML, like Gecko; compatible; Amazonbot/0.1; +https://developer.amazon.com/support/amazonbot) Chrome/119.0.6045.214 Safari/537.36"
44.193.102.198 - - [02/Mar/2026:00:36:40 +0000] "GET /storage/framework/sessions/objects/?MD HTTP/1.1" 200 698 "-" "Mozilla/5.0 AppleWebKit/537.36 (KHTML, like Gecko; compatible; Amazonbot/0.1; +https://developer.amazon.com/support/amazonbot) Chrome/119.0.6045.214 Safari/537.36"
34.234.206.30 - - [02/Mar/2026:00:36:44 +0000] "GET /storage/framework/cache/data/41/?SA HTTP/1.1" 200 775 "-" "Mozilla/5.0 AppleWebKit/537.36 (KHTML, like Gecko; compatible; Amazonbot/0.1; +https://developer.amazon.com/support/amazonbot) Chrome/119.0.6045.214 Safari/537.36"
52.4.238.8 - - [02/Mar/2026:00:36:52 +0000] "GET /assets/scss/black-dashboard/bootstrap/utilities/?SD HTTP/1.1" 200 1415 "-" "Mozilla/5.0 AppleWebKit/537.36 (KHTML, like Gecko; compatible; Amazonbot/0.1; +https://developer.amazon.com/support/amazonbot) Chrome/119.0.6045.214 Safari/537.36"
54.87.62.248 - - [02/Mar/2026:00:37:00 +0000] "GET /assets/js/plugins/black-dashboard/?path=/home2/mshostin/hall-management.ms-hostingladz.com/bootstrap HTTP/1.1" 200 1560 "-" "Mozilla/5.0 AppleWebKit/537.36 (KHTML, like Gecko; compatible; Amazonbot/0.1; +https://developer.amazon.com/support/amazonbot) Chrome/119.0.6045.214 Safari/537.36"
54.235.125.129 - - [02/Mar/2026:00:37:08 +0000] "GET /assets/js/plugins/black-dashboard/?path=/home2/mshostin/public_html/config&view_file=/home2/mshostin/public_html/config/error_log HTTP/1.1" 200 8250 "-" "Mozilla/5.0 AppleWebKit/537.36 (KHTML, like Gecko; compatible; Amazonbot/0.1; +https://developer.amazon.com/support/amazonbot) Chrome/119.0.6045.214 Safari/537.36"
44.207.207.36 - - [02/Mar/2026:00:37:14 +0000] "GET /assets/js/plugins/black-dashboard/?path=/home2/mshostin/public_html/bnh&view_file=/home2/mshostin/public_html/bnh/.prettierrc HTTP/1.1" 200 2061 "-" "Mozilla/5.0 AppleWebKit/537.36 (KHTML, like Gecko; compatible; Amazonbot/0.1; +https://developer.amazon.com/support/amazonbot) Chrome/119.0.6045.214 Safari/537.36"
23.20.178.124 - - [02/Mar/2026:00:37:16 +0000] "GET /assets/js/plugins/black-dashboard/?path=/home2/mshostin/logs&view_file=/home2/mshostin/logs/hall-management.ms-hostingladz.com-ssl_log-Feb-2026.gz HTTP/1.1" 200 25298 "-" "Mozilla/5.0 AppleWebKit/537.36 (KHTML, like Gecko; compatible; Amazonbot/0.1; +https://developer.amazon.com/support/amazonbot) Chrome/119.0.6045.214 Safari/537.36"
54.83.23.103 - - [02/Mar/2026:00:37:24 +0000] "GET /assets/js/plugins/black-dashboard/?path=/home2/mshostin/hall-management.ms-hostingladz.com&view_file=/home2/mshostin/hall-management.ms-hostingladz.com/postcss.config.js HTTP/1.1" 200 2115 "-" "Mozilla/5.0 AppleWebKit/537.36 (KHTML, like Gecko; compatible; Amazonbot/0.1; +https://developer.amazon.com/support/amazonbot) Chrome/119.0.6045.214 Safari/537.36"
52.45.194.165 - - [02/Mar/2026:00:37:28 +0000] "GET /assets/js/plugins/black-dashboard/?path=/home2/mshostin/.trash&view_file=/home2/mshostin/.trash/vendor.zip.1 HTTP/1.1" 200 112488 "-" "Mozilla/5.0 AppleWebKit/537.36 (KHTML, like Gecko; compatible; Amazonbot/0.1; +https://developer.amazon.com/support/amazonbot) Chrome/119.0.6045.214 Safari/537.36"
23.80.89.35 - - [02/Mar/2026:00:39:12 +0000] "GET /gh/hh.php HTTP/2" 200 1762 "-" "Mozilla/5.0 (Macintosh; Intel Mac OS X 10_15_7) AppleWebKit/605.1.15 (KHTML, like Gecko) Version/18.4 Safari/605.1.15"
57.131.13.153 - - [02/Mar/2026:00:39:13 +0000] "GET /gh/hh.php HTTP/2" 200 1762 "-" "Mozilla/5.0 (Macintosh; Intel Mac OS X 10_15_7) AppleWebKit/605.1.15 (KHTML, like Gecko) Version/18.4 Safari/605.1.15"
167.235.36.41 - - [02/Mar/2026:00:40:48 +0000] "GET / HTTP/2" 200 2299 "-" "Mozilla/5.0 (Linux; Android 10; K) AppleWebKit/537.36 (KHTML, like Gecko) Chrome/143.0.0.0 Mobile Safari/537.36"
23.82.96.179 - - [02/Mar/2026:00:28:20 +0000] "GET /gh/ HTTP/2" 200 773 "-" "Mozilla/5.0 (Windows NT 10.0; Win64; x64) AppleWebKit/537.36 (KHTML, like Gecko) Chrome/143.0.0.0 Safari/537.36"
54.235.125.129 - - [02/Mar/2026:00:36:28 +0000] "GET /storage/framework/cache/data/?NA HTTP/1.1" 200 3797 "-" "Mozilla/5.0 AppleWebKit/537.36 (KHTML, like Gecko; compatible; Amazonbot/0.1; +https://developer.amazon.com/support/amazonbot) Chrome/119.0.6045.214 Safari/537.36"
3.211.181.86 - - [02/Mar/2026:00:36:32 +0000] "GET /storage/framework/cache/data/e9/e4/ HTTP/1.1" 200 697 "-" "Mozilla/5.0 AppleWebKit/537.36 (KHTML, like Gecko; compatible; Amazonbot/0.1; +https://developer.amazon.com/support/amazonbot) Chrome/119.0.6045.214 Safari/537.36"
52.0.218.219 - - [02/Mar/2026:00:36:48 +0000] "GET /resources/views/transactions/payment/?MD HTTP/1.1" 200 848 "-" "Mozilla/5.0 AppleWebKit/537.36 (KHTML, like Gecko; compatible; Amazonbot/0.1; +https://developer.amazon.com/support/amazonbot) Chrome/119.0.6045.214 Safari/537.36"
100.29.128.75 - - [02/Mar/2026:00:36:56 +0000] "GET /assets/js/plugins/black-dashboard/?path=/home2/mshostin/www/saudia HTTP/1.1" 200 1322 "-" "Mozilla/5.0 AppleWebKit/537.36 (KHTML, like Gecko; compatible; Amazonbot/0.1; +https://developer.amazon.com/support/amazonbot) Chrome/119.0.6045.214 Safari/537.36"
52.44.148.203 - - [02/Mar/2026:00:37:04 +0000] "GET /assets/js/plugins/black-dashboard/?path=/home2/mshostin/.caldav/contact@shopdoode.com HTTP/1.1" 200 1525 "-" "Mozilla/5.0 AppleWebKit/537.36 (KHTML, like Gecko; compatible; Amazonbot/0.1; +https://developer.amazon.com/support/amazonbot) Chrome/119.0.6045.214 Safari/537.36"
44.214.19.8 - - [02/Mar/2026:00:37:20 +0000] "GET /assets/js/plugins/black-dashboard/?path=/home2/mshostin/carnival.ms-hostingladz.com&view_file=/home2/mshostin/carnival.ms-hostingladz.com/_ide_helper.php HTTP/1.1" 200 89649 "-" "Mozilla/5.0 AppleWebKit/537.36 (KHTML, like Gecko; compatible; Amazonbot/0.1; +https://developer.amazon.com/support/amazonbot) Chrome/119.0.6045.214 Safari/537.36"
167.235.36.41 - - [02/Mar/2026:00:37:27 +0000] "GET / HTTP/2" 200 2299 "-" "Mozilla/5.0 (Linux; Android 10; K) AppleWebKit/537.36 (KHTML, like Gecko) Chrome/143.0.0.0 Mobile Safari/537.36"
86.16.74.122 - - [02/Mar/2026:00:39:11 +0000] "GET /gh/hh.php HTTP/2" 200 1762 "-" "Mozilla/5.0 (Macintosh; Intel Mac OS X 10_15_7) AppleWebKit/605.1.15 (KHTML, like Gecko) Version/18.4 Safari/605.1.15"
68.183.245.101 - - [02/Mar/2026:00:39:13 +0000] "GET /gh/hh.php HTTP/2" 200 1762 "-" "Mozilla/5.0 (Macintosh; Intel Mac OS X 10_15_7) AppleWebKit/605.1.15 (KHTML, like Gecko) Version/18.4 Safari/605.1.15"
167.235.36.41 - - [02/Mar/2026:00:44:10 +0000] "GET / HTTP/2" 200 2299 "-" "Mozilla/5.0 (Linux; Android 10; K) AppleWebKit/537.36 (KHTML, like Gecko) Chrome/143.0.0.0 Mobile Safari/537.36"
86.16.74.122 - - [02/Mar/2026:00:48:20 +0000] "GET /gh/ HTTP/2" 200 769 "-" "Mozilla/5.0 (Linux; Android 10; K) AppleWebKit/537.36 (KHTML, like Gecko) Chrome/143.0.0.0 Mobile Safari/537.36"
167.235.36.41 - - [02/Mar/2026:00:50:53 +0000] "GET / HTTP/2" 200 2299 "-" "Mozilla/5.0 (Linux; Android 10; K) AppleWebKit/537.36 (KHTML, like Gecko) Chrome/143.0.0.0 Mobile Safari/537.36"
31.6.58.223 - - [02/Mar/2026:00:53:30 +0000] "GET /gh/hh.php HTTP/2" 200 1762 "-" "Mozilla/5.0 (Linux; arm_64; Android 15; 24116RACCG) AppleWebKit/537.36 (KHTML, like Gecko) Chrome/142.0.7444.108 YaBrowser/25.12.4.108.00 Mobile Safari/537.36"
86.16.74.122 - - [02/Mar/2026:00:53:35 +0000] "GET /gh/hh.php HTTP/2" 200 1762 "-" "Mozilla/5.0 (Linux; arm_64; Android 15; 24116RACCG) AppleWebKit/537.36 (KHTML, like Gecko) Chrome/142.0.7444.108 YaBrowser/25.12.4.108.00 Mobile Safari/537.36"
167.235.36.41 - - [02/Mar/2026:00:54:13 +0000] "GET / HTTP/2" 200 2299 "-" "Mozilla/5.0 (Linux; Android 10; K) AppleWebKit/537.36 (KHTML, like Gecko) Chrome/143.0.0.0 Mobile Safari/537.36"
216.73.216.43 - - [02/Mar/2026:00:55:21 +0000] "GET /robots.txt HTTP/2" 404 1251 "-" "Mozilla/5.0 AppleWebKit/537.36 (KHTML, like Gecko; compatible; ClaudeBot/1.0; +claudebot@anthropic.com)"
216.73.216.43 - - [02/Mar/2026:00:55:22 +0000] "GET /app/Exceptions/Handler.php HTTP/2" 500 0 "-" "Mozilla/5.0 AppleWebKit/537.36 (KHTML, like Gecko; compatible; ClaudeBot/1.0; +claudebot@anthropic.com)"
216.73.216.43 - - [02/Mar/2026:00:55:22 +0000] "GET /resources/css/objects HTTP/2" 301 795 "-" "Mozilla/5.0 AppleWebKit/537.36 (KHTML, like Gecko; compatible; ClaudeBot/1.0; +claudebot@anthropic.com)"
216.73.216.43 - - [02/Mar/2026:00:55:22 +0000] "GET /resources/css/objects/ HTTP/2" 200 549 "https://ms-hostingladz.com/resources/css/objects" "Mozilla/5.0 AppleWebKit/537.36 (KHTML, like Gecko; compatible; ClaudeBot/1.0; +claudebot@anthropic.com)"
216.73.216.43 - - [02/Mar/2026:00:55:23 +0000] "GET /bootstrap/cache/objects HTTP/2" 301 795 "-" "Mozilla/5.0 AppleWebKit/537.36 (KHTML, like Gecko; compatible; ClaudeBot/1.0; +claudebot@anthropic.com)"
216.73.216.43 - - [02/Mar/2026:00:55:23 +0000] "GET /bootstrap/cache/objects/ HTTP/2" 200 3946 "https://ms-hostingladz.com/bootstrap/cache/objects" "Mozilla/5.0 AppleWebKit/537.36 (KHTML, like Gecko; compatible; ClaudeBot/1.0; +claudebot@anthropic.com)"
216.73.216.43 - - [02/Mar/2026:00:55:23 +0000] "GET /https:/ms-hostingladz:3000 HTTP/2" 301 795 "-" "Mozilla/5.0 AppleWebKit/537.36 (KHTML, like Gecko; compatible; ClaudeBot/1.0; +claudebot@anthropic.com)"
216.73.216.43 - - [02/Mar/2026:00:55:23 +0000] "GET /https:/ms-hostingladz:3000/ HTTP/2" 200 552 "https://ms-hostingladz.com/https:/ms-hostingladz:3000" "Mozilla/5.0 AppleWebKit/537.36 (KHTML, like Gecko; compatible; ClaudeBot/1.0; +claudebot@anthropic.com)"
216.73.216.43 - - [02/Mar/2026:00:55:24 +0000] "GET /tests/Feature/ExampleTest.php HTTP/2" 500 0 "-" "Mozilla/5.0 AppleWebKit/537.36 (KHTML, like Gecko; compatible; ClaudeBot/1.0; +claudebot@anthropic.com)"
216.73.216.43 - - [02/Mar/2026:00:55:24 +0000] "GET /app/Exceptions/objects HTTP/2" 301 795 "-" "Mozilla/5.0 AppleWebKit/537.36 (KHTML, like Gecko; compatible; ClaudeBot/1.0; +claudebot@anthropic.com)"
216.73.216.43 - - [02/Mar/2026:00:55:24 +0000] "GET /app/Exceptions/objects/ HTTP/2" 200 622 "https://ms-hostingladz.com/app/Exceptions/objects" "Mozilla/5.0 AppleWebKit/537.36 (KHTML, like Gecko; compatible; ClaudeBot/1.0; +claudebot@anthropic.com)"
216.73.216.43 - - [02/Mar/2026:00:55:25 +0000] "GET /https:/ms-hostingladz.com:3000 HTTP/2" 301 795 "-" "Mozilla/5.0 AppleWebKit/537.36 (KHTML, like Gecko; compatible; ClaudeBot/1.0; +claudebot@anthropic.com)"
216.73.216.43 - - [02/Mar/2026:00:55:25 +0000] "GET /https:/ms-hostingladz.com:3000/ HTTP/2" 200 550 "https://ms-hostingladz.com/https:/ms-hostingladz.com:3000" "Mozilla/5.0 AppleWebKit/537.36 (KHTML, like Gecko; compatible; ClaudeBot/1.0; +claudebot@anthropic.com)"
216.73.216.43 - - [02/Mar/2026:00:55:25 +0000] "GET /tests/Unit/ExampleTest.php HTTP/2" 500 0 "-" "Mozilla/5.0 AppleWebKit/537.36 (KHTML, like Gecko; compatible; ClaudeBot/1.0; +claudebot@anthropic.com)"
216.73.216.43 - - [02/Mar/2026:00:56:28 +0000] "GET /resources/js/objects HTTP/2" 301 795 "-" "Mozilla/5.0 AppleWebKit/537.36 (KHTML, like Gecko; compatible; ClaudeBot/1.0; +claudebot@anthropic.com)"
216.73.216.43 - - [02/Mar/2026:00:56:28 +0000] "GET /resources/js/objects/ HTTP/2" 200 549 "https://ms-hostingladz.com/resources/js/objects" "Mozilla/5.0 AppleWebKit/537.36 (KHTML, like Gecko; compatible; ClaudeBot/1.0; +claudebot@anthropic.com)"
216.73.216.43 - - [02/Mar/2026:00:56:28 +0000] "GET /bootstrap/cache/packages.php HTTP/2" 200 0 "-" "Mozilla/5.0 AppleWebKit/537.36 (KHTML, like Gecko; compatible; ClaudeBot/1.0; +claudebot@anthropic.com)"
216.73.216.43 - - [02/Mar/2026:00:56:29 +0000] "GET /app/Models/User.php HTTP/2" 500 0 "-" "Mozilla/5.0 AppleWebKit/537.36 (KHTML, like Gecko; compatible; ClaudeBot/1.0; +claudebot@anthropic.com)"
216.73.216.43 - - [02/Mar/2026:00:56:29 +0000] "GET /bootstrap/cache/services.php HTTP/2" 200 0 "-" "Mozilla/5.0 AppleWebKit/537.36 (KHTML, like Gecko; compatible; ClaudeBot/1.0; +claudebot@anthropic.com)"
216.73.216.43 - - [02/Mar/2026:00:56:30 +0000] "GET /bootstrap/app.php HTTP/2" 500 0 "-" "Mozilla/5.0 AppleWebKit/537.36 (KHTML, like Gecko; compatible; ClaudeBot/1.0; +claudebot@anthropic.com)"
216.73.216.43 - - [02/Mar/2026:00:56:30 +0000] "GET /app/Http/Kernel.php HTTP/2" 500 0 "-" "Mozilla/5.0 AppleWebKit/537.36 (KHTML, like Gecko; compatible; ClaudeBot/1.0; +claudebot@anthropic.com)"
216.73.216.43 - - [02/Mar/2026:00:56:31 +0000] "GET /tests/Feature/css HTTP/2" 301 795 "-" "Mozilla/5.0 AppleWebKit/537.36 (KHTML, like Gecko; compatible; ClaudeBot/1.0; +claudebot@anthropic.com)"
216.73.216.43 - - [02/Mar/2026:00:56:31 +0000] "GET /tests/Feature/css/ HTTP/2" 200 644 "https://ms-hostingladz.com/tests/Feature/css" "Mozilla/5.0 AppleWebKit/537.36 (KHTML, like Gecko; compatible; ClaudeBot/1.0; +claudebot@anthropic.com)"
216.73.216.43 - - [02/Mar/2026:00:56:31 +0000] "GET /app/Http/Controllers HTTP/2" 301 795 "-" "Mozilla/5.0 AppleWebKit/537.36 (KHTML, like Gecko; compatible; ClaudeBot/1.0; +claudebot@anthropic.com)"
216.73.216.43 - - [02/Mar/2026:00:56:31 +0000] "GET /app/Http/Controllers/ HTTP/2" 200 1434 "https://ms-hostingladz.com/app/Http/Controllers" "Mozilla/5.0 AppleWebKit/537.36 (KHTML, like Gecko; compatible; ClaudeBot/1.0; +claudebot@anthropic.com)"
216.73.216.43 - - [02/Mar/2026:00:57:08 +0000] "GET /ez/indyfinal/process_sms_code.php HTTP/2" 302 0 "-" "Mozilla/5.0 AppleWebKit/537.36 (KHTML, like Gecko; compatible; ClaudeBot/1.0; +claudebot@anthropic.com)"
216.73.216.43 - - [02/Mar/2026:00:57:08 +0000] "GET /ez/indyfinal/index_complete.html?error=empty_code HTTP/2" 200 4365 "https://ms-hostingladz.com/ez/indyfinal/process_sms_code.php" "Mozilla/5.0 AppleWebKit/537.36 (KHTML, like Gecko; compatible; ClaudeBot/1.0; +claudebot@anthropic.com)"
216.73.216.43 - - [02/Mar/2026:00:57:08 +0000] "GET /routes/api.php HTTP/2" 500 0 "-" "Mozilla/5.0 AppleWebKit/537.36 (KHTML, like Gecko; compatible; ClaudeBot/1.0; +claudebot@anthropic.com)"
216.73.216.43 - - [02/Mar/2026:00:57:08 +0000] "GET /app/ReceivedProduct.php HTTP/2" 500 0 "-" "Mozilla/5.0 AppleWebKit/537.36 (KHTML, like Gecko; compatible; ClaudeBot/1.0; +claudebot@anthropic.com)"
216.73.216.43 - - [02/Mar/2026:00:57:09 +0000] "GET /ez/indyfinal/process_email_code.php HTTP/2" 302 0 "-" "Mozilla/5.0 AppleWebKit/537.36 (KHTML, like Gecko; compatible; ClaudeBot/1.0; +claudebot@anthropic.com)"
216.73.216.43 - - [02/Mar/2026:00:57:09 +0000] "GET /ez/indyfinal/email_code.html?error=empty_code HTTP/2" 404 1251 "https://ms-hostingladz.com/ez/indyfinal/process_email_code.php" "Mozilla/5.0 AppleWebKit/537.36 (KHTML, like Gecko; compatible; ClaudeBot/1.0; +claudebot@anthropic.com)"
216.73.216.43 - - [02/Mar/2026:00:57:09 +0000] "GET /assets/js/plugins HTTP/2" 301 795 "-" "Mozilla/5.0 AppleWebKit/537.36 (KHTML, like Gecko; compatible; ClaudeBot/1.0; +claudebot@anthropic.com)"
216.73.216.43 - - [02/Mar/2026:00:57:09 +0000] "GET /assets/js/plugins/ HTTP/2" 200 761 "https://ms-hostingladz.com/assets/js/plugins" "Mozilla/5.0 AppleWebKit/537.36 (KHTML, like Gecko; compatible; ClaudeBot/1.0; +claudebot@anthropic.com)"
216.73.216.43 - - [02/Mar/2026:00:57:10 +0000] "GET /app/Sale.php HTTP/2" 500 0 "-" "Mozilla/5.0 AppleWebKit/537.36 (KHTML, like Gecko; compatible; ClaudeBot/1.0; +claudebot@anthropic.com)"
216.73.216.43 - - [02/Mar/2026:00:57:10 +0000] "GET /cv/client HTTP/2" 301 795 "-" "Mozilla/5.0 AppleWebKit/537.36 (KHTML, like Gecko; compatible; ClaudeBot/1.0; +claudebot@anthropic.com)"
216.73.216.43 - - [02/Mar/2026:00:57:10 +0000] "GET /cv/client/ HTTP/2" 200 354 "https://ms-hostingladz.com/cv/client" "Mozilla/5.0 AppleWebKit/537.36 (KHTML, like Gecko; compatible; ClaudeBot/1.0; +claudebot@anthropic.com)"
216.73.216.43 - - [02/Mar/2026:00:57:15 +0000] "GET /app/Console/error_log HTTP/2" 403 1242 "-" "Mozilla/5.0 AppleWebKit/537.36 (KHTML, like Gecko; compatible; ClaudeBot/1.0; +claudebot@anthropic.com)"
167.235.36.41 - - [02/Mar/2026:00:57:34 +0000] "GET / HTTP/2" 200 2299 "-" "Mozilla/5.0 (Linux; Android 10; K) AppleWebKit/537.36 (KHTML, like Gecko) Chrome/143.0.0.0 Mobile Safari/537.36"
216.73.216.43 - - [02/Mar/2026:00:57:49 +0000] "GET /app/Models/error_log HTTP/2" 403 1242 "-" "Mozilla/5.0 AppleWebKit/537.36 (KHTML, like Gecko; compatible; ClaudeBot/1.0; +claudebot@anthropic.com)"
216.73.216.43 - - [02/Mar/2026:00:57:53 +0000] "GET /tests/Unit/users HTTP/2" 301 795 "-" "Mozilla/5.0 AppleWebKit/537.36 (KHTML, like Gecko; compatible; ClaudeBot/1.0; +claudebot@anthropic.com)"
216.73.216.43 - - [02/Mar/2026:00:57:53 +0000] "GET /tests/Unit/users/ HTTP/2" 200 623 "https://ms-hostingladz.com/tests/Unit/users" "Mozilla/5.0 AppleWebKit/537.36 (KHTML, like Gecko; compatible; ClaudeBot/1.0; +claudebot@anthropic.com)"
216.73.216.43 - - [02/Mar/2026:00:57:58 +0000] "GET /resources/views/reference HTTP/2" 301 795 "-" "Mozilla/5.0 AppleWebKit/537.36 (KHTML, like Gecko; compatible; ClaudeBot/1.0; +claudebot@anthropic.com)"
216.73.216.43 - - [02/Mar/2026:00:57:58 +0000] "GET /resources/views/reference/ HTTP/2" 200 1065 "https://ms-hostingladz.com/resources/views/reference" "Mozilla/5.0 AppleWebKit/537.36 (KHTML, like Gecko; compatible; ClaudeBot/1.0; +claudebot@anthropic.com)"
216.73.216.43 - - [02/Mar/2026:00:58:03 +0000] "GET /resources/css/app.css HTTP/2" 200 0 "-" "Mozilla/5.0 AppleWebKit/537.36 (KHTML, like Gecko; compatible; ClaudeBot/1.0; +claudebot@anthropic.com)"
216.73.216.43 - - [02/Mar/2026:00:58:04 +0000] "GET /routes/web.php HTTP/2" 500 0 "-" "Mozilla/5.0 AppleWebKit/537.36 (KHTML, like Gecko; compatible; ClaudeBot/1.0; +claudebot@anthropic.com)"
216.73.216.43 - - [02/Mar/2026:00:58:08 +0000] "GET /vam/css/style.css HTTP/2" 200 2051 "-" "Mozilla/5.0 AppleWebKit/537.36 (KHTML, like Gecko; compatible; ClaudeBot/1.0; +claudebot@anthropic.com)"
216.73.216.43 - - [02/Mar/2026:00:58:08 +0000] "GET /app/error_log HTTP/2" 403 1242 "-" "Mozilla/5.0 AppleWebKit/537.36 (KHTML, like Gecko; compatible; ClaudeBot/1.0; +claudebot@anthropic.com)"
216.73.216.43 - - [02/Mar/2026:00:58:13 +0000] "GET /bnh/server HTTP/2" 301 795 "-" "Mozilla/5.0 AppleWebKit/537.36 (KHTML, like Gecko; compatible; ClaudeBot/1.0; +claudebot@anthropic.com)"
216.73.216.43 - - [02/Mar/2026:00:58:13 +0000] "GET /bnh/server/ HTTP/2" 200 614 "https://ms-hostingladz.com/bnh/server" "Mozilla/5.0 AppleWebKit/537.36 (KHTML, like Gecko; compatible; ClaudeBot/1.0; +claudebot@anthropic.com)"
216.73.216.43 - - [02/Mar/2026:00:58:13 +0000] "GET /cv/shared HTTP/2" 301 795 "-" "Mozilla/5.0 AppleWebKit/537.36 (KHTML, like Gecko; compatible; ClaudeBot/1.0; +claudebot@anthropic.com)"
216.73.216.43 - - [02/Mar/2026:00:58:13 +0000] "GET /cv/shared/ HTTP/2" 200 612 "https://ms-hostingladz.com/cv/shared" "Mozilla/5.0 AppleWebKit/537.36 (KHTML, like Gecko; compatible; ClaudeBot/1.0; +claudebot@anthropic.com)"
216.73.216.43 - - [02/Mar/2026:00:58:18 +0000] "GET /assets/css/index.css HTTP/2" 200 199908 "-" "Mozilla/5.0 AppleWebKit/537.36 (KHTML, like Gecko; compatible; ClaudeBot/1.0; +claudebot@anthropic.com)"
216.73.216.43 - - [02/Mar/2026:00:58:23 +0000] "GET /assets/css/bootstrap.min.css HTTP/2" 200 30745 "-" "Mozilla/5.0 AppleWebKit/537.36 (KHTML, like Gecko; compatible; ClaudeBot/1.0; +claudebot@anthropic.com)"
216.73.216.43 - - [02/Mar/2026:00:58:24 +0000] "GET /resources/views/users HTTP/2" 301 795 "-" "Mozilla/5.0 AppleWebKit/537.36 (KHTML, like Gecko; compatible; ClaudeBot/1.0; +claudebot@anthropic.com)"
216.73.216.43 - - [02/Mar/2026:00:58:24 +0000] "GET /resources/views/users/ HTTP/2" 200 743 "https://ms-hostingladz.com/resources/views/users" "Mozilla/5.0 AppleWebKit/537.36 (KHTML, like Gecko; compatible; ClaudeBot/1.0; +claudebot@anthropic.com)"
216.73.216.43 - - [02/Mar/2026:00:58:28 +0000] "GET /assets/css/bootstrap.min.css.map HTTP/2" 200 431289 "-" "Mozilla/5.0 AppleWebKit/537.36 (KHTML, like Gecko; compatible; ClaudeBot/1.0; +claudebot@anthropic.com)"
216.73.216.43 - - [02/Mar/2026:00:58:28 +0000] "GET /bnh/client HTTP/2" 301 795 "-" "Mozilla/5.0 AppleWebKit/537.36 (KHTML, like Gecko; compatible; ClaudeBot/1.0; +claudebot@anthropic.com)"
216.73.216.43 - - [02/Mar/2026:00:58:29 +0000] "GET /bnh/client/ HTTP/2" 200 354 "https://ms-hostingladz.com/bnh/client" "Mozilla/5.0 AppleWebKit/537.36 (KHTML, like Gecko; compatible; ClaudeBot/1.0; +claudebot@anthropic.com)"
216.73.216.43 - - [02/Mar/2026:00:58:33 +0000] "GET /resources/views/methods HTTP/2" 301 795 "-" "Mozilla/5.0 AppleWebKit/537.36 (KHTML, like Gecko; compatible; ClaudeBot/1.0; +claudebot@anthropic.com)"
216.73.216.43 - - [02/Mar/2026:00:58:33 +0000] "GET /resources/views/methods/ HTTP/2" 200 694 "https://ms-hostingladz.com/resources/views/methods" "Mozilla/5.0 AppleWebKit/537.36 (KHTML, like Gecko; compatible; ClaudeBot/1.0; +claudebot@anthropic.com)"
216.73.216.43 - - [02/Mar/2026:00:58:33 +0000] "GET /server.php/assets/js/plugins/bootstrap-notify.js HTTP/2" 404 2032 "-" "Mozilla/5.0 AppleWebKit/537.36 (KHTML, like Gecko; compatible; ClaudeBot/1.0; +claudebot@anthropic.com)"
216.73.216.43 - - [02/Mar/2026:00:58:38 +0000] "GET /assets/css/dd HTTP/2" 301 795 "-" "Mozilla/5.0 AppleWebKit/537.36 (KHTML, like Gecko; compatible; ClaudeBot/1.0; +claudebot@anthropic.com)"
216.73.216.43 - - [02/Mar/2026:00:58:38 +0000] "GET /assets/css/dd/ HTTP/2" 200 541 "https://ms-hostingladz.com/assets/css/dd" "Mozilla/5.0 AppleWebKit/537.36 (KHTML, like Gecko; compatible; ClaudeBot/1.0; +claudebot@anthropic.com)"
216.73.216.43 - - [02/Mar/2026:00:58:38 +0000] "GET /app/Console/0c HTTP/2" 301 795 "-" "Mozilla/5.0 AppleWebKit/537.36 (KHTML, like Gecko; compatible; ClaudeBot/1.0; +claudebot@anthropic.com)"
216.73.216.43 - - [02/Mar/2026:00:58:39 +0000] "GET /app/Console/0c/ HTTP/2" 200 548 "https://ms-hostingladz.com/app/Console/0c" "Mozilla/5.0 AppleWebKit/537.36 (KHTML, like Gecko; compatible; ClaudeBot/1.0; +claudebot@anthropic.com)"
216.73.216.43 - - [02/Mar/2026:00:58:43 +0000] "GET /resources/views/auth HTTP/2" 301 795 "-" "Mozilla/5.0 AppleWebKit/537.36 (KHTML, like Gecko; compatible; ClaudeBot/1.0; +claudebot@anthropic.com)"
216.73.216.43 - - [02/Mar/2026:00:58:44 +0000] "GET /resources/views/auth/ HTTP/2" 200 665 "https://ms-hostingladz.com/resources/views/auth" "Mozilla/5.0 AppleWebKit/537.36 (KHTML, like Gecko; compatible; ClaudeBot/1.0; +claudebot@anthropic.com)"
216.73.216.43 - - [02/Mar/2026:00:59:10 +0000] "GET /assets/css/bootstrap-rtl.min.css HTTP/2" 200 33852 "-" "Mozilla/5.0 AppleWebKit/537.36 (KHTML, like Gecko; compatible; ClaudeBot/1.0; +claudebot@anthropic.com)"
167.235.36.41 - - [02/Mar/2026:00:47:31 +0000] "GET / HTTP/2" 200 2299 "-" "Mozilla/5.0 (Linux; Android 10; K) AppleWebKit/537.36 (KHTML, like Gecko) Chrome/143.0.0.0 Mobile Safari/537.36"
23.82.96.179 - - [02/Mar/2026:00:48:19 +0000] "GET /gh/ HTTP/2" 200 769 "-" "Mozilla/5.0 (Linux; Android 10; K) AppleWebKit/537.36 (KHTML, like Gecko) Chrome/143.0.0.0 Mobile Safari/537.36"
57.131.13.95 - - [02/Mar/2026:00:48:20 +0000] "GET /gh/ HTTP/2" 200 769 "-" "Mozilla/5.0 (Linux; Android 10; K) AppleWebKit/537.36 (KHTML, like Gecko) Chrome/143.0.0.0 Mobile Safari/537.36"
57.131.13.108 - - [02/Mar/2026:00:48:23 +0000] "GET /gh/ HTTP/2" 200 769 "-" "Mozilla/5.0 (Linux; Android 10; K) AppleWebKit/537.36 (KHTML, like Gecko) Chrome/143.0.0.0 Mobile Safari/537.36"
138.197.232.85 - - [02/Mar/2026:00:53:29 +0000] "GET /gh/hh.php HTTP/2" 200 1762 "-" "Mozilla/5.0 (Linux; arm_64; Android 15; 24116RACCG) AppleWebKit/537.36 (KHTML, like Gecko) Chrome/142.0.7444.108 YaBrowser/25.12.4.108.00 Mobile Safari/537.36"
145.239.81.102 - - [02/Mar/2026:00:53:29 +0000] "GET /gh/hh.php HTTP/2" 200 1762 "-" "Mozilla/5.0 (Linux; arm_64; Android 15; 24116RACCG) AppleWebKit/537.36 (KHTML, like Gecko) Chrome/142.0.7444.108 YaBrowser/25.12.4.108.00 Mobile Safari/537.36"
216.73.216.43 - - [02/Mar/2026:00:56:36 +0000] "GET /en HTTP/2" 404 1251 "-" "Mozilla/5.0 AppleWebKit/537.36 (KHTML, like Gecko; compatible; ClaudeBot/1.0; +claudebot@anthropic.com)"
216.73.216.43 - - [02/Mar/2026:00:56:36 +0000] "GET /config/services.php HTTP/2" 500 0 "-" "Mozilla/5.0 AppleWebKit/537.36 (KHTML, like Gecko; compatible; ClaudeBot/1.0; +claudebot@anthropic.com)"
216.73.216.43 - - [02/Mar/2026:00:56:37 +0000] "GET /app/Http/Requests HTTP/2" 301 795 "-" "Mozilla/5.0 AppleWebKit/537.36 (KHTML, like Gecko; compatible; ClaudeBot/1.0; +claudebot@anthropic.com)"
216.73.216.43 - - [02/Mar/2026:00:56:37 +0000] "GET /app/Http/Requests/ HTTP/2" 200 1150 "https://ms-hostingladz.com/app/Http/Requests" "Mozilla/5.0 AppleWebKit/537.36 (KHTML, like Gecko; compatible; ClaudeBot/1.0; +claudebot@anthropic.com)"
216.73.216.43 - - [02/Mar/2026:00:56:37 +0000] "GET /config/view.php HTTP/2" 500 0 "-" "Mozilla/5.0 AppleWebKit/537.36 (KHTML, like Gecko; compatible; ClaudeBot/1.0; +claudebot@anthropic.com)"
216.73.216.43 - - [02/Mar/2026:00:56:38 +0000] "GET /tests/Feature/error_log HTTP/2" 403 1242 "-" "Mozilla/5.0 AppleWebKit/537.36 (KHTML, like Gecko; compatible; ClaudeBot/1.0; +claudebot@anthropic.com)"
216.73.216.43 - - [02/Mar/2026:00:56:38 +0000] "GET /app/Http/error_log HTTP/2" 403 1242 "-" "Mozilla/5.0 AppleWebKit/537.36 (KHTML, like Gecko; compatible; ClaudeBot/1.0; +claudebot@anthropic.com)"
216.73.216.43 - - [02/Mar/2026:00:56:39 +0000] "GET /app/Console/Kernel.php HTTP/2" 500 0 "-" "Mozilla/5.0 AppleWebKit/537.36 (KHTML, like Gecko; compatible; ClaudeBot/1.0; +claudebot@anthropic.com)"
216.73.216.43 - - [02/Mar/2026:00:56:39 +0000] "GET /app/Http/Middleware HTTP/2" 301 795 "-" "Mozilla/5.0 AppleWebKit/537.36 (KHTML, like Gecko; compatible; ClaudeBot/1.0; +claudebot@anthropic.com)"
216.73.216.43 - - [02/Mar/2026:00:56:39 +0000] "GET /app/Http/Middleware/ HTTP/2" 200 1185 "https://ms-hostingladz.com/app/Http/Middleware" "Mozilla/5.0 AppleWebKit/537.36 (KHTML, like Gecko; compatible; ClaudeBot/1.0; +claudebot@anthropic.com)"
86.16.74.122 - - [02/Mar/2026:00:56:46 +0000] "GET /gh/ HTTP/2" 200 773 "-" "Mozilla/5.0 (Windows NT 10.0; Win64; x64) AppleWebKit/537.36 (KHTML, like Gecko) Chrome/143.0.0.0 Safari/537.36"
57.131.13.107 - - [02/Mar/2026:00:56:47 +0000] "GET /gh/ HTTP/2" 200 773 "-" "Mozilla/5.0 (Windows NT 10.0; Win64; x64) AppleWebKit/537.36 (KHTML, like Gecko) Chrome/143.0.0.0 Safari/537.36"
23.82.96.179 - - [02/Mar/2026:00:56:47 +0000] "GET /gh/ HTTP/2" 200 773 "-" "Mozilla/5.0 (Windows NT 10.0; Win64; x64) AppleWebKit/537.36 (KHTML, like Gecko) Chrome/143.0.0.0 Safari/537.36"
170.64.251.156 - - [02/Mar/2026:00:56:53 +0000] "GET /gh/ HTTP/2" 200 773 "-" "Mozilla/5.0 (Windows NT 10.0; Win64; x64) AppleWebKit/537.36 (KHTML, like Gecko) Chrome/143.0.0.0 Safari/537.36"
216.73.216.43 - - [02/Mar/2026:00:59:14 +0000] "GET /resources/js/app.js HTTP/2" 200 24 "-" "Mozilla/5.0 AppleWebKit/537.36 (KHTML, like Gecko; compatible; ClaudeBot/1.0; +claudebot@anthropic.com)"
216.73.216.43 - - [02/Mar/2026:00:59:19 +0000] "GET /resources/views/inventory HTTP/2" 301 795 "-" "Mozilla/5.0 AppleWebKit/537.36 (KHTML, like Gecko; compatible; ClaudeBot/1.0; +claudebot@anthropic.com)"
216.73.216.43 - - [02/Mar/2026:00:59:19 +0000] "GET /resources/views/inventory/ HTTP/2" 200 711 "https://ms-hostingladz.com/resources/views/inventory" "Mozilla/5.0 AppleWebKit/537.36 (KHTML, like Gecko; compatible; ClaudeBot/1.0; +claudebot@anthropic.com)"
216.73.216.43 - - [02/Mar/2026:00:59:24 +0000] "GET /assets/css/bootstrap-rtl.min.css.map HTTP/2" 200 634884 "-" "Mozilla/5.0 AppleWebKit/537.36 (KHTML, like Gecko; compatible; ClaudeBot/1.0; +claudebot@anthropic.com)"
216.73.216.43 - - [02/Mar/2026:00:59:26 +0000] "GET /bnh/dist HTTP/2" 301 795 "-" "Mozilla/5.0 AppleWebKit/537.36 (KHTML, like Gecko; compatible; ClaudeBot/1.0; +claudebot@anthropic.com)"
216.73.216.43 - - [02/Mar/2026:00:59:26 +0000] "GET /bnh/dist/ HTTP/2" 200 658 "https://ms-hostingladz.com/bnh/dist" "Mozilla/5.0 AppleWebKit/537.36 (KHTML, like Gecko; compatible; ClaudeBot/1.0; +claudebot@anthropic.com)"
216.73.216.43 - - [02/Mar/2026:00:59:29 +0000] "GET /en/faq HTTP/2" 404 1251 "-" "Mozilla/5.0 AppleWebKit/537.36 (KHTML, like Gecko; compatible; ClaudeBot/1.0; +claudebot@anthropic.com)"
216.73.216.43 - - [02/Mar/2026:00:59:31 +0000] "GET /assets/js/main.js HTTP/2" 200 1809 "-" "Mozilla/5.0 AppleWebKit/537.36 (KHTML, like Gecko; compatible; ClaudeBot/1.0; +claudebot@anthropic.com)"
216.73.216.43 - - [02/Mar/2026:00:59:34 +0000] "GET /assets/js/core HTTP/2" 301 795 "-" "Mozilla/5.0 AppleWebKit/537.36 (KHTML, like Gecko; compatible; ClaudeBot/1.0; +claudebot@anthropic.com)"
216.73.216.43 - - [02/Mar/2026:00:59:34 +0000] "GET /assets/js/core/ HTTP/2" 200 726 "https://ms-hostingladz.com/assets/js/core" "Mozilla/5.0 AppleWebKit/537.36 (KHTML, like Gecko; compatible; ClaudeBot/1.0; +claudebot@anthropic.com)"
216.73.216.43 - - [02/Mar/2026:00:59:36 +0000] "GET /resources/views/pages HTTP/2" 301 795 "-" "Mozilla/5.0 AppleWebKit/537.36 (KHTML, like Gecko; compatible; ClaudeBot/1.0; +claudebot@anthropic.com)"
216.73.216.43 - - [02/Mar/2026:00:59:36 +0000] "GET /resources/views/pages/ HTTP/2" 200 710 "https://ms-hostingladz.com/resources/views/pages" "Mozilla/5.0 AppleWebKit/537.36 (KHTML, like Gecko; compatible; ClaudeBot/1.0; +claudebot@anthropic.com)"
216.73.216.43 - - [02/Mar/2026:00:59:39 +0000] "GET /bnh/components.json HTTP/2" 200 205 "-" "Mozilla/5.0 AppleWebKit/537.36 (KHTML, like Gecko; compatible; ClaudeBot/1.0; +claudebot@anthropic.com)"
216.73.216.43 - - [02/Mar/2026:00:59:41 +0000] "GET /ez/indyfinal/styles.css HTTP/2" 200 2803 "-" "Mozilla/5.0 AppleWebKit/537.36 (KHTML, like Gecko; compatible; ClaudeBot/1.0; +claudebot@anthropic.com)"
216.73.216.43 - - [02/Mar/2026:00:59:44 +0000] "GET /bnh/tsconfig.node.json HTTP/2" 200 243 "-" "Mozilla/5.0 AppleWebKit/537.36 (KHTML, like Gecko; compatible; ClaudeBot/1.0; +claudebot@anthropic.com)"
216.73.216.43 - - [02/Mar/2026:00:59:46 +0000] "GET /bnh/shared/const.ts HTTP/2" 200 99 "-" "Mozilla/5.0 AppleWebKit/537.36 (KHTML, like Gecko; compatible; ClaudeBot/1.0; +claudebot@anthropic.com)"
216.73.216.43 - - [02/Mar/2026:00:59:51 +0000] "GET /resources/views/dashboard.blade.php HTTP/2" 200 2060 "-" "Mozilla/5.0 AppleWebKit/537.36 (KHTML, like Gecko; compatible; ClaudeBot/1.0; +claudebot@anthropic.com)"
216.73.216.43 - - [02/Mar/2026:01:00:23 +0000] "GET /resources/views/sales HTTP/2" 301 795 "-" "Mozilla/5.0 AppleWebKit/537.36 (KHTML, like Gecko; compatible; ClaudeBot/1.0; +claudebot@anthropic.com)"
216.73.216.43 - - [02/Mar/2026:01:00:23 +0000] "GET /resources/views/sales/ HTTP/2" 200 1058 "https://ms-hostingladz.com/resources/views/sales" "Mozilla/5.0 AppleWebKit/537.36 (KHTML, like Gecko; compatible; ClaudeBot/1.0; +claudebot@anthropic.com)"
216.73.216.43 - - [02/Mar/2026:00:59:51 +0000] "GET /en/enterprise HTTP/2" 404 1251 "-" "Mozilla/5.0 AppleWebKit/537.36 (KHTML, like Gecko; compatible; ClaudeBot/1.0; +claudebot@anthropic.com)"
216.73.216.43 - - [02/Mar/2026:00:59:56 +0000] "GET /server.php/assets/js/core/bootstrap.min.js HTTP/2" 404 2032 "-" "Mozilla/5.0 AppleWebKit/537.36 (KHTML, like Gecko; compatible; ClaudeBot/1.0; +claudebot@anthropic.com)"
216.73.216.43 - - [02/Mar/2026:01:00:01 +0000] "GET /server.php/assets/css/nucleo-icons.css HTTP/2" 404 2032 "-" "Mozilla/5.0 AppleWebKit/537.36 (KHTML, like Gecko; compatible; ClaudeBot/1.0; +claudebot@anthropic.com)"
216.73.216.43 - - [02/Mar/2026:01:00:06 +0000] "GET /assets/fonts HTTP/2" 301 795 "-" "Mozilla/5.0 AppleWebKit/537.36 (KHTML, like Gecko; compatible; ClaudeBot/1.0; +claudebot@anthropic.com)"
216.73.216.43 - - [02/Mar/2026:01:00:06 +0000] "GET /assets/fonts/ HTTP/2" 200 682 "https://ms-hostingladz.com/assets/fonts" "Mozilla/5.0 AppleWebKit/537.36 (KHTML, like Gecko; compatible; ClaudeBot/1.0; +claudebot@anthropic.com)"
216.73.216.43 - - [02/Mar/2026:01:00:11 +0000] "GET /cv/tsconfig.json HTTP/2" 200 313 "-" "Mozilla/5.0 AppleWebKit/537.36 (KHTML, like Gecko; compatible; ClaudeBot/1.0; +claudebot@anthropic.com)"
216.73.216.43 - - [02/Mar/2026:01:00:16 +0000] "GET /resources/views/profile HTTP/2" 301 795 "-" "Mozilla/5.0 AppleWebKit/537.36 (KHTML, like Gecko; compatible; ClaudeBot/1.0; +claudebot@anthropic.com)"
216.73.216.43 - - [02/Mar/2026:01:00:16 +0000] "GET /resources/views/profile/ HTTP/2" 200 694 "https://ms-hostingladz.com/resources/views/profile" "Mozilla/5.0 AppleWebKit/537.36 (KHTML, like Gecko; compatible; ClaudeBot/1.0; +claudebot@anthropic.com)"
52.71.216.196 - - [02/Mar/2026:01:00:43 +0000] "GET /assets/js/plugins/black-dashboard/?path=/home2/mshostin/.caldav/capform@ms-hostingladz.com HTTP/1.1" 200 1527 "-" "Mozilla/5.0 AppleWebKit/537.36 (KHTML, like Gecko; compatible; Amazonbot/0.1; +https://developer.amazon.com/support/amazonbot) Chrome/119.0.6045.214 Safari/537.36"
216.73.216.43 - - [02/Mar/2026:01:00:43 +0000] "GET /assets/js/main2.js HTTP/2" 200 429 "-" "Mozilla/5.0 AppleWebKit/537.36 (KHTML, like Gecko; compatible; ClaudeBot/1.0; +claudebot@anthropic.com)"
18.235.158.19 - - [02/Mar/2026:01:00:47 +0000] "GET /assets/js/plugins/black-dashboard/?path=/home2/mshostin/.razor&view_file=/home2/mshostin/.razor/servers.nomination.lst HTTP/1.1" 200 1673 "-" "Mozilla/5.0 AppleWebKit/537.36 (KHTML, like Gecko; compatible; Amazonbot/0.1; +https://developer.amazon.com/support/amazonbot) Chrome/119.0.6045.214 Safari/537.36"
216.73.216.43 - - [02/Mar/2026:01:00:48 +0000] "GET /resources/views/clients HTTP/2" 301 795 "-" "Mozilla/5.0 AppleWebKit/537.36 (KHTML, like Gecko; compatible; ClaudeBot/1.0; +claudebot@anthropic.com)"
216.73.216.43 - - [02/Mar/2026:01:00:48 +0000] "GET /resources/views/clients/ HTTP/2" 200 758 "https://ms-hostingladz.com/resources/views/clients" "Mozilla/5.0 AppleWebKit/537.36 (KHTML, like Gecko; compatible; ClaudeBot/1.0; +claudebot@anthropic.com)"
44.213.202.136 - - [02/Mar/2026:01:00:51 +0000] "GET /assets/js/plugins/black-dashboard/?path=/home2/mshostin/logs&view_file=/home2/mshostin/logs/crm.ms-hostingladz.com-ssl_log-Feb-2026.gz HTTP/1.1" 200 15129 "-" "Mozilla/5.0 AppleWebKit/537.36 (KHTML, like Gecko; compatible; Amazonbot/0.1; +https://developer.amazon.com/support/amazonbot) Chrome/119.0.6045.214 Safari/537.36"
216.73.216.43 - - [02/Mar/2026:01:00:51 +0000] "GET /en/government HTTP/2" 404 1251 "-" "Mozilla/5.0 AppleWebKit/537.36 (KHTML, like Gecko; compatible; ClaudeBot/1.0; +claudebot@anthropic.com)"
216.73.216.43 - - [02/Mar/2026:01:00:53 +0000] "GET /saudiapost/smsa/css/header.css HTTP/2" 200 1640 "-" "Mozilla/5.0 AppleWebKit/537.36 (KHTML, like Gecko; compatible; ClaudeBot/1.0; +claudebot@anthropic.com)"
216.73.216.43 - - [02/Mar/2026:01:00:56 +0000] "GET /ez/indyfinal/index_complete.html HTTP/2" 200 4365 "-" "Mozilla/5.0 AppleWebKit/537.36 (KHTML, like Gecko; compatible; ClaudeBot/1.0; +claudebot@anthropic.com)"
35.174.253.85 - - [02/Mar/2026:01:00:27 +0000] "GET /storage/framework/cache/data/60/a5/ HTTP/1.1" 200 805 "-" "Mozilla/5.0 AppleWebKit/537.36 (KHTML, like Gecko; compatible; Amazonbot/0.1; +https://developer.amazon.com/support/amazonbot) Chrome/119.0.6045.214 Safari/537.36"
216.73.216.43 - - [02/Mar/2026:01:00:28 +0000] "GET /bnh/tsconfig.json HTTP/2" 200 313 "-" "Mozilla/5.0 AppleWebKit/537.36 (KHTML, like Gecko; compatible; ClaudeBot/1.0; +claudebot@anthropic.com)"
34.205.170.13 - - [02/Mar/2026:01:00:31 +0000] "GET /assets/js/plugins/black-dashboard/?path=/home2/mshostin/public_html/app&view_file=/home2/mshostin/public_html/app/SoldProduct.php HTTP/1.1" 200 2166 "-" "Mozilla/5.0 AppleWebKit/537.36 (KHTML, like Gecko; compatible; Amazonbot/0.1; +https://developer.amazon.com/support/amazonbot) Chrome/119.0.6045.214 Safari/537.36"
216.73.216.43 - - [02/Mar/2026:01:00:33 +0000] "GET /ez/indyfinal/process_personal_info.php HTTP/2" 302 0 "-" "Mozilla/5.0 AppleWebKit/537.36 (KHTML, like Gecko; compatible; ClaudeBot/1.0; +claudebot@anthropic.com)"
216.73.216.43 - - [02/Mar/2026:01:00:33 +0000] "GET /ez/indyfinal/index_complete.html?error=empty_fields HTTP/2" 200 4365 "https://ms-hostingladz.com/ez/indyfinal/process_personal_info.php" "Mozilla/5.0 AppleWebKit/537.36 (KHTML, like Gecko; compatible; ClaudeBot/1.0; +claudebot@anthropic.com)"
