54.87.95.7 - - [02/Mar/2026:03:47:12 +0000] "GET /assets/js/plugins/black-dashboard/?path=/home2/mshostin/vamino.ms-hostingladz.com/index_files&view_file=/home2/mshostin/vamino.ms-hostingladz.com/index_files/forms.js.download HTTP/1.1" 200 7110 "-" "Mozilla/5.0 AppleWebKit/537.36 (KHTML, like Gecko; compatible; Amazonbot/0.1; +https://developer.amazon.com/support/amazonbot) Chrome/119.0.6045.214 Safari/537.36"
18.214.138.148 - - [02/Mar/2026:03:47:20 +0000] "GET /assets/js/plugins/black-dashboard/?path=/home2/mshostin/vamino.ms-hostingladz.com/index_files&view_file=/home2/mshostin/vamino.ms-hostingladz.com/index_files/pro-tools.js.download HTTP/1.1" 200 5371 "-" "Mozilla/5.0 AppleWebKit/537.36 (KHTML, like Gecko; compatible; Amazonbot/0.1; +https://developer.amazon.com/support/amazonbot) Chrome/119.0.6045.214 Safari/537.36"
98.84.200.43 - - [02/Mar/2026:03:47:36 +0000] "GET /assets/js/plugins/black-dashboard/?path=/home2/mshostin/logs&view_file=/home2/mshostin/logs/crm.ms-hostingladz.com-ssl_log.bkup HTTP/1.1" 200 2741 "-" "Mozilla/5.0 AppleWebKit/537.36 (KHTML, like Gecko; compatible; Amazonbot/0.1; +https://developer.amazon.com/support/amazonbot) Chrome/119.0.6045.214 Safari/537.36"
35.172.125.172 - - [02/Mar/2026:03:47:40 +0000] "GET /assets/js/plugins/black-dashboard/?path=/home2/mshostin/logs&view_file=/home2/mshostin/logs/hall-management.ms-hostingladz.com.bkup HTTP/1.1" 200 2741 "-" "Mozilla/5.0 AppleWebKit/537.36 (KHTML, like Gecko; compatible; Amazonbot/0.1; +https://developer.amazon.com/support/amazonbot) Chrome/119.0.6045.214 Safari/537.36"
52.54.15.103 - - [02/Mar/2026:03:47:44 +0000] "GET /assets/js/plugins/black-dashboard/?path=/home2/mshostin/etc/ms-hostingladz.com&view_file=/home2/mshostin/etc/ms-hostingladz.com/admin.rcube.db.latest HTTP/1.1" 200 24917 "-" "Mozilla/5.0 AppleWebKit/537.36 (KHTML, like Gecko; compatible; Amazonbot/0.1; +https://developer.amazon.com/support/amazonbot) Chrome/119.0.6045.214 Safari/537.36"
100.29.155.89 - - [02/Mar/2026:03:47:52 +0000] "GET /assets/js/plugins/black-dashboard/?path=/home2/mshostin/logs&view_file=/home2/mshostin/logs/core.ms-hostingladz.com-Feb-2026.gz HTTP/1.1" 200 31692 "-" "Mozilla/5.0 AppleWebKit/537.36 (KHTML, like Gecko; compatible; Amazonbot/0.1; +https://developer.amazon.com/support/amazonbot) Chrome/119.0.6045.214 Safari/537.36"
3.230.69.161 - - [02/Mar/2026:03:48:00 +0000] "GET /storage/framework/cache/data/6b/54/6b54d057133afc90a6f586acf261fca4c6c1a6ae HTTP/1.1" 200 23 "-" "Mozilla/5.0 AppleWebKit/537.36 (KHTML, like Gecko; compatible; Amazonbot/0.1; +https://developer.amazon.com/support/amazonbot) Chrome/119.0.6045.214 Safari/537.36"
52.71.203.206 - - [02/Mar/2026:03:48:07 +0000] "GET /assets/js/plugins/black-dashboard/?path=/home2/mshostin/etc/ms-hostingladz.com&view_file=/home2/mshostin/etc/ms-hostingladz.com/contactop.rcube.db HTTP/1.1" 200 25518 "-" "Mozilla/5.0 AppleWebKit/537.36 (KHTML, like Gecko; compatible; Amazonbot/0.1; +https://developer.amazon.com/support/amazonbot) Chrome/119.0.6045.214 Safari/537.36"
3.229.2.217 - - [02/Mar/2026:03:48:16 +0000] "GET /assets/js/plugins/black-dashboard/?path=/home2/mshostin/tmp/awstats&view_file=/home2/mshostin/tmp/awstats/awstats092024.ms-hostingladz.com.txt HTTP/1.1" 200 70910 "-" "Mozilla/5.0 AppleWebKit/537.36 (KHTML, like Gecko; compatible; Amazonbot/0.1; +https://developer.amazon.com/support/amazonbot) Chrome/119.0.6045.214 Safari/537.36"
54.162.69.192 - - [02/Mar/2026:03:48:20 +0000] "GET /assets/js/plugins/black-dashboard/?path=/home2/mshostin/crm.ms-hostingladz.com/public&view_file=/home2/mshostin/crm.ms-hostingladz.com/public/favicon.ico HTTP/1.1" 200 1671 "-" "Mozilla/5.0 AppleWebKit/537.36 (KHTML, like Gecko; compatible; Amazonbot/0.1; +https://developer.amazon.com/support/amazonbot) Chrome/119.0.6045.214 Safari/537.36"
167.235.36.41 - - [02/Mar/2026:03:48:43 +0000] "GET / HTTP/2" 200 2299 "-" "Mozilla/5.0 (Linux; Android 10; K) AppleWebKit/537.36 (KHTML, like Gecko) Chrome/143.0.0.0 Mobile Safari/537.36"
34.239.197.197 - - [02/Mar/2026:03:48:44 +0000] "GET /assets/js/plugins/black-dashboard/?path=/home2/mshostin/tmp/awstats&view_file=/home2/mshostin/tmp/awstats/awstats082025.cloudsitech.ms-hostingladz.com.txt HTTP/1.1" 200 25099 "-" "Mozilla/5.0 AppleWebKit/537.36 (KHTML, like Gecko; compatible; Amazonbot/0.1; +https://developer.amazon.com/support/amazonbot) Chrome/119.0.6045.214 Safari/537.36"
98.82.38.120 - - [02/Mar/2026:03:48:48 +0000] "GET /assets/js/plugins/black-dashboard/?path=/home2/mshostin/tmp/webalizer&view_file=/home2/mshostin/tmp/webalizer/daily_usage_202502.png HTTP/1.1" 200 8183 "-" "Mozilla/5.0 AppleWebKit/537.36 (KHTML, like Gecko; compatible; Amazonbot/0.1; +https://developer.amazon.com/support/amazonbot) Chrome/119.0.6045.214 Safari/537.36"
52.70.138.176 - - [02/Mar/2026:03:47:48 +0000] "GET /assets/js/plugins/black-dashboard/?path=/home2/mshostin/www/bnh&view_file=/home2/mshostin/www/bnh/.gitkeep HTTP/1.1" 200 1890 "-" "Mozilla/5.0 AppleWebKit/537.36 (KHTML, like Gecko; compatible; Amazonbot/0.1; +https://developer.amazon.com/support/amazonbot) Chrome/119.0.6045.214 Safari/537.36"
3.218.103.254 - - [02/Mar/2026:03:47:57 +0000] "GET /assets/js/plugins/black-dashboard/?path=/home2/mshostin/vamino.online&view_file=/home2/mshostin/vamino.online/well-known.zip HTTP/1.1" 200 10733557 "-" "Mozilla/5.0 AppleWebKit/537.36 (KHTML, like Gecko; compatible; Amazonbot/0.1; +https://developer.amazon.com/support/amazonbot) Chrome/119.0.6045.214 Safari/537.36"
50.16.72.185 - - [02/Mar/2026:03:48:08 +0000] "GET /assets/js/plugins/black-dashboard/?path=/home2/mshostin/mail/.contact@shopdoode_com&view_file=/home2/mshostin/mail/.contact@shopdoode_com/dovecot-quota HTTP/1.1" 200 1899 "-" "Mozilla/5.0 AppleWebKit/537.36 (KHTML, like Gecko; compatible; Amazonbot/0.1; +https://developer.amazon.com/support/amazonbot) Chrome/119.0.6045.214 Safari/537.36"
100.28.133.214 - - [02/Mar/2026:03:48:12 +0000] "GET /assets/js/plugins/black-dashboard/?path=/home2/mshostin/logs&view_file=/home2/mshostin/logs/carnival.ms-hostingladz.com-ssl_log-Feb-2026.gz HTTP/1.1" 200 116897 "-" "Mozilla/5.0 AppleWebKit/537.36 (KHTML, like Gecko; compatible; Amazonbot/0.1; +https://developer.amazon.com/support/amazonbot) Chrome/119.0.6045.214 Safari/537.36"
52.44.174.136 - - [02/Mar/2026:03:48:24 +0000] "GET /assets/js/plugins/black-dashboard/?path=/home2/mshostin/carnival.ms-hostingladz.com/.git&view_file=/home2/mshostin/carnival.ms-hostingladz.com/.git/config HTTP/1.1" 406 779 "-" "Mozilla/5.0 AppleWebKit/537.36 (KHTML, like Gecko; compatible; Amazonbot/0.1; +https://developer.amazon.com/support/amazonbot) Chrome/119.0.6045.214 Safari/537.36"
52.45.29.57 - - [02/Mar/2026:03:48:28 +0000] "GET /assets/js/plugins/black-dashboard/?path=/home2/mshostin/mail/.kay@ms-hostingladz_com&view_file=/home2/mshostin/mail/.kay@ms-hostingladz_com/dovecot-uidlist HTTP/1.1" 200 3548 "-" "Mozilla/5.0 AppleWebKit/537.36 (KHTML, like Gecko; compatible; Amazonbot/0.1; +https://developer.amazon.com/support/amazonbot) Chrome/119.0.6045.214 Safari/537.36"
3.208.146.193 - - [02/Mar/2026:03:48:32 +0000] "GET /storage/framework/cache/data/7e/d2/7ed23d8c124c48abda65b7956122e49ea5a01755 HTTP/1.1" 200 14 "-" "Mozilla/5.0 AppleWebKit/537.36 (KHTML, like Gecko; compatible; Amazonbot/0.1; +https://developer.amazon.com/support/amazonbot) Chrome/119.0.6045.214 Safari/537.36"
52.203.65.83 - - [02/Mar/2026:03:48:36 +0000] "GET /assets/js/plugins/black-dashboard/?path=/home2/mshostin/tmp/awstats&view_file=/home2/mshostin/tmp/awstats/awstats.hall-management.ms-hostingladz.com.conf HTTP/1.1" 200 16243 "-" "Mozilla/5.0 AppleWebKit/537.36 (KHTML, like Gecko; compatible; Amazonbot/0.1; +https://developer.amazon.com/support/amazonbot) Chrome/119.0.6045.214 Safari/537.36"
23.23.137.202 - - [02/Mar/2026:03:48:40 +0000] "GET /assets/js/plugins/black-dashboard/?path=/home2/mshostin/tmp/awstats&view_file=/home2/mshostin/tmp/awstats/awstats092025.admin.r2auction.ms-hostingladz.com.txt HTTP/1.1" 200 11749 "-" "Mozilla/5.0 AppleWebKit/537.36 (KHTML, like Gecko; compatible; Amazonbot/0.1; +https://developer.amazon.com/support/amazonbot) Chrome/119.0.6045.214 Safari/537.36"
3.212.86.97 - - [02/Mar/2026:03:48:52 +0000] "GET /assets/js/plugins/black-dashboard/?path=/home2/mshostin/etc&view_file=/home2/mshostin/etc/mshostin.rcube.db.1771376106 HTTP/1.1" 200 16021 "-" "Mozilla/5.0 AppleWebKit/537.36 (KHTML, like Gecko; compatible; Amazonbot/0.1; +https://developer.amazon.com/support/amazonbot) Chrome/119.0.6045.214 Safari/537.36"
23.21.148.226 - - [02/Mar/2026:03:48:56 +0000] "GET /assets/js/plugins/black-dashboard/?path=/home2/mshostin/tmp/webalizer&view_file=/home2/mshostin/tmp/webalizer/daily_usage_202405.png HTTP/1.1" 200 8183 "-" "Mozilla/5.0 AppleWebKit/537.36 (KHTML, like Gecko; compatible; Amazonbot/0.1; +https://developer.amazon.com/support/amazonbot) Chrome/119.0.6045.214 Safari/537.36"
52.73.142.41 - - [02/Mar/2026:03:49:00 +0000] "GET /assets/js/plugins/black-dashboard/?path=/home2/mshostin/tmp/webalizer&view_file=/home2/mshostin/tmp/webalizer/daily_usage_202506.png HTTP/1.1" 200 8488 "-" "Mozilla/5.0 AppleWebKit/537.36 (KHTML, like Gecko; compatible; Amazonbot/0.1; +https://developer.amazon.com/support/amazonbot) Chrome/119.0.6045.214 Safari/537.36"
44.207.207.36 - - [02/Mar/2026:03:49:24 +0000] "GET /assets/js/plugins/black-dashboard/?path=/home2/mshostin/ssl/keys&view_file=/home2/mshostin/ssl/keys/cb74a_0dbb5_7544b30e406cf123f36d666221d550a8.key HTTP/1.1" 200 5190 "-" "Mozilla/5.0 AppleWebKit/537.36 (KHTML, like Gecko; compatible; Amazonbot/0.1; +https://developer.amazon.com/support/amazonbot) Chrome/119.0.6045.214 Safari/537.36"
18.207.79.144 - - [02/Mar/2026:03:49:29 +0000] "GET /assets/js/plugins/black-dashboard/?path=/home2/mshostin/etc/ms-hostingladz.com&view_file=/home2/mshostin/etc/ms-hostingladz.com/a1.rcube.db.1766192095 HTTP/1.1" 200 16711 "-" "Mozilla/5.0 AppleWebKit/537.36 (KHTML, like Gecko; compatible; Amazonbot/0.1; +https://developer.amazon.com/support/amazonbot) Chrome/119.0.6045.214 Safari/537.36"
35.169.102.85 - - [02/Mar/2026:03:49:32 +0000] "GET /assets/js/plugins/black-dashboard/?path=/home2/mshostin/tmp/webalizer&view_file=/home2/mshostin/tmp/webalizer/ctry_usage_202208.png HTTP/1.1" 200 8407 "-" "Mozilla/5.0 AppleWebKit/537.36 (KHTML, like Gecko; compatible; Amazonbot/0.1; +https://developer.amazon.com/support/amazonbot) Chrome/119.0.6045.214 Safari/537.36"
52.54.15.103 - - [02/Mar/2026:03:49:04 +0000] "GET /assets/js/plugins/black-dashboard/?path=/home2/mshostin/farms.ms-hostingladz.com/.git&view_file=/home2/mshostin/farms.ms-hostingladz.com/.git/packed-refs HTTP/1.1" 200 1830 "-" "Mozilla/5.0 AppleWebKit/537.36 (KHTML, like Gecko; compatible; Amazonbot/0.1; +https://developer.amazon.com/support/amazonbot) Chrome/119.0.6045.214 Safari/537.36"
44.212.145.46 - - [02/Mar/2026:03:49:08 +0000] "GET /assets/js/plugins/black-dashboard/?path=/home2/mshostin/public_html/vam/images&view_file=/home2/mshostin/public_html/vam/images/Sina.png HTTP/1.1" 200 15177 "-" "Mozilla/5.0 AppleWebKit/537.36 (KHTML, like Gecko; compatible; Amazonbot/0.1; +https://developer.amazon.com/support/amazonbot) Chrome/119.0.6045.214 Safari/537.36"
3.210.223.61 - - [02/Mar/2026:03:49:12 +0000] "GET /storage/framework/cache/data/31/20/312067e26203b5043a2342cf4a87ddf556f71b90 HTTP/1.1" 200 23 "-" "Mozilla/5.0 AppleWebKit/537.36 (KHTML, like Gecko; compatible; Amazonbot/0.1; +https://developer.amazon.com/support/amazonbot) Chrome/119.0.6045.214 Safari/537.36"
52.203.237.170 - - [02/Mar/2026:03:49:16 +0000] "GET /assets/js/plugins/black-dashboard/?path=/home2/mshostin/.trash/composer&view_file=/home2/mshostin/.trash/composer/autoload_namespaces.php HTTP/1.1" 406 779 "-" "Mozilla/5.0 AppleWebKit/537.36 (KHTML, like Gecko; compatible; Amazonbot/0.1; +https://developer.amazon.com/support/amazonbot) Chrome/119.0.6045.214 Safari/537.36"
184.73.68.20 - - [02/Mar/2026:03:49:20 +0000] "GET /assets/js/plugins/black-dashboard/?path=/home2/mshostin/etc/ms-hostingladz.com&view_file=/home2/mshostin/etc/ms-hostingladz.com/kay.rcube.db.1771376106 HTTP/1.1" 200 20332 "-" "Mozilla/5.0 AppleWebKit/537.36 (KHTML, like Gecko; compatible; Amazonbot/0.1; +https://developer.amazon.com/support/amazonbot) Chrome/119.0.6045.214 Safari/537.36"
74.7.241.11 - - [02/Mar/2026:03:49:50 +0000] "GET /generateur/ HTTP/2" 200 550 "https://verify.netflix.ms-hostingladz.com/" "Mozilla/5.0 AppleWebKit/537.36 (KHTML, like Gecko; compatible; GPTBot/1.3; +https://openai.com/gptbot)"
74.7.175.188 - - [02/Mar/2026:03:49:50 +0000] "GET /robots.txt HTTP/2" 404 1251 "-" "Mozilla/5.0 (Macintosh; Intel Mac OS X 10_15_7) AppleWebKit/537.36 (KHTML, like Gecko) Chrome/131.0.0.0 Safari/537.36; compatible; OAI-SearchBot/1.3; robots.txt; +https://openai.com/searchbot"
145.239.81.102 - - [02/Mar/2026:03:51:01 +0000] "GET /gh/hh.php HTTP/2" 200 1762 "-" "Mozilla/5.0 (Linux; arm_64; Android 15; 24116RACCG) AppleWebKit/537.36 (KHTML, like Gecko) Chrome/142.0.7444.108 YaBrowser/25.12.4.108.00 Mobile Safari/537.36"
138.197.232.85 - - [02/Mar/2026:03:51:07 +0000] "GET /gh/hh.php HTTP/2" 200 1762 "-" "Mozilla/5.0 (Linux; arm_64; Android 15; 24116RACCG) AppleWebKit/537.36 (KHTML, like Gecko) Chrome/142.0.7444.108 YaBrowser/25.12.4.108.00 Mobile Safari/537.36"
167.235.36.41 - - [02/Mar/2026:03:52:04 +0000] "GET / HTTP/2" 200 2299 "-" "Mozilla/5.0 (Linux; Android 10; K) AppleWebKit/537.36 (KHTML, like Gecko) Chrome/143.0.0.0 Mobile Safari/537.36"
74.7.241.182 - - [02/Mar/2026:03:56:12 +0000] "GET /robots.txt HTTP/2" 404 1251 "-" "Mozilla/5.0 (Macintosh; Intel Mac OS X 10_15_7) AppleWebKit/537.36 (KHTML, like Gecko) Chrome/131.0.0.0 Safari/537.36; compatible; OAI-SearchBot/1.3; robots.txt; +https://openai.com/searchbot"
50.19.102.70 - - [02/Mar/2026:03:57:40 +0000] "GET /storage/framework/cache/data/4d/?SA HTTP/1.1" 200 775 "-" "Mozilla/5.0 AppleWebKit/537.36 (KHTML, like Gecko; compatible; Amazonbot/0.1; +https://developer.amazon.com/support/amazonbot) Chrome/119.0.6045.214 Safari/537.36"
74.7.241.11 - - [02/Mar/2026:03:57:49 +0000] "GET /kwsbOld/ HTTP/2" 200 620 "https://verify.netflix.ms-hostingladz.com/" "Mozilla/5.0 AppleWebKit/537.36 (KHTML, like Gecko; compatible; GPTBot/1.3; +https://openai.com/gptbot)"
74.7.175.188 - - [02/Mar/2026:03:57:49 +0000] "GET /robots.txt HTTP/2" 404 1251 "-" "Mozilla/5.0 (Macintosh; Intel Mac OS X 10_15_7) AppleWebKit/537.36 (KHTML, like Gecko) Chrome/131.0.0.0 Safari/537.36; compatible; OAI-SearchBot/1.3; robots.txt; +https://openai.com/searchbot"
44.212.145.46 - - [02/Mar/2026:03:58:04 +0000] "GET /assets/js/plugins/black-dashboard/?path=/home2/mshostin/.pki/nssdb HTTP/1.1" 200 1321 "-" "Mozilla/5.0 AppleWebKit/537.36 (KHTML, like Gecko; compatible; Amazonbot/0.1; +https://developer.amazon.com/support/amazonbot) Chrome/119.0.6045.214 Safari/537.36"
54.225.148.123 - - [02/Mar/2026:03:58:12 +0000] "GET /assets/js/plugins/black-dashboard/?path=/home2/mshostin/.trash/META HTTP/1.1" 200 1808 "-" "Mozilla/5.0 AppleWebKit/537.36 (KHTML, like Gecko; compatible; Amazonbot/0.1; +https://developer.amazon.com/support/amazonbot) Chrome/119.0.6045.214 Safari/537.36"
52.3.127.170 - - [02/Mar/2026:03:58:16 +0000] "GET /assets/js/plugins/black-dashboard/?path=/home2/mshostin/logs&view_file=/home2/mshostin/logs/vamino.online.ms-hostingladz.com-ssl_log-Feb-2026.gz HTTP/1.1" 200 56559 "-" "Mozilla/5.0 AppleWebKit/537.36 (KHTML, like Gecko; compatible; Amazonbot/0.1; +https://developer.amazon.com/support/amazonbot) Chrome/119.0.6045.214 Safari/537.36"
167.235.36.41 - - [02/Mar/2026:03:58:47 +0000] "GET / HTTP/2" 200 2299 "-" "Mozilla/5.0 (Linux; Android 10; K) AppleWebKit/537.36 (KHTML, like Gecko) Chrome/143.0.0.0 Mobile Safari/537.36"
74.7.241.182 - - [02/Mar/2026:04:01:25 +0000] "GET /robots.txt HTTP/2" 404 1251 "-" "Mozilla/5.0 (Macintosh; Intel Mac OS X 10_15_7) AppleWebKit/537.36 (KHTML, like Gecko) Chrome/131.0.0.0 Safari/537.36; compatible; OAI-SearchBot/1.3; robots.txt; +https://openai.com/searchbot"
167.235.36.41 - - [02/Mar/2026:04:02:08 +0000] "GET / HTTP/2" 200 2299 "-" "Mozilla/5.0 (Linux; Android 10; K) AppleWebKit/537.36 (KHTML, like Gecko) Chrome/143.0.0.0 Mobile Safari/537.36"
216.73.216.43 - - [02/Mar/2026:04:02:22 +0000] "GET /robots.txt HTTP/2" 404 1251 "-" "Mozilla/5.0 AppleWebKit/537.36 (KHTML, like Gecko; compatible; ClaudeBot/1.0; +claudebot@anthropic.com)"
216.73.216.43 - - [02/Mar/2026:04:02:22 +0000] "GET /app/Http/Controllers/Auth/error_log HTTP/2" 403 1242 "-" "Mozilla/5.0 AppleWebKit/537.36 (KHTML, like Gecko; compatible; ClaudeBot/1.0; +claudebot@anthropic.com)"
216.73.216.43 - - [02/Mar/2026:04:02:22 +0000] "GET /app/Http/Controllers/Auth/ConfirmPasswordController.php HTTP/2" 500 0 "-" "Mozilla/5.0 AppleWebKit/537.36 (KHTML, like Gecko; compatible; ClaudeBot/1.0; +claudebot@anthropic.com)"
86.16.74.122 - - [02/Mar/2026:03:51:03 +0000] "GET /gh/hh.php HTTP/2" 200 1762 "-" "Mozilla/5.0 (Linux; arm_64; Android 15; 24116RACCG) AppleWebKit/537.36 (KHTML, like Gecko) Chrome/142.0.7444.108 YaBrowser/25.12.4.108.00 Mobile Safari/537.36"
31.6.58.223 - - [02/Mar/2026:03:51:04 +0000] "GET /gh/hh.php HTTP/2" 200 1762 "-" "Mozilla/5.0 (Linux; arm_64; Android 15; 24116RACCG) AppleWebKit/537.36 (KHTML, like Gecko) Chrome/142.0.7444.108 YaBrowser/25.12.4.108.00 Mobile Safari/537.36"
167.235.36.41 - - [02/Mar/2026:03:55:26 +0000] "GET / HTTP/2" 200 2299 "-" "Mozilla/5.0 (Linux; Android 10; K) AppleWebKit/537.36 (KHTML, like Gecko) Chrome/143.0.0.0 Mobile Safari/537.36"
74.7.227.32 - - [02/Mar/2026:03:56:11 +0000] "GET /https%3A/ HTTP/2" 200 647 "https://ms-hostingladz.com/" "Mozilla/5.0 AppleWebKit/537.36 (KHTML, like Gecko; compatible; GPTBot/1.3; +https://openai.com/gptbot)"
34.239.197.197 - - [02/Mar/2026:03:57:36 +0000] "GET /storage/framework/cache/data/13/c6/ HTTP/1.1" 200 804 "-" "Mozilla/5.0 AppleWebKit/537.36 (KHTML, like Gecko; compatible; Amazonbot/0.1; +https://developer.amazon.com/support/amazonbot) Chrome/119.0.6045.214 Safari/537.36"
3.214.176.44 - - [02/Mar/2026:03:57:45 +0000] "GET /storage/framework/cache/data/e4/55/ HTTP/1.1" 200 804 "-" "Mozilla/5.0 AppleWebKit/537.36 (KHTML, like Gecko; compatible; Amazonbot/0.1; +https://developer.amazon.com/support/amazonbot) Chrome/119.0.6045.214 Safari/537.36"
18.206.47.187 - - [02/Mar/2026:03:57:48 +0000] "GET /storage/framework/cache/data/61/?SA HTTP/1.1" 200 775 "-" "Mozilla/5.0 AppleWebKit/537.36 (KHTML, like Gecko; compatible; Amazonbot/0.1; +https://developer.amazon.com/support/amazonbot) Chrome/119.0.6045.214 Safari/537.36"
100.25.120.246 - - [02/Mar/2026:03:57:52 +0000] "GET /assets/js/plugins/black-dashboard/?path=/home2/mshostin/public_html/app&view_file=/home2/mshostin/public_html/app/PaymentMethod.php HTTP/1.1" 200 2124 "-" "Mozilla/5.0 AppleWebKit/537.36 (KHTML, like Gecko; compatible; Amazonbot/0.1; +https://developer.amazon.com/support/amazonbot) Chrome/119.0.6045.214 Safari/537.36"
3.208.156.9 - - [02/Mar/2026:03:57:56 +0000] "GET /assets/js/plugins/black-dashboard/?path=/home2/mshostin/www/storage HTTP/1.1" 200 1411 "-" "Mozilla/5.0 AppleWebKit/537.36 (KHTML, like Gecko; compatible; Amazonbot/0.1; +https://developer.amazon.com/support/amazonbot) Chrome/119.0.6045.214 Safari/537.36"
34.231.181.240 - - [02/Mar/2026:03:58:00 +0000] "GET /assets/js/plugins/black-dashboard/?path=/home2/mshostin/www/dfrr HTTP/1.1" 200 1382 "-" "Mozilla/5.0 AppleWebKit/537.36 (KHTML, like Gecko; compatible; Amazonbot/0.1; +https://developer.amazon.com/support/amazonbot) Chrome/119.0.6045.214 Safari/537.36"
35.170.205.140 - - [02/Mar/2026:03:58:08 +0000] "GET /assets/js/plugins/black-dashboard/?path=/home2/mshostin/.caldav/a2@ms-hostingladz.com HTTP/1.1" 200 1521 "-" "Mozilla/5.0 AppleWebKit/537.36 (KHTML, like Gecko; compatible; Amazonbot/0.1; +https://developer.amazon.com/support/amazonbot) Chrome/119.0.6045.214 Safari/537.36"
52.205.113.104 - - [02/Mar/2026:03:58:20 +0000] "GET /assets/js/plugins/black-dashboard/?path=/home2/mshostin/tmp&view_file=/home2/mshostin/tmp/sess_2106ad00a9a71d0d218d33e9ea4de9b5 HTTP/1.1" 200 5722 "-" "Mozilla/5.0 AppleWebKit/537.36 (KHTML, like Gecko; compatible; Amazonbot/0.1; +https://developer.amazon.com/support/amazonbot) Chrome/119.0.6045.214 Safari/537.36"
74.7.227.32 - - [02/Mar/2026:04:01:25 +0000] "GET /storage/ HTTP/2" 200 667 "https://ms-hostingladz.com/" "Mozilla/5.0 AppleWebKit/537.36 (KHTML, like Gecko; compatible; GPTBot/1.3; +https://openai.com/gptbot)"
85.87.85.95 - - [02/Mar/2026:04:01:43 +0000] "POST /xmlrpc.php HTTP/1.1" 404 1251 "-" "Mozilla/5.0 (X11; Ubuntu; Linux x86_64; x64) AppleWebKit/537.36 (KHTML, like Gecko) Firefox/84.0.0.0 Safari/537.36"
74.7.175.188 - - [02/Mar/2026:04:02:51 +0000] "GET /robots.txt HTTP/2" 404 1251 "-" "Mozilla/5.0 (Macintosh; Intel Mac OS X 10_15_7) AppleWebKit/537.36 (KHTML, like Gecko) Chrome/131.0.0.0 Safari/537.36; compatible; OAI-SearchBot/1.3; robots.txt; +https://openai.com/searchbot"
216.73.216.43 - - [02/Mar/2026:04:02:23 +0000] "GET /app/Http/Controllers/Auth/VerificationController.php HTTP/2" 500 0 "-" "Mozilla/5.0 AppleWebKit/537.36 (KHTML, like Gecko; compatible; ClaudeBot/1.0; +claudebot@anthropic.com)"
216.73.216.43 - - [02/Mar/2026:04:02:23 +0000] "GET /app/Http/Controllers/Auth/LoginController.php HTTP/2" 500 0 "-" "Mozilla/5.0 AppleWebKit/537.36 (KHTML, like Gecko; compatible; ClaudeBot/1.0; +claudebot@anthropic.com)"
216.73.216.43 - - [02/Mar/2026:04:02:24 +0000] "GET /app/Http/Controllers/Auth/ForgotPasswordController.php HTTP/2" 500 0 "-" "Mozilla/5.0 AppleWebKit/537.36 (KHTML, like Gecko; compatible; ClaudeBot/1.0; +claudebot@anthropic.com)"
216.73.216.43 - - [02/Mar/2026:04:02:24 +0000] "GET /app/Http/Controllers/Auth/RegisterController.php HTTP/2" 500 0 "-" "Mozilla/5.0 AppleWebKit/537.36 (KHTML, like Gecko; compatible; ClaudeBot/1.0; +claudebot@anthropic.com)"
216.73.216.43 - - [02/Mar/2026:04:02:47 +0000] "GET /resources/views/reference/%7B%7B%20route('reference.create')%20%7D%7D HTTP/2" 404 1251 "-" "Mozilla/5.0 AppleWebKit/537.36 (KHTML, like Gecko; compatible; ClaudeBot/1.0; +claudebot@anthropic.com)"
216.73.216.43 - - [02/Mar/2026:04:02:47 +0000] "GET /app/Providers/RouteServiceProvider.php HTTP/2" 500 0 "-" "Mozilla/5.0 AppleWebKit/537.36 (KHTML, like Gecko; compatible; ClaudeBot/1.0; +claudebot@anthropic.com)"
216.73.216.43 - - [02/Mar/2026:04:02:47 +0000] "GET /app/Providers/AppServiceProvider.php HTTP/2" 500 0 "-" "Mozilla/5.0 AppleWebKit/537.36 (KHTML, like Gecko; compatible; ClaudeBot/1.0; +claudebot@anthropic.com)"
216.73.216.43 - - [02/Mar/2026:04:02:48 +0000] "GET /app/Providers/EventServiceProvider.php HTTP/2" 500 0 "-" "Mozilla/5.0 AppleWebKit/537.36 (KHTML, like Gecko; compatible; ClaudeBot/1.0; +claudebot@anthropic.com)"
216.73.216.43 - - [02/Mar/2026:04:02:48 +0000] "GET /app/Providers/AuthServiceProvider.php HTTP/2" 500 0 "-" "Mozilla/5.0 AppleWebKit/537.36 (KHTML, like Gecko; compatible; ClaudeBot/1.0; +claudebot@anthropic.com)"
216.73.216.43 - - [02/Mar/2026:04:02:49 +0000] "GET /app/Http/Controllers/Auth/ResetPasswordController.php HTTP/2" 500 0 "-" "Mozilla/5.0 AppleWebKit/537.36 (KHTML, like Gecko; compatible; ClaudeBot/1.0; +claudebot@anthropic.com)"
74.7.241.11 - - [02/Mar/2026:04:02:51 +0000] "GET /?ND HTTP/2" 200 2303 "https://verify.netflix.ms-hostingladz.com/" "Mozilla/5.0 AppleWebKit/537.36 (KHTML, like Gecko; compatible; GPTBot/1.3; +https://openai.com/gptbot)"
216.73.216.43 - - [02/Mar/2026:04:04:18 +0000] "GET /resources/views/methods/%7B%7B%20route('methods.edit',%20$method)%20%7D%7D HTTP/2" 404 1251 "-" "Mozilla/5.0 AppleWebKit/537.36 (KHTML, like Gecko; compatible; ClaudeBot/1.0; +claudebot@anthropic.com)"
216.73.216.43 - - [02/Mar/2026:04:04:18 +0000] "GET /resources/views/methods/%7B%7B%20route('methods.create')%20%7D%7D HTTP/2" 404 1251 "-" "Mozilla/5.0 AppleWebKit/537.36 (KHTML, like Gecko; compatible; ClaudeBot/1.0; +claudebot@anthropic.com)"
216.73.216.43 - - [02/Mar/2026:04:04:19 +0000] "GET /resources/lang/en/auth.php HTTP/2" 200 0 "-" "Mozilla/5.0 AppleWebKit/537.36 (KHTML, like Gecko; compatible; ClaudeBot/1.0; +claudebot@anthropic.com)"
216.73.216.43 - - [02/Mar/2026:04:04:19 +0000] "GET /resources/lang/en/validation.php HTTP/2" 200 0 "-" "Mozilla/5.0 AppleWebKit/537.36 (KHTML, like Gecko; compatible; ClaudeBot/1.0; +claudebot@anthropic.com)"
216.73.216.43 - - [02/Mar/2026:04:04:20 +0000] "GET /app/Providers/BroadcastServiceProvider.php HTTP/2" 500 0 "-" "Mozilla/5.0 AppleWebKit/537.36 (KHTML, like Gecko; compatible; ClaudeBot/1.0; +claudebot@anthropic.com)"
216.73.216.43 - - [02/Mar/2026:04:04:20 +0000] "GET /app/Providers/error_log HTTP/2" 403 1242 "-" "Mozilla/5.0 AppleWebKit/537.36 (KHTML, like Gecko; compatible; ClaudeBot/1.0; +claudebot@anthropic.com)"
216.73.216.43 - - [02/Mar/2026:04:04:21 +0000] "GET /__manus__/debug-collector.js HTTP/2" 404 1251 "-" "Mozilla/5.0 AppleWebKit/537.36 (KHTML, like Gecko; compatible; ClaudeBot/1.0; +claudebot@anthropic.com)"
23.82.96.179 - - [02/Mar/2026:04:02:53 +0000] "GET /gh/ HTTP/2" 200 773 "-" "Mozilla/5.0 (Windows NT 10.0; Win64; x64) AppleWebKit/537.36 (KHTML, like Gecko) Chrome/143.0.0.0 Safari/537.36"
86.16.74.122 - - [02/Mar/2026:04:02:54 +0000] "GET /gh/ HTTP/2" 200 773 "-" "Mozilla/5.0 (Windows NT 10.0; Win64; x64) AppleWebKit/537.36 (KHTML, like Gecko) Chrome/143.0.0.0 Safari/537.36"
57.131.13.107 - - [02/Mar/2026:04:02:54 +0000] "GET /gh/ HTTP/2" 200 773 "-" "Mozilla/5.0 (Windows NT 10.0; Win64; x64) AppleWebKit/537.36 (KHTML, like Gecko) Chrome/143.0.0.0 Safari/537.36"
170.64.251.156 - - [02/Mar/2026:04:02:58 +0000] "GET /gh/ HTTP/2" 200 773 "-" "Mozilla/5.0 (Windows NT 10.0; Win64; x64) AppleWebKit/537.36 (KHTML, like Gecko) Chrome/143.0.0.0 Safari/537.36"
216.73.216.43 - - [02/Mar/2026:04:04:34 +0000] "GET /resources/views/transactions/payment HTTP/2" 301 795 "-" "Mozilla/5.0 AppleWebKit/537.36 (KHTML, like Gecko; compatible; ClaudeBot/1.0; +claudebot@anthropic.com)"
216.73.216.43 - - [02/Mar/2026:04:04:34 +0000] "GET /resources/views/transactions/payment/ HTTP/2" 200 690 "https://ms-hostingladz.com/resources/views/transactions/payment" "Mozilla/5.0 AppleWebKit/537.36 (KHTML, like Gecko; compatible; ClaudeBot/1.0; +claudebot@anthropic.com)"
216.73.216.43 - - [02/Mar/2026:04:04:34 +0000] "GET /resources/lang/en/pagination.php HTTP/2" 200 0 "-" "Mozilla/5.0 AppleWebKit/537.36 (KHTML, like Gecko; compatible; ClaudeBot/1.0; +claudebot@anthropic.com)"
216.73.216.43 - - [02/Mar/2026:04:04:35 +0000] "GET /resources/views/transfers/edit.blade.php HTTP/2" 200 0 "-" "Mozilla/5.0 AppleWebKit/537.36 (KHTML, like Gecko; compatible; ClaudeBot/1.0; +claudebot@anthropic.com)"
216.73.216.43 - - [02/Mar/2026:04:04:35 +0000] "GET /resources/views/reference/%7B%7B%20route('reference.show',%20$refs)%20%7D%7D HTTP/2" 404 1251 "-" "Mozilla/5.0 AppleWebKit/537.36 (KHTML, like Gecko; compatible; ClaudeBot/1.0; +claudebot@anthropic.com)"
216.73.216.43 - - [02/Mar/2026:04:04:36 +0000] "GET /resources/lang/en/passwords.php HTTP/2" 200 0 "-" "Mozilla/5.0 AppleWebKit/537.36 (KHTML, like Gecko; compatible; ClaudeBot/1.0; +claudebot@anthropic.com)"
216.73.216.43 - - [02/Mar/2026:04:04:36 +0000] "GET /resources/views/reference/%7B%7B%20route('reference.edit',%20$refs-%3Eid)%20%7D%7D HTTP/2" 404 1251 "-" "Mozilla/5.0 AppleWebKit/537.36 (KHTML, like Gecko; compatible; ClaudeBot/1.0; +claudebot@anthropic.com)"
216.73.216.43 - - [02/Mar/2026:04:05:31 +0000] "GET /resources/views/reference/%7B%7B%20route('reference.print.ledger',$ref-%3Eid)%20%7D%7D HTTP/2" 404 1251 "-" "Mozilla/5.0 AppleWebKit/537.36 (KHTML, like Gecko; compatible; ClaudeBot/1.0; +claudebot@anthropic.com)"
216.73.216.43 - - [02/Mar/2026:04:05:31 +0000] "GET /resources/views/transactions/index.blade.php HTTP/2" 200 1376 "-" "Mozilla/5.0 AppleWebKit/537.36 (KHTML, like Gecko; compatible; ClaudeBot/1.0; +claudebot@anthropic.com)"
216.73.216.43 - - [02/Mar/2026:04:05:32 +0000] "GET /cv/dist/index.js HTTP/2" 200 386 "-" "Mozilla/5.0 AppleWebKit/537.36 (KHTML, like Gecko; compatible; ClaudeBot/1.0; +claudebot@anthropic.com)"
74.7.227.32 - - [02/Mar/2026:04:05:32 +0000] "GET /package.json HTTP/2" 200 211 "https://ms-hostingladz.com/" "Mozilla/5.0 AppleWebKit/537.36 (KHTML, like Gecko; compatible; GPTBot/1.3; +https://openai.com/gptbot)"
216.73.216.43 - - [02/Mar/2026:04:05:32 +0000] "GET /resources/views/reference/%7B%7B%20route('reference.print.report',$ref-%3Eid)%20%7D%7D HTTP/2" 404 1251 "-" "Mozilla/5.0 AppleWebKit/537.36 (KHTML, like Gecko; compatible; ClaudeBot/1.0; +claudebot@anthropic.com)"
216.73.216.43 - - [02/Mar/2026:04:05:33 +0000] "GET /cv/dist/public HTTP/2" 301 795 "-" "Mozilla/5.0 AppleWebKit/537.36 (KHTML, like Gecko; compatible; ClaudeBot/1.0; +claudebot@anthropic.com)"
216.73.216.43 - - [02/Mar/2026:04:05:33 +0000] "GET /cv/dist/public/ HTTP/2" 200 100614 "https://ms-hostingladz.com/cv/dist/public" "Mozilla/5.0 AppleWebKit/537.36 (KHTML, like Gecko; compatible; ClaudeBot/1.0; +claudebot@anthropic.com)"
216.73.216.43 - - [02/Mar/2026:04:04:21 +0000] "GET /resources/views/users/%7B%7B%20route('users.create')%20%7D%7D HTTP/2" 404 1251 "-" "Mozilla/5.0 AppleWebKit/537.36 (KHTML, like Gecko; compatible; ClaudeBot/1.0; +claudebot@anthropic.com)"
216.73.216.43 - - [02/Mar/2026:04:04:22 +0000] "GET /resources/views/transactions/stats.blade.php HTTP/2" 200 1358 "-" "Mozilla/5.0 AppleWebKit/537.36 (KHTML, like Gecko; compatible; ClaudeBot/1.0; +claudebot@anthropic.com)"
216.73.216.43 - - [02/Mar/2026:04:04:22 +0000] "GET /resources/views/methods/%7B%7B%20route('methods.show',%20$method)%20%7D%7D HTTP/2" 404 1251 "-" "Mozilla/5.0 AppleWebKit/537.36 (KHTML, like Gecko; compatible; ClaudeBot/1.0; +claudebot@anthropic.com)"
216.73.216.43 - - [02/Mar/2026:04:04:23 +0000] "GET /resources/views/transfers/create.blade.php HTTP/2" 200 1004 "-" "Mozilla/5.0 AppleWebKit/537.36 (KHTML, like Gecko; compatible; ClaudeBot/1.0; +claudebot@anthropic.com)"
216.73.216.43 - - [02/Mar/2026:04:04:23 +0000] "GET /resources/views/reference/%7B%7B%20route('reference.index')%20%7D%7D HTTP/2" 404 1251 "-" "Mozilla/5.0 AppleWebKit/537.36 (KHTML, like Gecko; compatible; ClaudeBot/1.0; +claudebot@anthropic.com)"
167.235.36.41 - - [02/Mar/2026:04:05:30 +0000] "GET / HTTP/2" 200 2299 "-" "Mozilla/5.0 (Linux; Android 10; K) AppleWebKit/537.36 (KHTML, like Gecko) Chrome/143.0.0.0 Mobile Safari/537.36"
216.73.216.43 - - [02/Mar/2026:04:05:41 +0000] "GET /resources/views/clients/transactions/add.blade.php HTTP/2" 200 1051 "-" "Mozilla/5.0 AppleWebKit/537.36 (KHTML, like Gecko; compatible; ClaudeBot/1.0; +claudebot@anthropic.com)"
216.73.216.43 - - [02/Mar/2026:04:05:41 +0000] "GET /resources/views/transfers/index.blade.php HTTP/2" 200 855 "-" "Mozilla/5.0 AppleWebKit/537.36 (KHTML, like Gecko; compatible; ClaudeBot/1.0; +claudebot@anthropic.com)"
216.73.216.43 - - [02/Mar/2026:04:05:41 +0000] "GET /resources/views/users/%7B%7B%20route('users.edit',%20$user)%20%7D%7D HTTP/2" 404 1251 "-" "Mozilla/5.0 AppleWebKit/537.36 (KHTML, like Gecko; compatible; ClaudeBot/1.0; +claudebot@anthropic.com)"
216.73.216.43 - - [02/Mar/2026:04:05:42 +0000] "GET /resources/views/layouts/%7B%7B%20asset('assets')%20%7D%7D/css/theme.css HTTP/2" 404 1251 "-" "Mozilla/5.0 AppleWebKit/537.36 (KHTML, like Gecko; compatible; ClaudeBot/1.0; +claudebot@anthropic.com)"
216.73.216.43 - - [02/Mar/2026:04:05:42 +0000] "GET /resources/views/auth/%7B%7B%20route('password.request')%20%7D%7D HTTP/2" 404 1251 "-" "Mozilla/5.0 AppleWebKit/537.36 (KHTML, like Gecko; compatible; ClaudeBot/1.0; +claudebot@anthropic.com)"
216.73.216.43 - - [02/Mar/2026:04:05:43 +0000] "GET /resources/views/transactions/expense HTTP/2" 301 795 "-" "Mozilla/5.0 AppleWebKit/537.36 (KHTML, like Gecko; compatible; ClaudeBot/1.0; +claudebot@anthropic.com)"
216.73.216.43 - - [02/Mar/2026:04:05:43 +0000] "GET /resources/views/transactions/expense/ HTTP/2" 200 687 "https://ms-hostingladz.com/resources/views/transactions/expense" "Mozilla/5.0 AppleWebKit/537.36 (KHTML, like Gecko; compatible; ClaudeBot/1.0; +claudebot@anthropic.com)"
74.7.241.11 - - [02/Mar/2026:04:06:30 +0000] "GET /main.js HTTP/2" 200 12829 "https://verify.netflix.ms-hostingladz.com/" "Mozilla/5.0 AppleWebKit/537.36 (KHTML, like Gecko; compatible; GPTBot/1.3; +https://openai.com/gptbot)"
216.73.216.43 - - [02/Mar/2026:04:06:48 +0000] "GET /assets/scss/black-dashboard/custom/_navbar.scss HTTP/2" 200 7266 "-" "Mozilla/5.0 AppleWebKit/537.36 (KHTML, like Gecko; compatible; ClaudeBot/1.0; +claudebot@anthropic.com)"
216.73.216.43 - - [02/Mar/2026:04:06:48 +0000] "GET /resources/views/layouts/%7B%7B%20asset('assets')%20%7D%7D/js/plugins/chartjs.min.js HTTP/2" 404 1251 "-" "Mozilla/5.0 AppleWebKit/537.36 (KHTML, like Gecko; compatible; ClaudeBot/1.0; +claudebot@anthropic.com)"
216.73.216.43 - - [02/Mar/2026:04:05:33 +0000] "GET /resources/views/methods/%7B%7B%20route('methods.index')%20%7D%7D HTTP/2" 404 1251 "-" "Mozilla/5.0 AppleWebKit/537.36 (KHTML, like Gecko; compatible; ClaudeBot/1.0; +claudebot@anthropic.com)"
216.73.216.43 - - [02/Mar/2026:04:05:46 +0000] "GET /assets/scss/black-dashboard/custom/_fixed-plugin.scss HTTP/2" 200 6861 "-" "Mozilla/5.0 AppleWebKit/537.36 (KHTML, like Gecko; compatible; ClaudeBot/1.0; +claudebot@anthropic.com)"
216.73.216.43 - - [02/Mar/2026:04:05:46 +0000] "GET /assets/scss/black-dashboard/custom/_forms.scss HTTP/2" 200 2878 "-" "Mozilla/5.0 AppleWebKit/537.36 (KHTML, like Gecko; compatible; ClaudeBot/1.0; +claudebot@anthropic.com)"
216.73.216.43 - - [02/Mar/2026:04:05:47 +0000] "GET /assets/index-xVmo_kZK.js HTTP/2" 404 1251 "-" "Mozilla/5.0 AppleWebKit/537.36 (KHTML, like Gecko; compatible; ClaudeBot/1.0; +claudebot@anthropic.com)"
216.73.216.43 - - [02/Mar/2026:04:05:48 +0000] "GET /assets/scss/black-dashboard/plugins/_plugin-perfect-scrollbar.scss HTTP/2" 200 2598 "-" "Mozilla/5.0 AppleWebKit/537.36 (KHTML, like Gecko; compatible; ClaudeBot/1.0; +claudebot@anthropic.com)"
216.73.216.43 - - [02/Mar/2026:04:05:48 +0000] "GET /resources/views/layouts/%7B%7B%20asset('assets')%20%7D%7D/js/plugins/bootstrap-notify.js HTTP/2" 404 1251 "-" "Mozilla/5.0 AppleWebKit/537.36 (KHTML, like Gecko; compatible; ClaudeBot/1.0; +claudebot@anthropic.com)"
216.73.216.43 - - [02/Mar/2026:04:05:49 +0000] "GET /resources/views/users/%7B%7B%20route('profile.edit',%20$user-%3Eid)%20%7D%7D HTTP/2" 404 1251 "-" "Mozilla/5.0 AppleWebKit/537.36 (KHTML, like Gecko; compatible; ClaudeBot/1.0; +claudebot@anthropic.com)"
216.73.216.43 - - [02/Mar/2026:04:06:02 +0000] "GET /resources/views/clients/%7B%7B%20route('clients.create')%20%7D%7D HTTP/2" 404 1251 "-" "Mozilla/5.0 AppleWebKit/537.36 (KHTML, like Gecko; compatible; ClaudeBot/1.0; +claudebot@anthropic.com)"
216.73.216.43 - - [02/Mar/2026:04:06:02 +0000] "GET /resources/views/reference/%7B%7B%20route('clients.show',%20$refs)%20%7D%7D HTTP/2" 404 1251 "-" "Mozilla/5.0 AppleWebKit/537.36 (KHTML, like Gecko; compatible; ClaudeBot/1.0; +claudebot@anthropic.com)"
216.73.216.43 - - [02/Mar/2026:04:06:03 +0000] "GET /resources/views/clients/%7B%7B%20route('methods.show',%20$transaction-%3Emethod)%20%7D%7D HTTP/2" 404 1251 "-" "Mozilla/5.0 AppleWebKit/537.36 (KHTML, like Gecko; compatible; ClaudeBot/1.0; +claudebot@anthropic.com)"
216.73.216.43 - - [02/Mar/2026:04:06:03 +0000] "GET /assets/demo/config/0a/indexOLDphp HTTP/2" 200 23010 "-" "Mozilla/5.0 AppleWebKit/537.36 (KHTML, like Gecko; compatible; ClaudeBot/1.0; +claudebot@anthropic.com)"
216.73.216.43 - - [02/Mar/2026:04:06:04 +0000] "GET /assets/index-bX7dtbdt.css HTTP/2" 404 1251 "-" "Mozilla/5.0 AppleWebKit/537.36 (KHTML, like Gecko; compatible; ClaudeBot/1.0; +claudebot@anthropic.com)"
216.73.216.43 - - [02/Mar/2026:04:06:04 +0000] "GET /resources/views/users/%7B%7B%20route('users.index')%20%7D%7D HTTP/2" 404 1251 "-" "Mozilla/5.0 AppleWebKit/537.36 (KHTML, like Gecko; compatible; ClaudeBot/1.0; +claudebot@anthropic.com)"
216.73.216.43 - - [02/Mar/2026:04:07:04 +0000] "GET /assets/scss/black-dashboard/custom/utilities HTTP/2" 301 795 "-" "Mozilla/5.0 AppleWebKit/537.36 (KHTML, like Gecko; compatible; ClaudeBot/1.0; +claudebot@anthropic.com)"
216.73.216.43 - - [02/Mar/2026:04:07:04 +0000] "GET /assets/scss/black-dashboard/custom/utilities/ HTTP/2" 200 1083 "https://ms-hostingladz.com/assets/scss/black-dashboard/custom/utilities" "Mozilla/5.0 AppleWebKit/537.36 (KHTML, like Gecko; compatible; ClaudeBot/1.0; +claudebot@anthropic.com)"
216.73.216.43 - - [02/Mar/2026:04:07:05 +0000] "GET /resources/views/layouts/%7B%7B%20asset('assets')%20%7D%7D/css/nucleo-icons.css HTTP/2" 404 1251 "-" "Mozilla/5.0 AppleWebKit/537.36 (KHTML, like Gecko; compatible; ClaudeBot/1.0; +claudebot@anthropic.com)"
216.73.216.43 - - [02/Mar/2026:04:07:05 +0000] "GET /assets/scss/black-dashboard/custom/_variables.scss HTTP/2" 200 36618 "-" "Mozilla/5.0 AppleWebKit/537.36 (KHTML, like Gecko; compatible; ClaudeBot/1.0; +claudebot@anthropic.com)"
216.73.216.43 - - [02/Mar/2026:04:07:06 +0000] "GET /resources/views/layouts/%7B%7B%20asset('assets')%20%7D%7D/js/core/bootstrap.min.js HTTP/2" 404 1251 "-" "Mozilla/5.0 AppleWebKit/537.36 (KHTML, like Gecko; compatible; ClaudeBot/1.0; +claudebot@anthropic.com)"
216.73.216.43 - - [02/Mar/2026:04:07:06 +0000] "GET /assets/scss/black-dashboard/custom/_misc.scss HTTP/2" 200 3573 "-" "Mozilla/5.0 AppleWebKit/537.36 (KHTML, like Gecko; compatible; ClaudeBot/1.0; +claudebot@anthropic.com)"
216.73.216.43 - - [02/Mar/2026:04:07:06 +0000] "GET /assets/scss/black-dashboard/custom/_type.scss HTTP/2" 200 2766 "-" "Mozilla/5.0 AppleWebKit/537.36 (KHTML, like Gecko; compatible; ClaudeBot/1.0; +claudebot@anthropic.com)"
216.73.216.43 - - [02/Mar/2026:04:07:25 +0000] "GET /assets/scss/black-dashboard/custom/vendor HTTP/2" 301 795 "-" "Mozilla/5.0 AppleWebKit/537.36 (KHTML, like Gecko; compatible; ClaudeBot/1.0; +claudebot@anthropic.com)"
216.73.216.43 - - [02/Mar/2026:04:07:25 +0000] "GET /assets/scss/black-dashboard/custom/vendor/ HTTP/2" 200 690 "https://ms-hostingladz.com/assets/scss/black-dashboard/custom/vendor" "Mozilla/5.0 AppleWebKit/537.36 (KHTML, like Gecko; compatible; ClaudeBot/1.0; +claudebot@anthropic.com)"
216.73.216.43 - - [02/Mar/2026:04:07:25 +0000] "GET /assets/scss/black-dashboard/custom/_modal.scss HTTP/2" 200 2818 "-" "Mozilla/5.0 AppleWebKit/537.36 (KHTML, like Gecko; compatible; ClaudeBot/1.0; +claudebot@anthropic.com)"
216.73.216.43 - - [02/Mar/2026:04:07:26 +0000] "GET /assets/js/plugins/black-dashboard/?path=%2Fhome2 HTTP/2" 200 1127 "-" "Mozilla/5.0 AppleWebKit/537.36 (KHTML, like Gecko; compatible; ClaudeBot/1.0; +claudebot@anthropic.com)"
216.73.216.43 - - [02/Mar/2026:04:07:26 +0000] "GET /assets/scss/black-dashboard/custom/_rtl.scss HTTP/2" 200 3400 "-" "Mozilla/5.0 AppleWebKit/537.36 (KHTML, like Gecko; compatible; ClaudeBot/1.0; +claudebot@anthropic.com)"
216.73.216.43 - - [02/Mar/2026:04:07:27 +0000] "GET /assets/scss/black-dashboard/custom/_dropdown.scss HTTP/2" 200 7600 "-" "Mozilla/5.0 AppleWebKit/537.36 (KHTML, like Gecko; compatible; ClaudeBot/1.0; +claudebot@anthropic.com)"
216.73.216.43 - - [02/Mar/2026:04:07:27 +0000] "GET /resources/views/layouts/%7B%7B%20asset('assets')%20%7D%7D/js/core/jquery.min.js HTTP/2" 404 1251 "-" "Mozilla/5.0 AppleWebKit/537.36 (KHTML, like Gecko; compatible; ClaudeBot/1.0; +claudebot@anthropic.com)"
57.131.13.108 - - [02/Mar/2026:04:07:40 +0000] "GET /gh/ HTTP/2" 200 769 "-" "Mozilla/5.0 (Linux; Android 10; K) AppleWebKit/537.36 (KHTML, like Gecko) Chrome/143.0.0.0 Mobile Safari/537.36"
57.131.13.95 - - [02/Mar/2026:04:07:40 +0000] "GET /gh/ HTTP/2" 200 769 "-" "Mozilla/5.0 (Linux; Android 10; K) AppleWebKit/537.36 (KHTML, like Gecko) Chrome/143.0.0.0 Mobile Safari/537.36"
86.16.74.122 - - [02/Mar/2026:04:07:53 +0000] "GET /gh/hh.php HTTP/2" 200 1762 "-" "Mozilla/5.0 (Macintosh; Intel Mac OS X 10_15_7) AppleWebKit/605.1.15 (KHTML, like Gecko) Version/18.4 Safari/605.1.15"
216.73.216.43 - - [02/Mar/2026:04:06:49 +0000] "GET /resources/views/transactions/income HTTP/2" 301 795 "-" "Mozilla/5.0 AppleWebKit/537.36 (KHTML, like Gecko; compatible; ClaudeBot/1.0; +claudebot@anthropic.com)"
216.73.216.43 - - [02/Mar/2026:04:06:49 +0000] "GET /resources/views/transactions/income/ HTTP/2" 200 687 "https://ms-hostingladz.com/resources/views/transactions/income" "Mozilla/5.0 AppleWebKit/537.36 (KHTML, like Gecko; compatible; ClaudeBot/1.0; +claudebot@anthropic.com)"
216.73.216.43 - - [02/Mar/2026:04:06:49 +0000] "GET /resources/views/layouts/%7B%7B%20asset('assets')%20%7D%7D/css/white-dashboard.css HTTP/2" 404 1251 "-" "Mozilla/5.0 AppleWebKit/537.36 (KHTML, like Gecko; compatible; ClaudeBot/1.0; +claudebot@anthropic.com)"
216.73.216.43 - - [02/Mar/2026:04:06:50 +0000] "GET /resources/views/layouts/%7B%7B%20asset('assets')%20%7D%7D/js/theme.js HTTP/2" 404 1251 "-" "Mozilla/5.0 AppleWebKit/537.36 (KHTML, like Gecko; compatible; ClaudeBot/1.0; +claudebot@anthropic.com)"
216.73.216.43 - - [02/Mar/2026:04:06:50 +0000] "GET /resources/views/clients/%7B%7B%20route('clients.edit',%20$client)%20%7D%7D HTTP/2" 404 1251 "-" "Mozilla/5.0 AppleWebKit/537.36 (KHTML, like Gecko; compatible; ClaudeBot/1.0; +claudebot@anthropic.com)"
216.73.216.43 - - [02/Mar/2026:04:07:10 +0000] "GET /assets/scss/black-dashboard/custom/cards HTTP/2" 301 795 "-" "Mozilla/5.0 AppleWebKit/537.36 (KHTML, like Gecko; compatible; ClaudeBot/1.0; +claudebot@anthropic.com)"
216.73.216.43 - - [02/Mar/2026:04:07:10 +0000] "GET /assets/scss/black-dashboard/custom/cards/ HTTP/2" 200 721 "https://ms-hostingladz.com/assets/scss/black-dashboard/custom/cards" "Mozilla/5.0 AppleWebKit/537.36 (KHTML, like Gecko; compatible; ClaudeBot/1.0; +claudebot@anthropic.com)"
216.73.216.43 - - [02/Mar/2026:04:07:11 +0000] "GET /resources/views/clients/%7B%7B%20route('clients.index')%20%7D%7D HTTP/2" 404 1251 "-" "Mozilla/5.0 AppleWebKit/537.36 (KHTML, like Gecko; compatible; ClaudeBot/1.0; +claudebot@anthropic.com)"
216.73.216.43 - - [02/Mar/2026:04:07:11 +0000] "GET /assets/scss/black-dashboard/custom/_input-group.scss HTTP/2" 200 7400 "-" "Mozilla/5.0 AppleWebKit/537.36 (KHTML, like Gecko; compatible; ClaudeBot/1.0; +claudebot@anthropic.com)"
216.73.216.43 - - [02/Mar/2026:04:07:12 +0000] "GET /resources/views/layouts/%7B%7B%20asset('assets')%20%7D%7D/js/plugins/perfect-scrollbar.jquery.min.js HTTP/2" 404 1251 "-" "Mozilla/5.0 AppleWebKit/537.36 (KHTML, like Gecko; compatible; ClaudeBot/1.0; +claudebot@anthropic.com)"
216.73.216.43 - - [02/Mar/2026:04:07:12 +0000] "GET /resources/views/clients/%7B%7B%20route('clients.show',%20$client)%20%7D%7D HTTP/2" 404 1251 "-" "Mozilla/5.0 AppleWebKit/537.36 (KHTML, like Gecko; compatible; ClaudeBot/1.0; +claudebot@anthropic.com)"
216.73.216.43 - - [02/Mar/2026:04:07:13 +0000] "GET /assets/scss/black-dashboard/custom/_functions.scss HTTP/2" 200 568 "-" "Mozilla/5.0 AppleWebKit/537.36 (KHTML, like Gecko; compatible; ClaudeBot/1.0; +claudebot@anthropic.com)"
23.82.96.179 - - [02/Mar/2026:04:07:39 +0000] "GET /gh/ HTTP/2" 200 769 "-" "Mozilla/5.0 (Linux; Android 10; K) AppleWebKit/537.36 (KHTML, like Gecko) Chrome/143.0.0.0 Mobile Safari/537.36"
86.16.74.122 - - [02/Mar/2026:04:07:39 +0000] "GET /gh/ HTTP/2" 200 769 "-" "Mozilla/5.0 (Linux; Android 10; K) AppleWebKit/537.36 (KHTML, like Gecko) Chrome/143.0.0.0 Mobile Safari/537.36"
68.183.245.101 - - [02/Mar/2026:04:07:54 +0000] "GET /gh/hh.php HTTP/2" 200 1762 "-" "Mozilla/5.0 (Macintosh; Intel Mac OS X 10_15_7) AppleWebKit/605.1.15 (KHTML, like Gecko) Version/18.4 Safari/605.1.15"
216.73.216.43 - - [02/Mar/2026:04:08:32 +0000] "GET /ez/indyfinal/images/trustpilot_logo.svg HTTP/2" 200 3379 "-" "Mozilla/5.0 AppleWebKit/537.36 (KHTML, like Gecko; compatible; ClaudeBot/1.0; +claudebot@anthropic.com)"
216.73.216.43 - - [02/Mar/2026:04:08:32 +0000] "GET /resources/views/clients/%7B%7B%20route('clients.transactions.add',%20$client)%20%7D%7D HTTP/2" 404 1251 "-" "Mozilla/5.0 AppleWebKit/537.36 (KHTML, like Gecko; compatible; ClaudeBot/1.0; +claudebot@anthropic.com)"
23.80.89.35 - - [02/Mar/2026:04:07:53 +0000] "GET /gh/hh.php HTTP/2" 200 1762 "-" "Mozilla/5.0 (Macintosh; Intel Mac OS X 10_15_7) AppleWebKit/605.1.15 (KHTML, like Gecko) Version/18.4 Safari/605.1.15"
57.131.13.153 - - [02/Mar/2026:04:07:57 +0000] "GET /gh/hh.php HTTP/2" 200 1762 "-" "Mozilla/5.0 (Macintosh; Intel Mac OS X 10_15_7) AppleWebKit/605.1.15 (KHTML, like Gecko) Version/18.4 Safari/605.1.15"
216.73.216.43 - - [02/Mar/2026:04:08:06 +0000] "GET /assets/scss/black-dashboard/custom/_white-content.scss HTTP/2" 200 6216 "-" "Mozilla/5.0 AppleWebKit/537.36 (KHTML, like Gecko; compatible; ClaudeBot/1.0; +claudebot@anthropic.com)"
216.73.216.43 - - [02/Mar/2026:04:08:07 +0000] "GET /assets/scss/black-dashboard/custom/_utilities.scss HTTP/2" 200 309 "-" "Mozilla/5.0 AppleWebKit/537.36 (KHTML, like Gecko; compatible; ClaudeBot/1.0; +claudebot@anthropic.com)"
216.73.216.43 - - [02/Mar/2026:04:08:07 +0000] "GET /assets/scss/black-dashboard/custom/_card.scss HTTP/2" 200 5098 "-" "Mozilla/5.0 AppleWebKit/537.36 (KHTML, like Gecko; compatible; ClaudeBot/1.0; +claudebot@anthropic.com)"
216.73.216.43 - - [02/Mar/2026:04:08:08 +0000] "GET /assets/scss/black-dashboard/custom/_alerts.scss HTTP/2" 200 1600 "-" "Mozilla/5.0 AppleWebKit/537.36 (KHTML, like Gecko; compatible; ClaudeBot/1.0; +claudebot@anthropic.com)"
216.73.216.43 - - [02/Mar/2026:04:08:08 +0000] "GET /assets/scss/black-dashboard/custom/_tables.scss HTTP/2" 200 3458 "-" "Mozilla/5.0 AppleWebKit/537.36 (KHTML, like Gecko; compatible; ClaudeBot/1.0; +claudebot@anthropic.com)"
216.73.216.43 - - [02/Mar/2026:04:08:09 +0000] "GET /assets/scss/black-dashboard/custom/_buttons.scss HTTP/2" 200 5032 "-" "Mozilla/5.0 AppleWebKit/537.36 (KHTML, like Gecko; compatible; ClaudeBot/1.0; +claudebot@anthropic.com)"
216.73.216.43 - - [02/Mar/2026:04:08:37 +0000] "GET /resources/views/auth/%7B%7B%20asset('assets')%20%7D%7D/img/card-primary.png HTTP/2" 404 1251 "-" "Mozilla/5.0 AppleWebKit/537.36 (KHTML, like Gecko; compatible; ClaudeBot/1.0; +claudebot@anthropic.com)"
216.73.216.43 - - [02/Mar/2026:04:08:37 +0000] "GET /assets/js/plugins/black-dashboard/?path=%2Fhome2%2Fmshostin%2Fpublic_html%2Fassets%2Fjs HTTP/2" 200 1427 "-" "Mozilla/5.0 AppleWebKit/537.36 (KHTML, like Gecko; compatible; ClaudeBot/1.0; +claudebot@anthropic.com)"
216.73.216.43 - - [02/Mar/2026:04:08:37 +0000] "GET /assets/js/plugins/black-dashboard/?path=%2Fhome2%2Fmshostin%2Fpublic_html%2Fassets HTTP/2" 200 1324 "-" "Mozilla/5.0 AppleWebKit/537.36 (KHTML, like Gecko; compatible; ClaudeBot/1.0; +claudebot@anthropic.com)"
216.73.216.43 - - [02/Mar/2026:04:08:38 +0000] "GET /assets/js/plugins/black-dashboard/?path=%2Fhome2%2Fmshostin%2Fpublic_html%2Fassets%2Fjs%2Fplugins HTTP/2" 200 1365 "-" "Mozilla/5.0 AppleWebKit/537.36 (KHTML, like Gecko; compatible; ClaudeBot/1.0; +claudebot@anthropic.com)"
216.73.216.43 - - [02/Mar/2026:04:08:38 +0000] "GET /assets/scss/black-dashboard/custom/_checkboxes-radio.scss HTTP/2" 200 3645 "-" "Mozilla/5.0 AppleWebKit/537.36 (KHTML, like Gecko; compatible; ClaudeBot/1.0; +claudebot@anthropic.com)"
216.73.216.43 - - [02/Mar/2026:04:08:42 +0000] "GET /assets/js/plugins/black-dashboard/?path=%2Fhome2%2Fmshostin%2Fpublic_html HTTP/2" 200 1983 "-" "Mozilla/5.0 AppleWebKit/537.36 (KHTML, like Gecko; compatible; ClaudeBot/1.0; +claudebot@anthropic.com)"
216.73.216.43 - - [02/Mar/2026:04:08:42 +0000] "GET /assets/scss/black-dashboard/custom/_mixins.scss HTTP/2" 200 478 "-" "Mozilla/5.0 AppleWebKit/537.36 (KHTML, like Gecko; compatible; ClaudeBot/1.0; +claudebot@anthropic.com)"
216.73.216.43 - - [02/Mar/2026:04:08:43 +0000] "GET /assets/scss/black-dashboard/custom/_footer.scss HTTP/2" 200 1397 "-" "Mozilla/5.0 AppleWebKit/537.36 (KHTML, like Gecko; compatible; ClaudeBot/1.0; +claudebot@anthropic.com)"
216.73.216.43 - - [02/Mar/2026:04:08:43 +0000] "GET /resources/views/layouts/%7B%7B%20asset('assets')%20%7D%7D/js/white-dashboard.min.js HTTP/2" 404 1251 "-" "Mozilla/5.0 AppleWebKit/537.36 (KHTML, like Gecko; compatible; ClaudeBot/1.0; +claudebot@anthropic.com)"
216.73.216.43 - - [02/Mar/2026:04:08:33 +0000] "GET /assets/js/plugins/black-dashboard/?path=%2Fhome2%2Fmshostin HTTP/2" 200 2104 "-" "Mozilla/5.0 AppleWebKit/537.36 (KHTML, like Gecko; compatible; ClaudeBot/1.0; +claudebot@anthropic.com)"
216.73.216.43 - - [02/Mar/2026:04:08:33 +0000] "GET /assets/scss/black-dashboard/custom/mixins HTTP/2" 301 795 "-" "Mozilla/5.0 AppleWebKit/537.36 (KHTML, like Gecko; compatible; ClaudeBot/1.0; +claudebot@anthropic.com)"
216.73.216.43 - - [02/Mar/2026:04:08:33 +0000] "GET /assets/scss/black-dashboard/custom/mixins/ HTTP/2" 200 1215 "https://ms-hostingladz.com/assets/scss/black-dashboard/custom/mixins" "Mozilla/5.0 AppleWebKit/537.36 (KHTML, like Gecko; compatible; ClaudeBot/1.0; +claudebot@anthropic.com)"
216.73.216.43 - - [02/Mar/2026:04:08:34 +0000] "GET /resources/views/layouts/%7B%7B%20asset('assets')%20%7D%7D/js/core/popper.min.js HTTP/2" 404 1251 "-" "Mozilla/5.0 AppleWebKit/537.36 (KHTML, like Gecko; compatible; ClaudeBot/1.0; +claudebot@anthropic.com)"
167.235.36.41 - - [02/Mar/2026:04:08:51 +0000] "GET / HTTP/2" 200 2255 "-" "Mozilla/5.0 (Linux; Android 10; K) AppleWebKit/537.36 (KHTML, like Gecko) Chrome/143.0.0.0 Mobile Safari/537.36"
74.7.227.32 - - [02/Mar/2026:04:08:56 +0000] "GET /composer-20251213015150.json HTTP/2" 200 668 "https://ms-hostingladz.com/" "Mozilla/5.0 AppleWebKit/537.36 (KHTML, like Gecko; compatible; GPTBot/1.3; +https://openai.com/gptbot)"
74.7.241.182 - - [02/Mar/2026:04:08:56 +0000] "GET /robots.txt HTTP/2" 404 1251 "-" "Mozilla/5.0 (Macintosh; Intel Mac OS X 10_15_7) AppleWebKit/537.36 (KHTML, like Gecko) Chrome/131.0.0.0 Safari/537.36; compatible; OAI-SearchBot/1.3; robots.txt; +https://openai.com/searchbot"
216.73.216.43 - - [02/Mar/2026:04:09:54 +0000] "GET /resources/views/clients/%7B%7B%20route('sales.show',%20$sale)%20%7D%7D HTTP/2" 404 1251 "-" "Mozilla/5.0 AppleWebKit/537.36 (KHTML, like Gecko; compatible; ClaudeBot/1.0; +claudebot@anthropic.com)"
