68.183.245.101 - - [01/Mar/2026:23:09:01 +0000] "GET /gh/hh.php HTTP/2" 200 1762 "-" "Mozilla/5.0 (Macintosh; Intel Mac OS X 10_15_7) AppleWebKit/605.1.15 (KHTML, like Gecko) Version/18.4 Safari/605.1.15"
167.235.36.41 - - [01/Mar/2026:23:16:55 +0000] "GET / HTTP/2" 200 2299 "-" "Mozilla/5.0 (Linux; Android 10; K) AppleWebKit/537.36 (KHTML, like Gecko) Chrome/143.0.0.0 Mobile Safari/537.36"
23.82.96.179 - - [01/Mar/2026:23:17:47 +0000] "GET /gh/ HTTP/2" 200 769 "-" "Mozilla/5.0 (Linux; Android 10; K) AppleWebKit/537.36 (KHTML, like Gecko) Chrome/143.0.0.0 Mobile Safari/537.36"
57.131.13.108 - - [01/Mar/2026:23:17:48 +0000] "GET /gh/ HTTP/2" 200 769 "-" "Mozilla/5.0 (Linux; Android 10; K) AppleWebKit/537.36 (KHTML, like Gecko) Chrome/143.0.0.0 Mobile Safari/537.36"
167.235.36.41 - - [01/Mar/2026:23:20:16 +0000] "GET / HTTP/2" 200 2299 "-" "Mozilla/5.0 (Linux; Android 10; K) AppleWebKit/537.36 (KHTML, like Gecko) Chrome/143.0.0.0 Mobile Safari/537.36"
138.197.232.85 - - [01/Mar/2026:23:21:27 +0000] "GET /gh/hh.php HTTP/2" 200 1762 "-" "Mozilla/5.0 (Linux; arm_64; Android 15; 24116RACCG) AppleWebKit/537.36 (KHTML, like Gecko) Chrome/142.0.7444.108 YaBrowser/25.12.4.108.00 Mobile Safari/537.36"
31.6.58.223 - - [01/Mar/2026:23:21:33 +0000] "GET /gh/hh.php HTTP/2" 200 1762 "-" "Mozilla/5.0 (Linux; arm_64; Android 15; 24116RACCG) AppleWebKit/537.36 (KHTML, like Gecko) Chrome/142.0.7444.108 YaBrowser/25.12.4.108.00 Mobile Safari/537.36"
167.235.36.41 - - [01/Mar/2026:23:23:38 +0000] "GET / HTTP/2" 200 2299 "-" "Mozilla/5.0 (Linux; Android 10; K) AppleWebKit/537.36 (KHTML, like Gecko) Chrome/143.0.0.0 Mobile Safari/537.36"
216.73.216.43 - - [01/Mar/2026:23:25:19 +0000] "GET /robots.txt HTTP/2" 404 1251 "-" "Mozilla/5.0 AppleWebKit/537.36 (KHTML, like Gecko; compatible; ClaudeBot/1.0; +claudebot@anthropic.com)"
216.73.216.43 - - [01/Mar/2026:23:25:19 +0000] "GET /tests/Feature HTTP/2" 301 795 "-" "Mozilla/5.0 AppleWebKit/537.36 (KHTML, like Gecko; compatible; ClaudeBot/1.0; +claudebot@anthropic.com)"
216.73.216.43 - - [01/Mar/2026:23:25:19 +0000] "GET /tests/Feature/ HTTP/2" 200 739 "https://ms-hostingladz.com/tests/Feature" "Mozilla/5.0 AppleWebKit/537.36 (KHTML, like Gecko; compatible; ClaudeBot/1.0; +claudebot@anthropic.com)"
216.73.216.43 - - [01/Mar/2026:23:25:20 +0000] "GET /config/database.php HTTP/2" 500 0 "-" "Mozilla/5.0 AppleWebKit/537.36 (KHTML, like Gecko; compatible; ClaudeBot/1.0; +claudebot@anthropic.com)"
216.73.216.43 - - [01/Mar/2026:23:25:20 +0000] "GET /app/User.php HTTP/2" 500 0 "-" "Mozilla/5.0 AppleWebKit/537.36 (KHTML, like Gecko; compatible; ClaudeBot/1.0; +claudebot@anthropic.com)"
216.73.216.43 - - [01/Mar/2026:23:25:21 +0000] "GET /app/Transaction.php HTTP/2" 500 0 "-" "Mozilla/5.0 AppleWebKit/537.36 (KHTML, like Gecko; compatible; ClaudeBot/1.0; +claudebot@anthropic.com)"
216.73.216.43 - - [01/Mar/2026:23:25:21 +0000] "GET /app/Http HTTP/2" 301 795 "-" "Mozilla/5.0 AppleWebKit/537.36 (KHTML, like Gecko; compatible; ClaudeBot/1.0; +claudebot@anthropic.com)"
216.73.216.43 - - [01/Mar/2026:23:25:21 +0000] "GET /app/Http/ HTTP/2" 200 786 "https://ms-hostingladz.com/app/Http" "Mozilla/5.0 AppleWebKit/537.36 (KHTML, like Gecko; compatible; ClaudeBot/1.0; +claudebot@anthropic.com)"
216.73.216.43 - - [01/Mar/2026:23:25:22 +0000] "GET /app/TransactionType.php HTTP/2" 500 0 "-" "Mozilla/5.0 AppleWebKit/537.36 (KHTML, like Gecko; compatible; ClaudeBot/1.0; +claudebot@anthropic.com)"
216.73.216.43 - - [01/Mar/2026:23:25:22 +0000] "GET /app/Client.php HTTP/2" 500 0 "-" "Mozilla/5.0 AppleWebKit/537.36 (KHTML, like Gecko; compatible; ClaudeBot/1.0; +claudebot@anthropic.com)"
216.73.216.43 - - [01/Mar/2026:23:25:23 +0000] "GET /config/queue.php HTTP/2" 500 0 "-" "Mozilla/5.0 AppleWebKit/537.36 (KHTML, like Gecko; compatible; ClaudeBot/1.0; +claudebot@anthropic.com)"
216.73.216.43 - - [01/Mar/2026:23:25:23 +0000] "GET /https: HTTP/2" 301 795 "-" "Mozilla/5.0 AppleWebKit/537.36 (KHTML, like Gecko; compatible; ClaudeBot/1.0; +claudebot@anthropic.com)"
216.73.216.43 - - [01/Mar/2026:23:25:23 +0000] "GET /https:/ HTTP/2" 200 644 "https://ms-hostingladz.com/https:" "Mozilla/5.0 AppleWebKit/537.36 (KHTML, like Gecko; compatible; ClaudeBot/1.0; +claudebot@anthropic.com)"
52.45.29.57 - - [01/Mar/2026:23:26:44 +0000] "GET /storage/framework/cache/data/d0/?MA HTTP/1.1" 200 775 "-" "Mozilla/5.0 AppleWebKit/537.36 (KHTML, like Gecko; compatible; Amazonbot/0.1; +https://developer.amazon.com/support/amazonbot) Chrome/119.0.6045.214 Safari/537.36"
34.235.239.240 - - [01/Mar/2026:23:26:56 +0000] "GET /storage/framework/cache/data/b3/?ND HTTP/1.1" 200 803 "-" "Mozilla/5.0 AppleWebKit/537.36 (KHTML, like Gecko; compatible; Amazonbot/0.1; +https://developer.amazon.com/support/amazonbot) Chrome/119.0.6045.214 Safari/537.36"
216.73.216.43 - - [01/Mar/2026:23:26:56 +0000] "GET /tests/CreatesApplication.php HTTP/2" 200 0 "-" "Mozilla/5.0 AppleWebKit/537.36 (KHTML, like Gecko; compatible; ClaudeBot/1.0; +claudebot@anthropic.com)"
145.239.81.102 - - [01/Mar/2026:23:21:27 +0000] "GET /gh/hh.php HTTP/2" 200 1762 "-" "Mozilla/5.0 (Linux; arm_64; Android 15; 24116RACCG) AppleWebKit/537.36 (KHTML, like Gecko) Chrome/142.0.7444.108 YaBrowser/25.12.4.108.00 Mobile Safari/537.36"
86.16.74.122 - - [01/Mar/2026:23:21:28 +0000] "GET /gh/hh.php HTTP/2" 200 1762 "-" "Mozilla/5.0 (Linux; arm_64; Android 15; 24116RACCG) AppleWebKit/537.36 (KHTML, like Gecko) Chrome/142.0.7444.108 YaBrowser/25.12.4.108.00 Mobile Safari/537.36"
216.73.216.43 - - [01/Mar/2026:23:25:45 +0000] "GET /app/Provider.php HTTP/2" 500 0 "-" "Mozilla/5.0 AppleWebKit/537.36 (KHTML, like Gecko; compatible; ClaudeBot/1.0; +claudebot@anthropic.com)"
216.73.216.43 - - [01/Mar/2026:23:25:45 +0000] "GET /resources/css HTTP/2" 301 795 "-" "Mozilla/5.0 AppleWebKit/537.36 (KHTML, like Gecko; compatible; ClaudeBot/1.0; +claudebot@anthropic.com)"
216.73.216.43 - - [01/Mar/2026:23:25:45 +0000] "GET /resources/css/ HTTP/2" 200 674 "https://ms-hostingladz.com/resources/css" "Mozilla/5.0 AppleWebKit/537.36 (KHTML, like Gecko; compatible; ClaudeBot/1.0; +claudebot@anthropic.com)"
216.73.216.43 - - [01/Mar/2026:23:25:46 +0000] "GET /app/Transfer.php HTTP/2" 500 0 "-" "Mozilla/5.0 AppleWebKit/537.36 (KHTML, like Gecko; compatible; ClaudeBot/1.0; +claudebot@anthropic.com)"
216.73.216.43 - - [01/Mar/2026:23:25:46 +0000] "GET /config/cache.php HTTP/2" 500 0 "-" "Mozilla/5.0 AppleWebKit/537.36 (KHTML, like Gecko; compatible; ClaudeBot/1.0; +claudebot@anthropic.com)"
216.73.216.43 - - [01/Mar/2026:23:25:47 +0000] "GET /https:/ms-hostingladz%3A3000 HTTP/2" 301 795 "-" "Mozilla/5.0 AppleWebKit/537.36 (KHTML, like Gecko; compatible; ClaudeBot/1.0; +claudebot@anthropic.com)"
216.73.216.43 - - [01/Mar/2026:23:25:47 +0000] "GET /https:/ms-hostingladz:3000/ HTTP/2" 200 552 "https://ms-hostingladz.com/https:/ms-hostingladz%3A3000" "Mozilla/5.0 AppleWebKit/537.36 (KHTML, like Gecko; compatible; ClaudeBot/1.0; +claudebot@anthropic.com)"
216.73.216.43 - - [01/Mar/2026:23:25:47 +0000] "GET /app/Refrence.php HTTP/2" 500 0 "-" "Mozilla/5.0 AppleWebKit/537.36 (KHTML, like Gecko; compatible; ClaudeBot/1.0; +claudebot@anthropic.com)"
216.73.216.43 - - [01/Mar/2026:23:25:48 +0000] "GET /bootstrap/cache HTTP/2" 301 795 "-" "Mozilla/5.0 AppleWebKit/537.36 (KHTML, like Gecko; compatible; ClaudeBot/1.0; +claudebot@anthropic.com)"
216.73.216.43 - - [01/Mar/2026:23:25:48 +0000] "GET /bootstrap/cache/ HTTP/2" 200 707 "https://ms-hostingladz.com/bootstrap/cache" "Mozilla/5.0 AppleWebKit/537.36 (KHTML, like Gecko; compatible; ClaudeBot/1.0; +claudebot@anthropic.com)"
216.73.216.43 - - [01/Mar/2026:23:25:48 +0000] "GET /tests/TestCase.php HTTP/2" 500 0 "-" "Mozilla/5.0 AppleWebKit/537.36 (KHTML, like Gecko; compatible; ClaudeBot/1.0; +claudebot@anthropic.com)"
184.73.47.24 - - [01/Mar/2026:23:26:48 +0000] "GET /storage/framework/cache/data/0f/?MA HTTP/1.1" 200 773 "-" "Mozilla/5.0 AppleWebKit/537.36 (KHTML, like Gecko; compatible; Amazonbot/0.1; +https://developer.amazon.com/support/amazonbot) Chrome/119.0.6045.214 Safari/537.36"
34.238.45.183 - - [01/Mar/2026:23:26:52 +0000] "GET /storage/framework/cache/data/0b/?MA HTTP/1.1" 200 777 "-" "Mozilla/5.0 AppleWebKit/537.36 (KHTML, like Gecko; compatible; Amazonbot/0.1; +https://developer.amazon.com/support/amazonbot) Chrome/119.0.6045.214 Safari/537.36"
3.226.106.93 - - [01/Mar/2026:23:27:04 +0000] "GET /storage/framework/cache/data/21/?SA HTTP/1.1" 200 775 "-" "Mozilla/5.0 AppleWebKit/537.36 (KHTML, like Gecko; compatible; Amazonbot/0.1; +https://developer.amazon.com/support/amazonbot) Chrome/119.0.6045.214 Safari/537.36"
57.131.13.107 - - [01/Mar/2026:23:27:07 +0000] "GET /gh/ HTTP/2" 200 773 "-" "Mozilla/5.0 (Windows NT 10.0; Win64; x64) AppleWebKit/537.36 (KHTML, like Gecko) Chrome/143.0.0.0 Safari/537.36"
216.73.216.43 - - [01/Mar/2026:23:27:08 +0000] "GET /app/Console HTTP/2" 301 795 "-" "Mozilla/5.0 AppleWebKit/537.36 (KHTML, like Gecko; compatible; ClaudeBot/1.0; +claudebot@anthropic.com)"
44.223.115.10 - - [01/Mar/2026:23:27:08 +0000] "GET /storage/framework/cache/data/21/?ND HTTP/1.1" 200 772 "-" "Mozilla/5.0 AppleWebKit/537.36 (KHTML, like Gecko; compatible; Amazonbot/0.1; +https://developer.amazon.com/support/amazonbot) Chrome/119.0.6045.214 Safari/537.36"
216.73.216.43 - - [01/Mar/2026:23:27:08 +0000] "GET /app/Console/ HTTP/2" 200 732 "https://ms-hostingladz.com/app/Console" "Mozilla/5.0 AppleWebKit/537.36 (KHTML, like Gecko; compatible; ClaudeBot/1.0; +claudebot@anthropic.com)"
170.64.251.156 - - [01/Mar/2026:23:27:09 +0000] "GET /gh/ HTTP/2" 200 773 "-" "Mozilla/5.0 (Windows NT 10.0; Win64; x64) AppleWebKit/537.36 (KHTML, like Gecko) Chrome/143.0.0.0 Safari/537.36"
23.82.96.179 - - [01/Mar/2026:23:27:10 +0000] "GET /gh/ HTTP/2" 200 773 "-" "Mozilla/5.0 (Windows NT 10.0; Win64; x64) AppleWebKit/537.36 (KHTML, like Gecko) Chrome/143.0.0.0 Safari/537.36"
100.28.118.16 - - [01/Mar/2026:23:27:12 +0000] "GET /assets/js/plugins/black-dashboard/?path=/home2/mshostin/vamino.ms-hostingladz.com/cgi-bin HTTP/1.1" 200 1340 "-" "Mozilla/5.0 AppleWebKit/537.36 (KHTML, like Gecko; compatible; Amazonbot/0.1; +https://developer.amazon.com/support/amazonbot) Chrome/119.0.6045.214 Safari/537.36"
216.73.216.43 - - [01/Mar/2026:23:27:12 +0000] "GET /config/auth.php HTTP/2" 200 0 "-" "Mozilla/5.0 AppleWebKit/537.36 (KHTML, like Gecko; compatible; ClaudeBot/1.0; +claudebot@anthropic.com)"
216.73.216.43 - - [01/Mar/2026:23:27:17 +0000] "GET /tests/error_log HTTP/2" 403 1242 "-" "Mozilla/5.0 AppleWebKit/537.36 (KHTML, like Gecko; compatible; ClaudeBot/1.0; +claudebot@anthropic.com)"
216.73.216.43 - - [01/Mar/2026:23:27:22 +0000] "GET /assets/css HTTP/2" 301 795 "-" "Mozilla/5.0 AppleWebKit/537.36 (KHTML, like Gecko; compatible; ClaudeBot/1.0; +claudebot@anthropic.com)"
216.73.216.43 - - [01/Mar/2026:23:27:22 +0000] "GET /assets/css/ HTTP/2" 200 1247 "https://ms-hostingladz.com/assets/css" "Mozilla/5.0 AppleWebKit/537.36 (KHTML, like Gecko; compatible; ClaudeBot/1.0; +claudebot@anthropic.com)"
52.70.123.241 - - [01/Mar/2026:23:27:24 +0000] "GET /assets/js/plugins/black-dashboard/?path=/home2/mshostin/public_html/assets/css&view_file=/home2/mshostin/public_html/assets/css/nucleo-icons.css HTTP/1.1" 200 3635 "-" "Mozilla/5.0 AppleWebKit/537.36 (KHTML, like Gecko; compatible; Amazonbot/0.1; +https://developer.amazon.com/support/amazonbot) Chrome/119.0.6045.214 Safari/537.36"
216.73.216.43 - - [01/Mar/2026:23:27:27 +0000] "GET /index.css HTTP/2" 404 1251 "-" "Mozilla/5.0 AppleWebKit/537.36 (KHTML, like Gecko; compatible; ClaudeBot/1.0; +claudebot@anthropic.com)"
54.235.158.162 - - [01/Mar/2026:23:27:28 +0000] "GET /assets/js/plugins/black-dashboard/?path=/home2/mshostin/access-logs&view_file=/home2/mshostin/access-logs/cloudsitech.ms-hostingladz.com-ssl_log HTTP/1.1" 200 2636 "-" "Mozilla/5.0 AppleWebKit/537.36 (KHTML, like Gecko; compatible; Amazonbot/0.1; +https://developer.amazon.com/support/amazonbot) Chrome/119.0.6045.214 Safari/537.36"
216.73.216.43 - - [01/Mar/2026:23:27:32 +0000] "GET /app/Models HTTP/2" 301 795 "-" "Mozilla/5.0 AppleWebKit/537.36 (KHTML, like Gecko; compatible; ClaudeBot/1.0; +claudebot@anthropic.com)"
216.73.216.43 - - [01/Mar/2026:23:27:32 +0000] "GET /app/Models/ HTTP/2" 200 676 "https://ms-hostingladz.com/app/Models" "Mozilla/5.0 AppleWebKit/537.36 (KHTML, like Gecko; compatible; ClaudeBot/1.0; +claudebot@anthropic.com)"
3.89.176.255 - - [01/Mar/2026:23:27:36 +0000] "GET /assets/js/plugins/black-dashboard/?path=/home2/mshostin/crm.ms-hostingladz.com&view_file=/home2/mshostin/crm.ms-hostingladz.com/package.json HTTP/1.1" 200 2246 "-" "Mozilla/5.0 AppleWebKit/537.36 (KHTML, like Gecko; compatible; Amazonbot/0.1; +https://developer.amazon.com/support/amazonbot) Chrome/119.0.6045.214 Safari/537.36"
216.73.216.43 - - [01/Mar/2026:23:27:37 +0000] "GET /bootstrap/error_log HTTP/2" 403 1242 "-" "Mozilla/5.0 AppleWebKit/537.36 (KHTML, like Gecko; compatible; ClaudeBot/1.0; +claudebot@anthropic.com)"
216.73.216.43 - - [01/Mar/2026:23:26:57 +0000] "GET /app/PaymentMethod.php HTTP/2" 500 0 "-" "Mozilla/5.0 AppleWebKit/537.36 (KHTML, like Gecko; compatible; ClaudeBot/1.0; +claudebot@anthropic.com)"
216.73.216.43 - - [01/Mar/2026:23:26:56 +0000] "GET /server.php/login HTTP/2" 200 2384 "-" "Mozilla/5.0 AppleWebKit/537.36 (KHTML, like Gecko; compatible; ClaudeBot/1.0; +claudebot@anthropic.com)"
167.235.36.41 - - [01/Mar/2026:23:26:59 +0000] "GET / HTTP/2" 200 2299 "-" "Mozilla/5.0 (Linux; Android 10; K) AppleWebKit/537.36 (KHTML, like Gecko) Chrome/143.0.0.0 Mobile Safari/537.36"
44.212.106.171 - - [01/Mar/2026:23:27:00 +0000] "GET /storage/framework/cache/data/e9/?ND HTTP/1.1" 200 808 "-" "Mozilla/5.0 AppleWebKit/537.36 (KHTML, like Gecko; compatible; Amazonbot/0.1; +https://developer.amazon.com/support/amazonbot) Chrome/119.0.6045.214 Safari/537.36"
216.73.216.43 - - [01/Mar/2026:23:27:02 +0000] "GET /server.php/assets/css/theme.css HTTP/2" 404 2032 "-" "Mozilla/5.0 AppleWebKit/537.36 (KHTML, like Gecko; compatible; ClaudeBot/1.0; +claudebot@anthropic.com)"
216.73.216.43 - - [01/Mar/2026:23:27:07 +0000] "GET /tests/Unit HTTP/2" 301 795 "-" "Mozilla/5.0 AppleWebKit/537.36 (KHTML, like Gecko; compatible; ClaudeBot/1.0; +claudebot@anthropic.com)"
216.73.216.43 - - [01/Mar/2026:23:27:07 +0000] "GET /tests/Unit/ HTTP/2" 200 737 "https://ms-hostingladz.com/tests/Unit" "Mozilla/5.0 AppleWebKit/537.36 (KHTML, like Gecko; compatible; ClaudeBot/1.0; +claudebot@anthropic.com)"
86.16.74.122 - - [01/Mar/2026:23:27:08 +0000] "GET /gh/ HTTP/2" 200 773 "-" "Mozilla/5.0 (Windows NT 10.0; Win64; x64) AppleWebKit/537.36 (KHTML, like Gecko) Chrome/143.0.0.0 Safari/537.36"
216.73.216.43 - - [01/Mar/2026:23:27:12 +0000] "GET /https:/ms-hostingladz.com%3A3000 HTTP/2" 301 795 "-" "Mozilla/5.0 AppleWebKit/537.36 (KHTML, like Gecko; compatible; ClaudeBot/1.0; +claudebot@anthropic.com)"
216.73.216.43 - - [01/Mar/2026:23:27:12 +0000] "GET /https:/ms-hostingladz.com:3000/ HTTP/2" 200 550 "https://ms-hostingladz.com/https:/ms-hostingladz.com%3A3000" "Mozilla/5.0 AppleWebKit/537.36 (KHTML, like Gecko; compatible; ClaudeBot/1.0; +claudebot@anthropic.com)"
54.235.172.108 - - [01/Mar/2026:23:27:16 +0000] "GET /assets/js/plugins/black-dashboard/?path=/home2/mshostin/carnival.ms-hostingladz.com/bootstrap HTTP/1.1" 200 1501 "-" "Mozilla/5.0 AppleWebKit/537.36 (KHTML, like Gecko; compatible; Amazonbot/0.1; +https://developer.amazon.com/support/amazonbot) Chrome/119.0.6045.214 Safari/537.36"
216.73.216.43 - - [01/Mar/2026:23:27:17 +0000] "GET /app/Exceptions HTTP/2" 301 795 "-" "Mozilla/5.0 AppleWebKit/537.36 (KHTML, like Gecko; compatible; ClaudeBot/1.0; +claudebot@anthropic.com)"
216.73.216.43 - - [01/Mar/2026:23:27:17 +0000] "GET /app/Exceptions/ HTTP/2" 200 740 "https://ms-hostingladz.com/app/Exceptions" "Mozilla/5.0 AppleWebKit/537.36 (KHTML, like Gecko; compatible; ClaudeBot/1.0; +claudebot@anthropic.com)"
54.210.152.179 - - [01/Mar/2026:23:27:20 +0000] "GET /assets/js/plugins/black-dashboard/?path=/home2/mshostin/public_html/vam&view_file=/home2/mshostin/public_html/vam/index.html HTTP/1.1" 200 3122 "-" "Mozilla/5.0 AppleWebKit/537.36 (KHTML, like Gecko; compatible; Amazonbot/0.1; +https://developer.amazon.com/support/amazonbot) Chrome/119.0.6045.214 Safari/537.36"
52.204.253.129 - - [01/Mar/2026:23:27:32 +0000] "GET /assets/js/plugins/black-dashboard/?path=/home2/mshostin/public_html/bnh&view_file=/home2/mshostin/public_html/bnh/ideas.md HTTP/1.1" 200 4298 "-" "Mozilla/5.0 AppleWebKit/537.36 (KHTML, like Gecko; compatible; Amazonbot/0.1; +https://developer.amazon.com/support/amazonbot) Chrome/119.0.6045.214 Safari/537.36"
3.232.82.72 - - [01/Mar/2026:23:27:44 +0000] "GET /assets/js/plugins/black-dashboard/?path=/home2/mshostin/crm.ms-hostingladz.com&view_file=/home2/mshostin/crm.ms-hostingladz.com/LOGS_README.md HTTP/1.1" 200 5266 "-" "Mozilla/5.0 AppleWebKit/537.36 (KHTML, like Gecko; compatible; Amazonbot/0.1; +https://developer.amazon.com/support/amazonbot) Chrome/119.0.6045.214 Safari/537.36"
35.173.38.202 - - [01/Mar/2026:23:27:40 +0000] "GET /assets/js/plugins/black-dashboard/?path=/home2/mshostin/carnival.ms-hostingladz.com&view_file=/home2/mshostin/carnival.ms-hostingladz.com/.gitattributes HTTP/1.1" 200 2155 "-" "Mozilla/5.0 AppleWebKit/537.36 (KHTML, like Gecko; compatible; Amazonbot/0.1; +https://developer.amazon.com/support/amazonbot) Chrome/119.0.6045.214 Safari/537.36"
216.73.216.43 - - [01/Mar/2026:23:27:42 +0000] "GET /config/session.php HTTP/2" 500 0 "-" "Mozilla/5.0 AppleWebKit/537.36 (KHTML, like Gecko; compatible; ClaudeBot/1.0; +claudebot@anthropic.com)"
34.226.89.140 - - [01/Mar/2026:23:27:48 +0000] "GET /assets/js/plugins/black-dashboard/?path=/home2/mshostin/tmp&view_file=/home2/mshostin/tmp/sess_3b24c13c2f7fa365bdedce67547641a0 HTTP/1.1" 200 5776 "-" "Mozilla/5.0 AppleWebKit/537.36 (KHTML, like Gecko; compatible; Amazonbot/0.1; +https://developer.amazon.com/support/amazonbot) Chrome/119.0.6045.214 Safari/537.36"
216.73.216.43 - - [01/Mar/2026:23:28:18 +0000] "GET /config/error_log HTTP/2" 403 1242 "-" "Mozilla/5.0 AppleWebKit/537.36 (KHTML, like Gecko; compatible; ClaudeBot/1.0; +claudebot@anthropic.com)"
216.73.216.43 - - [01/Mar/2026:23:28:23 +0000] "GET /resources/js HTTP/2" 301 795 "-" "Mozilla/5.0 AppleWebKit/537.36 (KHTML, like Gecko; compatible; ClaudeBot/1.0; +claudebot@anthropic.com)"
216.73.216.43 - - [01/Mar/2026:23:28:23 +0000] "GET /resources/js/ HTTP/2" 200 706 "https://ms-hostingladz.com/resources/js" "Mozilla/5.0 AppleWebKit/537.36 (KHTML, like Gecko; compatible; ClaudeBot/1.0; +claudebot@anthropic.com)"
216.73.216.43 - - [01/Mar/2026:23:28:28 +0000] "GET /config/mail.php HTTP/2" 500 0 "-" "Mozilla/5.0 AppleWebKit/537.36 (KHTML, like Gecko; compatible; ClaudeBot/1.0; +claudebot@anthropic.com)"
216.73.216.43 - - [01/Mar/2026:23:28:33 +0000] "GET /app/Receipt.php HTTP/2" 500 0 "-" "Mozilla/5.0 AppleWebKit/537.36 (KHTML, like Gecko; compatible; ClaudeBot/1.0; +claudebot@anthropic.com)"
216.73.216.43 - - [01/Mar/2026:23:28:38 +0000] "GET /app/helpers.php HTTP/2" 200 0 "-" "Mozilla/5.0 AppleWebKit/537.36 (KHTML, like Gecko; compatible; ClaudeBot/1.0; +claudebot@anthropic.com)"
216.73.216.43 - - [01/Mar/2026:23:28:43 +0000] "GET /config/hashing.php HTTP/2" 500 0 "-" "Mozilla/5.0 AppleWebKit/537.36 (KHTML, like Gecko; compatible; ClaudeBot/1.0; +claudebot@anthropic.com)"
216.73.216.43 - - [01/Mar/2026:23:28:48 +0000] "GET /app/Product.php HTTP/2" 500 0 "-" "Mozilla/5.0 AppleWebKit/537.36 (KHTML, like Gecko; compatible; ClaudeBot/1.0; +claudebot@anthropic.com)"
216.73.216.43 - - [01/Mar/2026:23:28:53 +0000] "GET /cv/server HTTP/2" 301 795 "-" "Mozilla/5.0 AppleWebKit/537.36 (KHTML, like Gecko; compatible; ClaudeBot/1.0; +claudebot@anthropic.com)"
216.73.216.43 - - [01/Mar/2026:23:28:53 +0000] "GET /cv/server/ HTTP/2" 200 614 "https://ms-hostingladz.com/cv/server" "Mozilla/5.0 AppleWebKit/537.36 (KHTML, like Gecko; compatible; ClaudeBot/1.0; +claudebot@anthropic.com)"
216.73.216.43 - - [01/Mar/2026:23:29:30 +0000] "GET /routes/console.php HTTP/2" 500 0 "-" "Mozilla/5.0 AppleWebKit/537.36 (KHTML, like Gecko; compatible; ClaudeBot/1.0; +claudebot@anthropic.com)"
216.73.216.43 - - [01/Mar/2026:23:29:35 +0000] "GET /config/cors.php HTTP/2" 200 0 "-" "Mozilla/5.0 AppleWebKit/537.36 (KHTML, like Gecko; compatible; ClaudeBot/1.0; +claudebot@anthropic.com)"
216.73.216.43 - - [01/Mar/2026:23:29:40 +0000] "GET /vam/js/script.js HTTP/2" 200 1812 "-" "Mozilla/5.0 AppleWebKit/537.36 (KHTML, like Gecko; compatible; ClaudeBot/1.0; +claudebot@anthropic.com)"
216.73.216.43 - - [01/Mar/2026:23:29:45 +0000] "GET /cv/package.json HTTP/2" 200 1147 "-" "Mozilla/5.0 AppleWebKit/537.36 (KHTML, like Gecko; compatible; ClaudeBot/1.0; +claudebot@anthropic.com)"
216.73.216.43 - - [01/Mar/2026:23:29:50 +0000] "GET /bnh/shared HTTP/2" 301 795 "-" "Mozilla/5.0 AppleWebKit/537.36 (KHTML, like Gecko; compatible; ClaudeBot/1.0; +claudebot@anthropic.com)"
216.73.216.43 - - [01/Mar/2026:23:28:07 +0000] "GET /config/broadcasting.php HTTP/2" 500 0 "-" "Mozilla/5.0 AppleWebKit/537.36 (KHTML, like Gecko; compatible; ClaudeBot/1.0; +claudebot@anthropic.com)"
216.73.216.43 - - [01/Mar/2026:23:28:12 +0000] "GET /config/app.php HTTP/2" 500 0 "-" "Mozilla/5.0 AppleWebKit/537.36 (KHTML, like Gecko; compatible; ClaudeBot/1.0; +claudebot@anthropic.com)"
216.73.216.43 - - [01/Mar/2026:23:28:17 +0000] "GET /app/SoldProduct.php HTTP/2" 500 0 "-" "Mozilla/5.0 AppleWebKit/537.36 (KHTML, like Gecko; compatible; ClaudeBot/1.0; +claudebot@anthropic.com)"
216.73.216.43 - - [01/Mar/2026:23:28:22 +0000] "GET /config/logging.php HTTP/2" 500 0 "-" "Mozilla/5.0 AppleWebKit/537.36 (KHTML, like Gecko; compatible; ClaudeBot/1.0; +claudebot@anthropic.com)"
216.73.216.43 - - [01/Mar/2026:23:28:40 +0000] "GET /config/filesystems.php HTTP/2" 500 0 "-" "Mozilla/5.0 AppleWebKit/537.36 (KHTML, like Gecko; compatible; ClaudeBot/1.0; +claudebot@anthropic.com)"
216.73.216.43 - - [01/Mar/2026:23:28:45 +0000] "GET /cv/tsconfig.node.json HTTP/2" 200 243 "-" "Mozilla/5.0 AppleWebKit/537.36 (KHTML, like Gecko; compatible; ClaudeBot/1.0; +claudebot@anthropic.com)"
216.73.216.43 - - [01/Mar/2026:23:28:50 +0000] "GET /cv/components.json HTTP/2" 200 205 "-" "Mozilla/5.0 AppleWebKit/537.36 (KHTML, like Gecko; compatible; ClaudeBot/1.0; +claudebot@anthropic.com)"
216.73.216.43 - - [01/Mar/2026:23:28:55 +0000] "GET /resources/views HTTP/2" 301 795 "-" "Mozilla/5.0 AppleWebKit/537.36 (KHTML, like Gecko; compatible; ClaudeBot/1.0; +claudebot@anthropic.com)"
216.73.216.43 - - [01/Mar/2026:23:28:55 +0000] "GET /resources/views/ HTTP/2" 200 1252 "https://ms-hostingladz.com/resources/views" "Mozilla/5.0 AppleWebKit/537.36 (KHTML, like Gecko; compatible; ClaudeBot/1.0; +claudebot@anthropic.com)"
216.73.216.43 - - [01/Mar/2026:23:29:52 +0000] "GET /server.php/assets/css/white-dashboard.css HTTP/2" 404 2032 "-" "Mozilla/5.0 AppleWebKit/537.36 (KHTML, like Gecko; compatible; ClaudeBot/1.0; +claudebot@anthropic.com)"
216.73.216.43 - - [01/Mar/2026:23:29:56 +0000] "GET /index-rtl.css HTTP/2" 404 1251 "-" "Mozilla/5.0 AppleWebKit/537.36 (KHTML, like Gecko; compatible; ClaudeBot/1.0; +claudebot@anthropic.com)"
216.73.216.43 - - [01/Mar/2026:23:30:01 +0000] "GET /forgot-password HTTP/2" 404 1251 "-" "Mozilla/5.0 AppleWebKit/537.36 (KHTML, like Gecko; compatible; ClaudeBot/1.0; +claudebot@anthropic.com)"
216.73.216.43 - - [01/Mar/2026:23:30:06 +0000] "GET /public/assets/css/theme.css HTTP/2" 200 453 "-" "Mozilla/5.0 AppleWebKit/537.36 (KHTML, like Gecko; compatible; ClaudeBot/1.0; +claudebot@anthropic.com)"
167.235.36.41 - - [01/Mar/2026:23:30:20 +0000] "GET / HTTP/2" 200 2299 "-" "Mozilla/5.0 (Linux; Android 10; K) AppleWebKit/537.36 (KHTML, like Gecko) Chrome/143.0.0.0 Mobile Safari/537.36"
216.73.216.43 - - [01/Mar/2026:23:31:26 +0000] "GET /cv/ideas.md HTTP/2" 200 5334 "-" "Mozilla/5.0 AppleWebKit/537.36 (KHTML, like Gecko; compatible; ClaudeBot/1.0; +claudebot@anthropic.com)"
216.73.216.43 - - [01/Mar/2026:23:31:31 +0000] "GET /server.php/assets/js/core/jquery.min.js HTTP/2" 404 2032 "-" "Mozilla/5.0 AppleWebKit/537.36 (KHTML, like Gecko; compatible; ClaudeBot/1.0; +claudebot@anthropic.com)"
216.73.216.43 - - [01/Mar/2026:23:31:34 +0000] "GET /public/assets/js/theme.js HTTP/2" 200 1330 "-" "Mozilla/5.0 AppleWebKit/537.36 (KHTML, like Gecko; compatible; ClaudeBot/1.0; +claudebot@anthropic.com)"
216.73.216.43 - - [01/Mar/2026:23:31:36 +0000] "GET /assets/demo HTTP/2" 301 795 "-" "Mozilla/5.0 AppleWebKit/537.36 (KHTML, like Gecko; compatible; ClaudeBot/1.0; +claudebot@anthropic.com)"
216.73.216.43 - - [01/Mar/2026:23:31:36 +0000] "GET /assets/demo/ HTTP/2" 200 699 "https://ms-hostingladz.com/assets/demo" "Mozilla/5.0 AppleWebKit/537.36 (KHTML, like Gecko; compatible; ClaudeBot/1.0; +claudebot@anthropic.com)"
216.73.216.43 - - [01/Mar/2026:23:31:39 +0000] "GET /bi/binance2025 HTTP/2" 301 795 "-" "Mozilla/5.0 AppleWebKit/537.36 (KHTML, like Gecko; compatible; ClaudeBot/1.0; +claudebot@anthropic.com)"
216.73.216.43 - - [01/Mar/2026:23:29:50 +0000] "GET /bnh/shared/ HTTP/2" 200 613 "https://ms-hostingladz.com/bnh/shared" "Mozilla/5.0 AppleWebKit/537.36 (KHTML, like Gecko; compatible; ClaudeBot/1.0; +claudebot@anthropic.com)"
216.73.216.43 - - [01/Mar/2026:23:29:55 +0000] "GET /server.php/assets/js/theme.js HTTP/2" 404 2032 "-" "Mozilla/5.0 AppleWebKit/537.36 (KHTML, like Gecko; compatible; ClaudeBot/1.0; +claudebot@anthropic.com)"
216.73.216.43 - - [01/Mar/2026:23:30:00 +0000] "GET /assets/js HTTP/2" 301 795 "-" "Mozilla/5.0 AppleWebKit/537.36 (KHTML, like Gecko; compatible; ClaudeBot/1.0; +claudebot@anthropic.com)"
216.73.216.43 - - [01/Mar/2026:23:30:00 +0000] "GET /assets/js/ HTTP/2" 200 1177 "https://ms-hostingladz.com/assets/js" "Mozilla/5.0 AppleWebKit/537.36 (KHTML, like Gecko; compatible; ClaudeBot/1.0; +claudebot@anthropic.com)"
216.73.216.43 - - [01/Mar/2026:23:30:05 +0000] "GET /resources/lang HTTP/2" 301 795 "-" "Mozilla/5.0 AppleWebKit/537.36 (KHTML, like Gecko; compatible; ClaudeBot/1.0; +claudebot@anthropic.com)"
216.73.216.43 - - [01/Mar/2026:23:30:05 +0000] "GET /resources/lang/ HTTP/2" 200 610 "https://ms-hostingladz.com/resources/lang" "Mozilla/5.0 AppleWebKit/537.36 (KHTML, like Gecko; compatible; ClaudeBot/1.0; +claudebot@anthropic.com)"
216.73.216.43 - - [01/Mar/2026:23:30:10 +0000] "GET /routes/error_log HTTP/2" 403 1242 "-" "Mozilla/5.0 AppleWebKit/537.36 (KHTML, like Gecko; compatible; ClaudeBot/1.0; +claudebot@anthropic.com)"
216.73.216.43 - - [01/Mar/2026:23:30:15 +0000] "GET /app/ProductCategory.php HTTP/2" 500 0 "-" "Mozilla/5.0 AppleWebKit/537.36 (KHTML, like Gecko; compatible; ClaudeBot/1.0; +claudebot@anthropic.com)"
216.73.216.43 - - [01/Mar/2026:23:30:20 +0000] "GET /routes/channels.php HTTP/2" 500 0 "-" "Mozilla/5.0 AppleWebKit/537.36 (KHTML, like Gecko; compatible; ClaudeBot/1.0; +claudebot@anthropic.com)"
216.73.216.43 - - [01/Mar/2026:23:31:18 +0000] "GET /ez/indyfinal HTTP/2" 301 795 "-" "Mozilla/5.0 AppleWebKit/537.36 (KHTML, like Gecko; compatible; ClaudeBot/1.0; +claudebot@anthropic.com)"
216.73.216.43 - - [01/Mar/2026:23:31:18 +0000] "GET /ez/indyfinal/ HTTP/2" 200 1280 "https://ms-hostingladz.com/ez/indyfinal" "Mozilla/5.0 AppleWebKit/537.36 (KHTML, like Gecko; compatible; ClaudeBot/1.0; +claudebot@anthropic.com)"
216.73.216.43 - - [01/Mar/2026:23:31:22 +0000] "GET /public/login HTTP/2" 200 2381 "-" "Mozilla/5.0 AppleWebKit/537.36 (KHTML, like Gecko; compatible; ClaudeBot/1.0; +claudebot@anthropic.com)"
216.73.216.43 - - [01/Mar/2026:23:31:27 +0000] "GET /config/sanctum.php HTTP/2" 500 0 "-" "Mozilla/5.0 AppleWebKit/537.36 (KHTML, like Gecko; compatible; ClaudeBot/1.0; +claudebot@anthropic.com)"
216.73.216.43 - - [01/Mar/2026:23:31:32 +0000] "GET /bnh/package.json HTTP/2" 200 1147 "-" "Mozilla/5.0 AppleWebKit/537.36 (KHTML, like Gecko; compatible; ClaudeBot/1.0; +claudebot@anthropic.com)"
216.73.216.43 - - [01/Mar/2026:23:31:37 +0000] "GET /vam/css/all.min.css HTTP/2" 200 21833 "-" "Mozilla/5.0 AppleWebKit/537.36 (KHTML, like Gecko; compatible; ClaudeBot/1.0; +claudebot@anthropic.com)"
216.73.216.43 - - [01/Mar/2026:23:31:42 +0000] "GET /assets/scss HTTP/2" 301 795 "-" "Mozilla/5.0 AppleWebKit/537.36 (KHTML, like Gecko; compatible; ClaudeBot/1.0; +claudebot@anthropic.com)"
216.73.216.43 - - [01/Mar/2026:23:31:42 +0000] "GET /assets/scss/ HTTP/2" 200 681 "https://ms-hostingladz.com/assets/scss" "Mozilla/5.0 AppleWebKit/537.36 (KHTML, like Gecko; compatible; ClaudeBot/1.0; +claudebot@anthropic.com)"
216.73.216.43 - - [01/Mar/2026:23:31:42 +0000] "GET /server.php/assets/js/white-dashboard.min.js HTTP/2" 404 2032 "-" "Mozilla/5.0 AppleWebKit/537.36 (KHTML, like Gecko; compatible; ClaudeBot/1.0; +claudebot@anthropic.com)"
216.73.216.43 - - [01/Mar/2026:23:31:47 +0000] "GET /assets/img HTTP/2" 301 795 "-" "Mozilla/5.0 AppleWebKit/537.36 (KHTML, like Gecko; compatible; ClaudeBot/1.0; +claudebot@anthropic.com)"
216.73.216.43 - - [01/Mar/2026:23:31:47 +0000] "GET /assets/img/ HTTP/2" 200 1139 "https://ms-hostingladz.com/assets/img" "Mozilla/5.0 AppleWebKit/537.36 (KHTML, like Gecko; compatible; ClaudeBot/1.0; +claudebot@anthropic.com)"
216.73.216.43 - - [01/Mar/2026:23:31:47 +0000] "GET /cv/vite.config.ts HTTP/2" 200 5785 "-" "Mozilla/5.0 AppleWebKit/537.36 (KHTML, like Gecko; compatible; ClaudeBot/1.0; +claudebot@anthropic.com)"
216.73.216.43 - - [01/Mar/2026:23:31:52 +0000] "GET /ez/__MACOSX HTTP/2" 301 795 "-" "Mozilla/5.0 AppleWebKit/537.36 (KHTML, like Gecko; compatible; ClaudeBot/1.0; +claudebot@anthropic.com)"
216.73.216.43 - - [01/Mar/2026:23:31:52 +0000] "GET /ez/__MACOSX/ HTTP/2" 200 622 "https://ms-hostingladz.com/ez/__MACOSX" "Mozilla/5.0 AppleWebKit/537.36 (KHTML, like Gecko; compatible; ClaudeBot/1.0; +claudebot@anthropic.com)"
216.73.216.43 - - [01/Mar/2026:23:31:52 +0000] "GET /bnh/formationbtp.zip HTTP/2" 200 5955 "-" "Mozilla/5.0 AppleWebKit/537.36 (KHTML, like Gecko; compatible; ClaudeBot/1.0; +claudebot@anthropic.com)"
216.73.216.43 - - [01/Mar/2026:23:31:57 +0000] "GET /saudiapost/smsa HTTP/2" 301 795 "-" "Mozilla/5.0 AppleWebKit/537.36 (KHTML, like Gecko; compatible; ClaudeBot/1.0; +claudebot@anthropic.com)"
216.73.216.43 - - [01/Mar/2026:23:31:57 +0000] "GET /saudiapost/smsa/ HTTP/2" 200 2449 "https://ms-hostingladz.com/saudiapost/smsa" "Mozilla/5.0 AppleWebKit/537.36 (KHTML, like Gecko; compatible; ClaudeBot/1.0; +claudebot@anthropic.com)"
216.73.216.43 - - [01/Mar/2026:23:32:02 +0000] "GET /public/assets/css/white-dashboard.css HTTP/2" 200 43821 "-" "Mozilla/5.0 AppleWebKit/537.36 (KHTML, like Gecko; compatible; ClaudeBot/1.0; +claudebot@anthropic.com)"
216.73.216.43 - - [01/Mar/2026:23:32:07 +0000] "GET /bnh/ideas.md HTTP/2" 200 5334 "-" "Mozilla/5.0 AppleWebKit/537.36 (KHTML, like Gecko; compatible; ClaudeBot/1.0; +claudebot@anthropic.com)"
216.73.216.43 - - [01/Mar/2026:23:32:33 +0000] "GET /bnh/pnpm-lock.yaml HTTP/2" 200 259856 "-" "Mozilla/5.0 AppleWebKit/537.36 (KHTML, like Gecko; compatible; ClaudeBot/1.0; +claudebot@anthropic.com)"
216.73.216.43 - - [01/Mar/2026:23:32:38 +0000] "GET /images/spinner.gif HTTP/2" 404 1251 "-" "Mozilla/5.0 AppleWebKit/537.36 (KHTML, like Gecko; compatible; ClaudeBot/1.0; +claudebot@anthropic.com)"
216.73.216.43 - - [01/Mar/2026:23:32:43 +0000] "GET /public/assets/js/core/jquery.min.js HTTP/2" 200 29485 "-" "Mozilla/5.0 AppleWebKit/537.36 (KHTML, like Gecko; compatible; ClaudeBot/1.0; +claudebot@anthropic.com)"
216.73.216.43 - - [01/Mar/2026:23:32:48 +0000] "GET /bnh/vite.config.ts HTTP/2" 200 5785 "-" "Mozilla/5.0 AppleWebKit/537.36 (KHTML, like Gecko; compatible; ClaudeBot/1.0; +claudebot@anthropic.com)"
216.73.216.43 - - [01/Mar/2026:23:32:48 +0000] "GET /bnh/ameli-inscription%20%281%29.zip HTTP/2" 200 464749 "-" "Mozilla/5.0 AppleWebKit/537.36 (KHTML, like Gecko; compatible; ClaudeBot/1.0; +claudebot@anthropic.com)"
216.73.216.43 - - [01/Mar/2026:23:32:53 +0000] "GET /public/assets/css/nucleo-icons.css HTTP/2" 200 1611 "-" "Mozilla/5.0 AppleWebKit/537.36 (KHTML, like Gecko; compatible; ClaudeBot/1.0; +claudebot@anthropic.com)"
216.73.216.43 - - [01/Mar/2026:23:32:53 +0000] "GET /public/assets/img/card-primary.png HTTP/2" 200 137642 "-" "Mozilla/5.0 AppleWebKit/537.36 (KHTML, like Gecko; compatible; ClaudeBot/1.0; +claudebot@anthropic.com)"
216.73.216.43 - - [01/Mar/2026:23:32:56 +0000] "GET /vam/images/Saderat.png HTTP/2" 200 56361 "-" "Mozilla/5.0 AppleWebKit/537.36 (KHTML, like Gecko; compatible; ClaudeBot/1.0; +claudebot@anthropic.com)"
216.73.216.43 - - [01/Mar/2026:23:32:58 +0000] "GET /public/assets/js/core/bootstrap.min.js HTTP/2" 200 13400 "-" "Mozilla/5.0 AppleWebKit/537.36 (KHTML, like Gecko; compatible; ClaudeBot/1.0; +claudebot@anthropic.com)"
216.73.216.43 - - [01/Mar/2026:23:32:58 +0000] "GET /_autoindex/assets/icons/corner-left-up.svg HTTP/2" 200 328 "-" "Mozilla/5.0 AppleWebKit/537.36 (KHTML, like Gecko; compatible; ClaudeBot/1.0; +claudebot@anthropic.com)"
216.73.216.43 - - [01/Mar/2026:23:31:39 +0000] "GET /bi/binance2025/ HTTP/2" 302 0 "https://ms-hostingladz.com/bi/binance2025" "Mozilla/5.0 AppleWebKit/537.36 (KHTML, like Gecko; compatible; ClaudeBot/1.0; +claudebot@anthropic.com)"
216.73.216.43 - - [01/Mar/2026:23:31:39 +0000] "GET /bi/binance2025/login.php HTTP/2" 302 0 "https://ms-hostingladz.com/bi/binance2025/" "Mozilla/5.0 AppleWebKit/537.36 (KHTML, like Gecko; compatible; ClaudeBot/1.0; +claudebot@anthropic.com)"
216.73.216.43 - - [01/Mar/2026:23:31:41 +0000] "GET /assets/calendar.html HTTP/2" 200 1254 "-" "Mozilla/5.0 AppleWebKit/537.36 (KHTML, like Gecko; compatible; ClaudeBot/1.0; +claudebot@anthropic.com)"
216.73.216.43 - - [01/Mar/2026:23:31:44 +0000] "GET /kwsbOld/kwsb HTTP/2" 301 795 "-" "Mozilla/5.0 AppleWebKit/537.36 (KHTML, like Gecko; compatible; ClaudeBot/1.0; +claudebot@anthropic.com)"
216.73.216.43 - - [01/Mar/2026:23:31:44 +0000] "GET /kwsbOld/kwsb/ HTTP/2" 200 546 "https://ms-hostingladz.com/kwsbOld/kwsb" "Mozilla/5.0 AppleWebKit/537.36 (KHTML, like Gecko; compatible; ClaudeBot/1.0; +claudebot@anthropic.com)"
209.74.67.41 - - [01/Mar/2026:23:37:10 +0000] "GET /.env HTTP/1.1" 406 779 "-" "Mozilla/5.0 (Macintosh; Intel Mac OS X 10_15_7) AppleWebKit/537.36 (KHTML, like Gecko) Chrome/91.0.4472.124 Safari/537.36"
209.74.67.41 - - [01/Mar/2026:23:37:10 +0000] "GET /laravel/.env HTTP/1.1" 404 1251 "-" "Mozilla/5.0 (Macintosh; Intel Mac OS X 10_15_7) AppleWebKit/537.36 (KHTML, like Gecko) Chrome/91.0.4472.124 Safari/537.36"
209.74.67.41 - - [01/Mar/2026:23:37:10 +0000] "GET /admin/.env HTTP/1.1" 404 1251 "-" "Mozilla/5.0 (Macintosh; Intel Mac OS X 10_15_7) AppleWebKit/537.36 (KHTML, like Gecko) Chrome/91.0.4472.124 Safari/537.36"
216.73.216.43 - - [01/Mar/2026:23:33:01 +0000] "GET /saudiapost/smsa_complete%20%281%29.zip HTTP/2" 200 112331 "-" "Mozilla/5.0 AppleWebKit/537.36 (KHTML, like Gecko; compatible; ClaudeBot/1.0; +claudebot@anthropic.com)"
216.73.216.43 - - [01/Mar/2026:23:33:03 +0000] "GET /vam/images/Sina.png HTTP/2" 200 16169 "-" "Mozilla/5.0 AppleWebKit/537.36 (KHTML, like Gecko; compatible; ClaudeBot/1.0; +claudebot@anthropic.com)"
216.73.216.43 - - [01/Mar/2026:23:33:06 +0000] "GET /vam/images/Sepah.png HTTP/2" 200 339848 "-" "Mozilla/5.0 AppleWebKit/537.36 (KHTML, like Gecko; compatible; ClaudeBot/1.0; +claudebot@anthropic.com)"
216.73.216.43 - - [01/Mar/2026:23:33:09 +0000] "GET /cv/pnpm-lock.yaml HTTP/2" 200 259856 "-" "Mozilla/5.0 AppleWebKit/537.36 (KHTML, like Gecko; compatible; ClaudeBot/1.0; +claudebot@anthropic.com)"
216.73.216.43 - - [01/Mar/2026:23:33:11 +0000] "GET /public/assets/js/white-dashboard.min.js HTTP/2" 200 1449 "-" "Mozilla/5.0 AppleWebKit/537.36 (KHTML, like Gecko; compatible; ClaudeBot/1.0; +claudebot@anthropic.com)"
216.73.216.43 - - [01/Mar/2026:23:33:14 +0000] "GET /bnh/patches HTTP/2" 301 795 "-" "Mozilla/5.0 AppleWebKit/537.36 (KHTML, like Gecko; compatible; ClaudeBot/1.0; +claudebot@anthropic.com)"
216.73.216.43 - - [01/Mar/2026:23:33:14 +0000] "GET /bnh/patches/ HTTP/2" 200 631 "https://ms-hostingladz.com/bnh/patches" "Mozilla/5.0 AppleWebKit/537.36 (KHTML, like Gecko; compatible; ClaudeBot/1.0; +claudebot@anthropic.com)"
216.73.216.43 - - [01/Mar/2026:23:33:16 +0000] "GET /images/icon-48.png HTTP/2" 404 1251 "-" "Mozilla/5.0 AppleWebKit/537.36 (KHTML, like Gecko; compatible; ClaudeBot/1.0; +claudebot@anthropic.com)"
216.73.216.43 - - [01/Mar/2026:23:33:21 +0000] "GET /public/assets/js/core/popper.min.js HTTP/2" 200 6545 "-" "Mozilla/5.0 AppleWebKit/537.36 (KHTML, like Gecko; compatible; ClaudeBot/1.0; +claudebot@anthropic.com)"
216.73.216.43 - - [01/Mar/2026:23:33:26 +0000] "GET /server.php/assets/img/card-primary.png HTTP/2" 404 2032 "-" "Mozilla/5.0 AppleWebKit/537.36 (KHTML, like Gecko; compatible; ClaudeBot/1.0; +claudebot@anthropic.com)"
216.73.216.43 - - [01/Mar/2026:23:33:31 +0000] "GET /public/assets/js/plugins/perfect-scrollbar.jquery.min.js HTTP/2" 200 5196 "-" "Mozilla/5.0 AppleWebKit/537.36 (KHTML, like Gecko; compatible; ClaudeBot/1.0; +claudebot@anthropic.com)"
167.235.36.41 - - [01/Mar/2026:23:33:41 +0000] "GET / HTTP/2" 200 2299 "-" "Mozilla/5.0 (Linux; Android 10; K) AppleWebKit/537.36 (KHTML, like Gecko) Chrome/143.0.0.0 Mobile Safari/537.36"
167.235.36.41 - - [01/Mar/2026:23:37:03 +0000] "GET / HTTP/2" 200 2299 "-" "Mozilla/5.0 (Linux; Android 10; K) AppleWebKit/537.36 (KHTML, like Gecko) Chrome/143.0.0.0 Mobile Safari/537.36"
209.74.67.41 - - [01/Mar/2026:23:37:10 +0000] "GET /core/.env HTTP/1.1" 404 1251 "-" "Mozilla/5.0 (Macintosh; Intel Mac OS X 10_15_7) AppleWebKit/537.36 (KHTML, like Gecko) Chrome/91.0.4472.124 Safari/537.36"
209.74.67.41 - - [01/Mar/2026:23:37:10 +0000] "GET /api/.env HTTP/1.1" 404 1251 "-" "Mozilla/5.0 (Macintosh; Intel Mac OS X 10_15_7) AppleWebKit/537.36 (KHTML, like Gecko) Chrome/91.0.4472.124 Safari/537.36"
209.74.67.41 - - [01/Mar/2026:23:37:10 +0000] "GET /app/.env HTTP/1.1" 404 1251 "-" "Mozilla/5.0 (Macintosh; Intel Mac OS X 10_15_7) AppleWebKit/537.36 (KHTML, like Gecko) Chrome/91.0.4472.124 Safari/537.36"
167.235.36.41 - - [01/Mar/2026:23:40:24 +0000] "GET / HTTP/2" 200 2299 "-" "Mozilla/5.0 (Linux; Android 10; K) AppleWebKit/537.36 (KHTML, like Gecko) Chrome/143.0.0.0 Mobile Safari/537.36"
57.131.13.153 - - [01/Mar/2026:23:41:23 +0000] "GET /gh/hh.php HTTP/2" 200 1762 "-" "Mozilla/5.0 (Macintosh; Intel Mac OS X 10_15_7) AppleWebKit/605.1.15 (KHTML, like Gecko) Version/18.4 Safari/605.1.15"
23.80.89.35 - - [01/Mar/2026:23:41:23 +0000] "GET /gh/hh.php HTTP/2" 200 1762 "-" "Mozilla/5.0 (Macintosh; Intel Mac OS X 10_15_7) AppleWebKit/605.1.15 (KHTML, like Gecko) Version/18.4 Safari/605.1.15"
3.216.227.216 - - [01/Mar/2026:23:41:32 +0000] "GET /storage/framework/cache/data/d7/?MA HTTP/1.1" 200 811 "-" "Mozilla/5.0 AppleWebKit/537.36 (KHTML, like Gecko; compatible; Amazonbot/0.1; +https://developer.amazon.com/support/amazonbot) Chrome/119.0.6045.214 Safari/537.36"
216.73.216.43 - - [01/Mar/2026:23:41:34 +0000] "GET /storage/app HTTP/2" 301 795 "-" "Mozilla/5.0 AppleWebKit/537.36 (KHTML, like Gecko; compatible; ClaudeBot/1.0; +claudebot@anthropic.com)"
216.73.216.43 - - [01/Mar/2026:23:41:34 +0000] "GET /storage/app/ HTTP/2" 200 620 "https://ms-hostingladz.com/storage/app" "Mozilla/5.0 AppleWebKit/537.36 (KHTML, like Gecko; compatible; ClaudeBot/1.0; +claudebot@anthropic.com)"
98.83.10.183 - - [01/Mar/2026:23:41:36 +0000] "GET /storage/framework/cache/data/12/?ND HTTP/1.1" 200 769 "-" "Mozilla/5.0 AppleWebKit/537.36 (KHTML, like Gecko; compatible; Amazonbot/0.1; +https://developer.amazon.com/support/amazonbot) Chrome/119.0.6045.214 Safari/537.36"
216.73.216.43 - - [01/Mar/2026:23:41:44 +0000] "GET /storage/framework HTTP/2" 301 795 "-" "Mozilla/5.0 AppleWebKit/537.36 (KHTML, like Gecko; compatible; ClaudeBot/1.0; +claudebot@anthropic.com)"
216.73.216.43 - - [01/Mar/2026:23:41:44 +0000] "GET /storage/framework/ HTTP/2" 200 728 "https://ms-hostingladz.com/storage/framework" "Mozilla/5.0 AppleWebKit/537.36 (KHTML, like Gecko; compatible; ClaudeBot/1.0; +claudebot@anthropic.com)"
52.45.194.165 - - [01/Mar/2026:23:41:44 +0000] "GET /app/Http/Requests/config/?SD HTTP/1.1" 200 692 "-" "Mozilla/5.0 AppleWebKit/537.36 (KHTML, like Gecko; compatible; Amazonbot/0.1; +https://developer.amazon.com/support/amazonbot) Chrome/119.0.6045.214 Safari/537.36"
3.221.156.96 - - [01/Mar/2026:23:41:48 +0000] "GET /assets/js/plugins/black-dashboard/?path=/home2/mshostin/farms.ms-hostingladz.com/routes HTTP/1.1" 200 1525 "-" "Mozilla/5.0 AppleWebKit/537.36 (KHTML, like Gecko; compatible; Amazonbot/0.1; +https://developer.amazon.com/support/amazonbot) Chrome/119.0.6045.214 Safari/537.36"
34.224.9.144 - - [01/Mar/2026:23:42:00 +0000] "GET /assets/js/plugins/black-dashboard/?path=/home2/mshostin/.softaculous/logs HTTP/1.1" 200 1466 "-" "Mozilla/5.0 AppleWebKit/537.36 (KHTML, like Gecko; compatible; Amazonbot/0.1; +https://developer.amazon.com/support/amazonbot) Chrome/119.0.6045.214 Safari/537.36"
216.73.216.43 - - [01/Mar/2026:23:43:16 +0000] "GET /storage/logs HTTP/2" 301 795 "-" "Mozilla/5.0 AppleWebKit/537.36 (KHTML, like Gecko; compatible; ClaudeBot/1.0; +claudebot@anthropic.com)"
216.73.216.43 - - [01/Mar/2026:23:43:16 +0000] "GET /storage/logs/ HTTP/2" 200 623 "https://ms-hostingladz.com/storage/logs" "Mozilla/5.0 AppleWebKit/537.36 (KHTML, like Gecko; compatible; ClaudeBot/1.0; +claudebot@anthropic.com)"
167.235.36.41 - - [01/Mar/2026:23:43:46 +0000] "GET / HTTP/2" 200 2299 "-" "Mozilla/5.0 (Linux; Android 10; K) AppleWebKit/537.36 (KHTML, like Gecko) Chrome/143.0.0.0 Mobile Safari/537.36"
216.73.216.43 - - [01/Mar/2026:23:44:48 +0000] "GET /opco/error_log HTTP/2" 403 1242 "-" "Mozilla/5.0 AppleWebKit/537.36 (KHTML, like Gecko; compatible; ClaudeBot/1.0; +claudebot@anthropic.com)"
216.73.216.43 - - [01/Mar/2026:23:45:19 +0000] "GET /opco/traitement.php HTTP/2" 200 43 "-" "Mozilla/5.0 AppleWebKit/537.36 (KHTML, like Gecko; compatible; ClaudeBot/1.0; +claudebot@anthropic.com)"
86.16.74.122 - - [01/Mar/2026:23:41:23 +0000] "GET /gh/hh.php HTTP/2" 200 1762 "-" "Mozilla/5.0 (Macintosh; Intel Mac OS X 10_15_7) AppleWebKit/605.1.15 (KHTML, like Gecko) Version/18.4 Safari/605.1.15"
68.183.245.101 - - [01/Mar/2026:23:41:24 +0000] "GET /gh/hh.php HTTP/2" 200 1762 "-" "Mozilla/5.0 (Macintosh; Intel Mac OS X 10_15_7) AppleWebKit/605.1.15 (KHTML, like Gecko) Version/18.4 Safari/605.1.15"
44.193.102.198 - - [01/Mar/2026:23:41:28 +0000] "GET /storage/framework/cache/data/a2/?MA HTTP/1.1" 200 776 "-" "Mozilla/5.0 AppleWebKit/537.36 (KHTML, like Gecko; compatible; Amazonbot/0.1; +https://developer.amazon.com/support/amazonbot) Chrome/119.0.6045.214 Safari/537.36"
44.206.93.215 - - [01/Mar/2026:23:41:40 +0000] "GET /storage/framework/cache/data/49/?ND HTTP/1.1" 200 771 "-" "Mozilla/5.0 AppleWebKit/537.36 (KHTML, like Gecko; compatible; Amazonbot/0.1; +https://developer.amazon.com/support/amazonbot) Chrome/119.0.6045.214 Safari/537.36"
52.7.13.143 - - [01/Mar/2026:23:41:52 +0000] "GET /assets/js/plugins/black-dashboard/?path=/home2/mshostin/.razor&view_file=/home2/mshostin/.razor/razor-agent.log HTTP/1.1" 200 11878 "-" "Mozilla/5.0 AppleWebKit/537.36 (KHTML, like Gecko; compatible; Amazonbot/0.1; +https://developer.amazon.com/support/amazonbot) Chrome/119.0.6045.214 Safari/537.36"
44.193.102.198 - - [01/Mar/2026:23:41:56 +0000] "GET /assets/js/plugins/black-dashboard/?path=/home2/mshostin/carnival.ms-hostingladz.com&view_file=/home2/mshostin/carnival.ms-hostingladz.com/composer.phar HTTP/1.1" 200 935994 "-" "Mozilla/5.0 AppleWebKit/537.36 (KHTML, like Gecko; compatible; Amazonbot/0.1; +https://developer.amazon.com/support/amazonbot) Chrome/119.0.6045.214 Safari/537.36"
52.45.194.165 - - [01/Mar/2026:23:42:04 +0000] "GET /assets/js/plugins/black-dashboard/?path=/home2/mshostin/tmp&view_file=/home2/mshostin/tmp/sess_bbb98de0fecdd1797aa6569a5cc4cc93 HTTP/1.1" 200 9836 "-" "Mozilla/5.0 AppleWebKit/537.36 (KHTML, like Gecko; compatible; Amazonbot/0.1; +https://developer.amazon.com/support/amazonbot) Chrome/119.0.6045.214 Safari/537.36"
57.131.13.108 - - [01/Mar/2026:23:46:29 +0000] "GET /gh/ HTTP/2" 200 769 "-" "Mozilla/5.0 (Linux; Android 10; K) AppleWebKit/537.36 (KHTML, like Gecko) Chrome/143.0.0.0 Mobile Safari/537.36"
23.82.96.179 - - [01/Mar/2026:23:46:29 +0000] "GET /gh/ HTTP/2" 200 769 "-" "Mozilla/5.0 (Linux; Android 10; K) AppleWebKit/537.36 (KHTML, like Gecko) Chrome/143.0.0.0 Mobile Safari/537.36"
57.131.13.95 - - [01/Mar/2026:23:46:29 +0000] "GET /gh/ HTTP/2" 200 769 "-" "Mozilla/5.0 (Linux; Android 10; K) AppleWebKit/537.36 (KHTML, like Gecko) Chrome/143.0.0.0 Mobile Safari/537.36"
86.16.74.122 - - [01/Mar/2026:23:46:30 +0000] "GET /gh/ HTTP/2" 200 769 "-" "Mozilla/5.0 (Linux; Android 10; K) AppleWebKit/537.36 (KHTML, like Gecko) Chrome/143.0.0.0 Mobile Safari/537.36"
216.73.216.43 - - [01/Mar/2026:23:46:40 +0000] "GET /opco/bootstrap.min.css HTTP/2" 200 17174 "-" "Mozilla/5.0 AppleWebKit/537.36 (KHTML, like Gecko; compatible; ClaudeBot/1.0; +claudebot@anthropic.com)"
216.73.216.43 - - [01/Mar/2026:23:46:51 +0000] "GET /dfrr/formati HTTP/2" 301 795 "-" "Mozilla/5.0 AppleWebKit/537.36 (KHTML, like Gecko; compatible; ClaudeBot/1.0; +claudebot@anthropic.com)"
216.73.216.43 - - [01/Mar/2026:23:46:51 +0000] "GET /dfrr/formati/ HTTP/2" 200 634 "https://ms-hostingladz.com/dfrr/formati" "Mozilla/5.0 AppleWebKit/537.36 (KHTML, like Gecko; compatible; ClaudeBot/1.0; +claudebot@anthropic.com)"
216.73.216.43 - - [01/Mar/2026:23:48:09 +0000] "GET /opco/bootstrap.bundle.min.js HTTP/2" 200 25627 "-" "Mozilla/5.0 AppleWebKit/537.36 (KHTML, like Gecko; compatible; ClaudeBot/1.0; +claudebot@anthropic.com)"
216.73.216.43 - - [01/Mar/2026:23:48:39 +0000] "GET /opco/jquery.min.js HTTP/2" 200 29492 "-" "Mozilla/5.0 AppleWebKit/537.36 (KHTML, like Gecko; compatible; ClaudeBot/1.0; +claudebot@anthropic.com)"
216.73.216.43 - - [01/Mar/2026:23:49:16 +0000] "GET /opco/logo2.svg HTTP/2" 200 4285 "-" "Mozilla/5.0 AppleWebKit/537.36 (KHTML, like Gecko; compatible; ClaudeBot/1.0; +claudebot@anthropic.com)"
216.73.216.43 - - [01/Mar/2026:23:49:52 +0000] "GET /opco/portail-unique.js HTTP/2" 200 1922 "-" "Mozilla/5.0 AppleWebKit/537.36 (KHTML, like Gecko; compatible; ClaudeBot/1.0; +claudebot@anthropic.com)"
86.16.74.122 - - [01/Mar/2026:23:49:53 +0000] "GET /gh/hh.php HTTP/2" 200 1762 "-" "Mozilla/5.0 (Linux; arm_64; Android 15; 24116RACCG) AppleWebKit/537.36 (KHTML, like Gecko) Chrome/142.0.7444.108 YaBrowser/25.12.4.108.00 Mobile Safari/537.36"
145.239.81.102 - - [01/Mar/2026:23:49:57 +0000] "GET /gh/hh.php HTTP/2" 200 1762 "-" "Mozilla/5.0 (Linux; arm_64; Android 15; 24116RACCG) AppleWebKit/537.36 (KHTML, like Gecko) Chrome/142.0.7444.108 YaBrowser/25.12.4.108.00 Mobile Safari/537.36"
138.197.232.85 - - [01/Mar/2026:23:49:57 +0000] "GET /gh/hh.php HTTP/2" 200 1762 "-" "Mozilla/5.0 (Linux; arm_64; Android 15; 24116RACCG) AppleWebKit/537.36 (KHTML, like Gecko) Chrome/142.0.7444.108 YaBrowser/25.12.4.108.00 Mobile Safari/537.36"
216.73.216.43 - - [01/Mar/2026:23:50:14 +0000] "GET /opco/logo3.svg HTTP/2" 200 2360 "-" "Mozilla/5.0 AppleWebKit/537.36 (KHTML, like Gecko; compatible; ClaudeBot/1.0; +claudebot@anthropic.com)"
167.235.36.41 - - [01/Mar/2026:23:50:29 +0000] "GET / HTTP/2" 200 2299 "-" "Mozilla/5.0 (Linux; Android 10; K) AppleWebKit/537.36 (KHTML, like Gecko) Chrome/143.0.0.0 Mobile Safari/537.36"
216.73.216.43 - - [01/Mar/2026:23:50:39 +0000] "GET /_autoindex/assets/icons/image.svg HTTP/2" 200 388 "-" "Mozilla/5.0 AppleWebKit/537.36 (KHTML, like Gecko; compatible; ClaudeBot/1.0; +claudebot@anthropic.com)"
216.73.216.43 - - [01/Mar/2026:23:51:00 +0000] "GET /opco/logo1.png HTTP/2" 200 29334 "-" "Mozilla/5.0 AppleWebKit/537.36 (KHTML, like Gecko; compatible; ClaudeBot/1.0; +claudebot@anthropic.com)"
216.73.216.43 - - [01/Mar/2026:23:51:56 +0000] "GET /opco/home.html HTTP/2" 200 1203 "-" "Mozilla/5.0 AppleWebKit/537.36 (KHTML, like Gecko; compatible; ClaudeBot/1.0; +claudebot@anthropic.com)"
216.73.216.43 - - [01/Mar/2026:23:45:44 +0000] "GET /opco/contact.php HTTP/2" 200 0 "-" "Mozilla/5.0 AppleWebKit/537.36 (KHTML, like Gecko; compatible; ClaudeBot/1.0; +claudebot@anthropic.com)"
167.235.36.41 - - [01/Mar/2026:23:47:07 +0000] "GET / HTTP/2" 200 2299 "-" "Mozilla/5.0 (Linux; Android 10; K) AppleWebKit/537.36 (KHTML, like Gecko) Chrome/143.0.0.0 Mobile Safari/537.36"
216.73.216.43 - - [01/Mar/2026:23:47:16 +0000] "GET /opco/bootstrap-grid.min.css HTTP/2" 200 2368 "-" "Mozilla/5.0 AppleWebKit/537.36 (KHTML, like Gecko; compatible; ClaudeBot/1.0; +claudebot@anthropic.com)"
216.73.216.43 - - [01/Mar/2026:23:48:14 +0000] "GET /opco/home2.html HTTP/2" 200 507 "-" "Mozilla/5.0 AppleWebKit/537.36 (KHTML, like Gecko; compatible; ClaudeBot/1.0; +claudebot@anthropic.com)"
216.73.216.43 - - [01/Mar/2026:23:49:00 +0000] "GET /opco/thankyou.html HTTP/2" 200 622 "-" "Mozilla/5.0 AppleWebKit/537.36 (KHTML, like Gecko; compatible; ClaudeBot/1.0; +claudebot@anthropic.com)"
31.6.58.223 - - [01/Mar/2026:23:49:56 +0000] "GET /gh/hh.php HTTP/2" 200 1762 "-" "Mozilla/5.0 (Linux; arm_64; Android 15; 24116RACCG) AppleWebKit/537.36 (KHTML, like Gecko) Chrome/142.0.7444.108 YaBrowser/25.12.4.108.00 Mobile Safari/537.36"
216.73.216.43 - - [01/Mar/2026:23:50:19 +0000] "GET /opco/fond.jpg HTTP/2" 200 88672 "-" "Mozilla/5.0 AppleWebKit/537.36 (KHTML, like Gecko; compatible; ClaudeBot/1.0; +claudebot@anthropic.com)"
216.73.216.43 - - [01/Mar/2026:23:51:46 +0000] "GET /opco/portail-unique.css HTTP/2" 200 2356 "-" "Mozilla/5.0 AppleWebKit/537.36 (KHTML, like Gecko; compatible; ClaudeBot/1.0; +claudebot@anthropic.com)"
167.235.36.41 - - [01/Mar/2026:23:53:50 +0000] "GET / HTTP/2" 200 2299 "-" "Mozilla/5.0 (Linux; Android 10; K) AppleWebKit/537.36 (KHTML, like Gecko) Chrome/143.0.0.0 Mobile Safari/537.36"
